{"id":19700,"date":"2026-01-28T10:49:49","date_gmt":"2026-01-28T09:49:49","guid":{"rendered":"https:\/\/denhelder.online\/evenement\/vallei-trailrun-2026\/"},"modified":"2026-08-24T23:03:12","modified_gmt":"2026-08-24T21:03:12","slug":"valley-trail-run-2026","status":"publish","type":"evenement","link":"https:\/\/denhelder.online\/de\/evenement\/vallei-trailrun-2026\/","title":{"rendered":"Helderse Valley Trail Run 2026"},"content":{"rendered":"<p><strong>Die Umgebung genie\u00dfen<\/strong><\/p>\n<p><span>Dieses Jahr findet der Trailrun zum sechsten Mal statt und ist Ineke Smit gewidmet, die diesen Trail mitbegr\u00fcndet hat. Trailrunning auf m\u00f6glichst unbefestigten Wegen erfreut sich immer gr\u00f6\u00dferer Beliebtheit. Bei diesem Lauf steht das Genie\u00dfen der Umgebung im Vordergrund, weniger die Geschwindigkeit. Daher gibt es weder Zeitmessung noch Anmeldung. Unterwegs befinden sich Verpflegungsstationen mit Wasser und Obst.<\/span><\/p>\n<p><strong>Entfernungen und Startzeiten<\/strong><\/p>\n<p><span>Senioren k\u00f6nnen zwischen vier Streckenl\u00e4ngen w\u00e4hlen. Die 22- und 27-Kilometer-Strecken starten um 10:00 Uhr. Die Teilnahmegeb\u00fchr betr\u00e4gt 10 \u20ac. Die 17,9-Kilometer-Strecke startet um 10:30 Uhr und kostet 7,50 \u20ac. Die 8,5-Kilometer-Strecke startet um 11:00 Uhr und kostet 5 \u20ac.<\/span><\/p>\n<p><span>Kinder im Alter von 12 Jahren und j\u00fcnger laufen um 10:45 Uhr kostenlos eine Strecke von 1,5 Kilometern.<\/span><\/p>\n<p><span>Alle Routen beginnen am Freilichttheater des Helderse Valley.<\/span><\/p>\n<p><strong>Zur Anmeldung<\/strong><\/p>\n<p><span>Sie k\u00f6nnen sich vorab \u00fcber inschrijven.nl oder am Wettkampftag im Besucherzentrum Helderse Vallei anmelden. Der Anmeldeschalter \u00f6ffnet um 9:30 Uhr.<\/span><\/p>\n<p><strong>Unterst\u00fctzung f\u00fcr PAX<\/strong><\/p>\n<p><span>F\u00fcr diesen Lauf kooperiert SV Noordkop mit der Peace Movement Foundation PAX Netherlands. Die Organisation setzt sich f\u00fcr den Schutz der Zivilbev\u00f6lkerung vor Kriegsgewalt, die Beendigung bewaffneter Konflikte und den Aufbau eines inklusiven Friedens ein. W\u00e4hrend des Trailruns wird eine Spendenbox f\u00fcr PAX aufgestellt.<\/span><\/p>","protected":false},"excerpt":{"rendered":"<p>Op zaterdag 19 september organiseert SV Noordkop Atletiek de Helderse Vallei Trailrun &#8211; Ineke Smit Memorial Trail. <\/p>","protected":false},"featured_media":0,"template":"","meta":{"patterndates-bp":null,"singledates-bp":[{"date-timestamp-repeaters":1789776000}],"footnotes":""},"categories":[6369],"tags":[6364,6230],"doelgroep":[],"class_list":["post-19700","evenement","type-evenement","status-publish","hentry","category-sport","tag-den-helder","tag-outdoor","marker-toonopdenhelder","marker-toonopvisitkopvanholland"],"yoast_head":"<!-- This site is optimized with the Yoast SEO Premium plugin v24.7 (Yoast SEO v28.3) - https:\/\/yoast.com\/product\/yoast-seo-premium-wordpress\/ -->\n<title>Helderse Vallei Trailrun 2026 - Den Helder Online<\/title>\n<meta name=\"robots\" content=\"index, follow, max-snippet:-1, max-image-preview:large, max-video-preview:-1\" \/>\n<link rel=\"canonical\" href=\"https:\/\/denhelder.online\/de\/ereignis\/valley-trail-run-2026\/\" \/>\n<meta property=\"og:locale\" content=\"de_DE\" \/>\n<meta property=\"og:type\" content=\"article\" \/>\n<meta property=\"og:title\" content=\"Helderse Vallei Trailrun 2026\" \/>\n<meta property=\"og:description\" content=\"Op zaterdag 19 september organiseert SV Noordkop Atletiek de Helderse Vallei Trailrun - Ineke Smit Memorial Trail.\" \/>\n<meta property=\"og:url\" content=\"https:\/\/denhelder.online\/de\/ereignis\/valley-trail-run-2026\/\" \/>\n<meta property=\"og:site_name\" content=\"Den Helder Online\" \/>\n<meta property=\"article:modified_time\" content=\"2026-08-24T21:03:12+00:00\" \/>\n<meta name=\"twitter:card\" content=\"summary_large_image\" \/>\n<meta name=\"twitter:label1\" content=\"Gesch\u00e4tzte Lesezeit\" \/>\n\t<meta name=\"twitter:data1\" content=\"1\u00a0Minute\" \/>\n<script type=\"application\/ld+json\" class=\"yoast-schema-graph\">{\"@context\":\"https:\\\/\\\/schema.org\",\"@graph\":[{\"@type\":\"WebPage\",\"@id\":\"https:\\\/\\\/denhelder.online\\\/evenement\\\/vallei-trailrun-2026\\\/\",\"url\":\"https:\\\/\\\/denhelder.online\\\/evenement\\\/vallei-trailrun-2026\\\/\",\"name\":\"Helderse Vallei Trailrun 2026 - Den Helder Online\",\"isPartOf\":{\"@id\":\"https:\\\/\\\/denhelder.online\\\/#website\"},\"datePublished\":\"2026-01-28T09:49:49+00:00\",\"dateModified\":\"2026-08-24T21:03:12+00:00\",\"breadcrumb\":{\"@id\":\"https:\\\/\\\/denhelder.online\\\/evenement\\\/vallei-trailrun-2026\\\/#breadcrumb\"},\"inLanguage\":\"de\",\"potentialAction\":[{\"@type\":\"ReadAction\",\"target\":[\"https:\\\/\\\/denhelder.online\\\/evenement\\\/vallei-trailrun-2026\\\/\"]}]},{\"@type\":\"BreadcrumbList\",\"@id\":\"https:\\\/\\\/denhelder.online\\\/evenement\\\/vallei-trailrun-2026\\\/#breadcrumb\",\"itemListElement\":[{\"@type\":\"ListItem\",\"position\":1,\"name\":\"Home\",\"item\":\"https:\\\/\\\/denhelder.online\\\/\"},{\"@type\":\"ListItem\",\"position\":2,\"name\":\"Evenementen\",\"item\":\"https:\\\/\\\/denhelder.online\\\/en\\\/event-2\\\/\"},{\"@type\":\"ListItem\",\"position\":3,\"name\":\"Helderse Vallei Trailrun 2026\"}]},{\"@type\":\"WebSite\",\"@id\":\"https:\\\/\\\/denhelder.online\\\/#website\",\"url\":\"https:\\\/\\\/denhelder.online\\\/\",\"name\":\"Den Helder Online\",\"description\":\"Beleef Den Helder\",\"publisher\":{\"@id\":\"https:\\\/\\\/denhelder.online\\\/#organization\"},\"potentialAction\":[{\"@type\":\"SearchAction\",\"target\":{\"@type\":\"EntryPoint\",\"urlTemplate\":\"https:\\\/\\\/denhelder.online\\\/?s={search_term_string}\"},\"query-input\":{\"@type\":\"PropertyValueSpecification\",\"valueRequired\":true,\"valueName\":\"search_term_string\"}}],\"inLanguage\":\"de\"},{\"@type\":\"Organization\",\"@id\":\"https:\\\/\\\/denhelder.online\\\/#organization\",\"name\":\"Den Helder Online\",\"url\":\"https:\\\/\\\/denhelder.online\\\/\",\"logo\":{\"@type\":\"ImageObject\",\"inLanguage\":\"de\",\"@id\":\"https:\\\/\\\/denhelder.online\\\/#\\\/schema\\\/logo\\\/image\\\/\",\"url\":\"https:\\\/\\\/denhelder.online\\\/wp-content\\\/uploads\\\/2021\\\/12\\\/DitIsDH-Logo-26-tagline.svg\",\"contentUrl\":\"https:\\\/\\\/denhelder.online\\\/wp-content\\\/uploads\\\/2021\\\/12\\\/DitIsDH-Logo-26-tagline.svg\",\"width\":1717.1,\"height\":934.9,\"caption\":\"Den Helder Online\"},\"image\":{\"@id\":\"https:\\\/\\\/denhelder.online\\\/#\\\/schema\\\/logo\\\/image\\\/\"}}]}<\/script>\n<!-- \/ Yoast SEO Premium plugin. -->","yoast_head_json":{"title":"Helderse Valley Trail Run 2026 - Den Helder Online","robots":{"index":"index","follow":"follow","max-snippet":"max-snippet:-1","max-image-preview":"max-image-preview:large","max-video-preview":"max-video-preview:-1"},"canonical":"https:\/\/denhelder.online\/de\/ereignis\/valley-trail-run-2026\/","og_locale":"de_DE","og_type":"article","og_title":"Helderse Vallei Trailrun 2026","og_description":"Op zaterdag 19 september organiseert SV Noordkop Atletiek de Helderse Vallei Trailrun - Ineke Smit Memorial Trail.","og_url":"https:\/\/denhelder.online\/de\/ereignis\/valley-trail-run-2026\/","og_site_name":"Den Helder Online","article_modified_time":"2026-08-24T21:03:12+00:00","twitter_card":"summary_large_image","twitter_misc":{"Gesch\u00e4tzte Lesezeit":"1\u00a0Minute"},"schema":{"@context":"https:\/\/schema.org","@graph":[{"@type":"WebPage","@id":"https:\/\/denhelder.online\/evenement\/vallei-trailrun-2026\/","url":"https:\/\/denhelder.online\/evenement\/vallei-trailrun-2026\/","name":"Helderse Valley Trail Run 2026 - Den Helder Online","isPartOf":{"@id":"https:\/\/denhelder.online\/#website"},"datePublished":"2026-01-28T09:49:49+00:00","dateModified":"2026-08-24T21:03:12+00:00","breadcrumb":{"@id":"https:\/\/denhelder.online\/evenement\/vallei-trailrun-2026\/#breadcrumb"},"inLanguage":"de","potentialAction":[{"@type":"ReadAction","target":["https:\/\/denhelder.online\/evenement\/vallei-trailrun-2026\/"]}]},{"@type":"BreadcrumbList","@id":"https:\/\/denhelder.online\/evenement\/vallei-trailrun-2026\/#breadcrumb","itemListElement":[{"@type":"ListItem","position":1,"name":"Home","item":"https:\/\/denhelder.online\/"},{"@type":"ListItem","position":2,"name":"Evenementen","item":"https:\/\/denhelder.online\/en\/event-2\/"},{"@type":"ListItem","position":3,"name":"Helderse Vallei Trailrun 2026"}]},{"@type":"WebSite","@id":"https:\/\/denhelder.online\/#website","url":"https:\/\/denhelder.online\/","name":"Den Helder Online","description":"Erleben Sie Den Helder","publisher":{"@id":"https:\/\/denhelder.online\/#organization"},"potentialAction":[{"@type":"SearchAction","target":{"@type":"EntryPoint","urlTemplate":"https:\/\/denhelder.online\/?s={search_term_string}"},"query-input":{"@type":"PropertyValueSpecification","valueRequired":true,"valueName":"search_term_string"}}],"inLanguage":"de"},{"@type":"Organization","@id":"https:\/\/denhelder.online\/#organization","name":"Den Helder Online","url":"https:\/\/denhelder.online\/","logo":{"@type":"ImageObject","inLanguage":"de","@id":"https:\/\/denhelder.online\/#\/schema\/logo\/image\/","url":"https:\/\/denhelder.online\/wp-content\/uploads\/2021\/12\/DitIsDH-Logo-26-tagline.svg","contentUrl":"https:\/\/denhelder.online\/wp-content\/uploads\/2021\/12\/DitIsDH-Logo-26-tagline.svg","width":1717.1,"height":934.9,"caption":"Den Helder Online"},"image":{"@id":"https:\/\/denhelder.online\/#\/schema\/logo\/image\/"}}]}},"_links":{"self":[{"href":"https:\/\/denhelder.online\/de\/wp-json\/wp\/v2\/events\/19700","targetHints":{"allow":["GET"]}}],"collection":[{"href":"https:\/\/denhelder.online\/de\/wp-json\/wp\/v2\/events"}],"about":[{"href":"https:\/\/denhelder.online\/de\/wp-json\/wp\/v2\/types\/evenement"}],"version-history":[{"count":1,"href":"https:\/\/denhelder.online\/de\/wp-json\/wp\/v2\/events\/19700\/revisions"}],"predecessor-version":[{"id":25814,"href":"https:\/\/denhelder.online\/de\/wp-json\/wp\/v2\/events\/19700\/revisions\/25814"}],"wp:attachment":[{"href":"https:\/\/denhelder.online\/de\/wp-json\/wp\/v2\/media?parent=19700"}],"wp:term":[{"taxonomy":"category","embeddable":true,"href":"https:\/\/denhelder.online\/de\/wp-json\/wp\/v2\/categories?post=19700"},{"taxonomy":"post_tag","embeddable":true,"href":"https:\/\/denhelder.online\/de\/wp-json\/wp\/v2\/tags?post=19700"},{"taxonomy":"doelgroep","embeddable":true,"href":"https:\/\/denhelder.online\/de\/wp-json\/wp\/v2\/doelgroep?post=19700"}],"curies":[{"name":"wp","href":"https:\/\/api.w.org\/{rel}","templated":true}]}}

<p><strong>Die Umgebung genießen</strong></p>
<p><span>Dieses Jahr findet der Trailrun zum sechsten Mal statt und ist Ineke Smit gewidmet, die diesen Trail mitbegründet hat. Trailrunning auf möglichst unbefestigten Wegen erfreut sich immer größerer Beliebtheit. Bei diesem Lauf steht das Genießen der Umgebung im Vordergrund, weniger die Geschwindigkeit. Daher gibt es weder Zeitmessung noch Anmeldung. Unterwegs befinden sich Verpflegungsstationen mit Wasser und Obst.</span></p>
<p><strong>Entfernungen und Startzeiten</strong></p>
<p><span>Senioren können zwischen vier Streckenlängen wählen. Die 22- und 27-Kilometer-Strecken starten um 10:00 Uhr. Die Teilnahmegebühr beträgt 10 €. Die 17,9-Kilometer-Strecke startet um 10:30 Uhr und kostet 7,50 €. Die 8,5-Kilometer-Strecke startet um 11:00 Uhr und kostet 5 €.</span></p>
<p><span>Kinder im Alter von 12 Jahren und jünger laufen um 10:45 Uhr kostenlos eine Strecke von 1,5 Kilometern.</span></p>
<p><span>Alle Routen beginnen am Freilichttheater des Helderse Valley.</span></p>
<p><strong>Zur Anmeldung</strong></p>
<p><span>Sie können sich vorab über inschrijven.nl oder am Wettkampftag im Besucherzentrum Helderse Vallei anmelden. Der Anmeldeschalter öffnet um 9:30 Uhr.</span></p>
<p><strong>Unterstützung für PAX</strong></p>
<p><span>Für diesen Lauf kooperiert SV Noordkop mit der Peace Movement Foundation PAX Netherlands. Die Organisation setzt sich für den Schutz der Zivilbevölkerung vor Kriegsgewalt, die Beendigung bewaffneter Konflikte und den Aufbau eines inklusiven Friedens ein. Während des Trailruns wird eine Spendenbox für PAX aufgestellt.</span></p>

<!-- This site is optimized with the Yoast SEO Premium plugin v24.7 (Yoast SEO v28.3) - https://yoast.com/product/yoast-seo-premium-wordpress/ -->
<title>Helderse Vallei Trailrun 2026 - Den Helder Online</title>
<meta name="robots" content="index, follow, max-snippet:-1, max-image-preview:large, max-video-preview:-1" />
<link rel="canonical" href="https://denhelder.online/de/ereignis/valley-trail-run-2026/" />
<meta property="og:locale" content="de_DE" />
<meta property="og:type" content="article" />
<meta property="og:title" content="Helderse Vallei Trailrun 2026" />
<meta property="og:description" content="Op zaterdag 19 september organiseert SV Noordkop Atletiek de Helderse Vallei Trailrun - Ineke Smit Memorial Trail." />
<meta property="og:url" content="https://denhelder.online/de/ereignis/valley-trail-run-2026/" />
<meta property="og:site_name" content="Den Helder Online" />
<meta property="article:modified_time" content="2026-08-24T21:03:12+00:00" />
<meta name="twitter:card" content="summary_large_image" />
<meta name="twitter:label1" content="Geschätzte Lesezeit" />
	<meta name="twitter:data1" content="1 Minute" />
<script type="application/ld+json" class="yoast-schema-graph">{"@context":"https:\/\/schema.org","@graph":[{"@type":"WebPage","@id":"https:\/\/denhelder.online\/evenement\/vallei-trailrun-2026\/","url":"https:\/\/denhelder.online\/evenement\/vallei-trailrun-2026\/","name":"Helderse Vallei Trailrun 2026 - Den Helder Online","isPartOf":{"@id":"https:\/\/denhelder.online\/#website"},"datePublished":"2026-01-28T09:49:49+00:00","dateModified":"2026-08-24T21:03:12+00:00","breadcrumb":{"@id":"https:\/\/denhelder.online\/evenement\/vallei-trailrun-2026\/#breadcrumb"},"inLanguage":"de","potentialAction":[{"@type":"ReadAction","target":["https:\/\/denhelder.online\/evenement\/vallei-trailrun-2026\/"]}]},{"@type":"BreadcrumbList","@id":"https:\/\/denhelder.online\/evenement\/vallei-trailrun-2026\/#breadcrumb","itemListElement":[{"@type":"ListItem","position":1,"name":"Home","item":"https:\/\/denhelder.online\/"},{"@type":"ListItem","position":2,"name":"Evenementen","item":"https:\/\/denhelder.online\/en\/event-2\/"},{"@type":"ListItem","position":3,"name":"Helderse Vallei Trailrun 2026"}]},{"@type":"WebSite","@id":"https:\/\/denhelder.online\/#website","url":"https:\/\/denhelder.online\/","name":"Den Helder Online","description":"Beleef Den Helder","publisher":{"@id":"https:\/\/denhelder.online\/#organization"},"potentialAction":[{"@type":"SearchAction","target":{"@type":"EntryPoint","urlTemplate":"https:\/\/denhelder.online\/?s={search_term_string}"},"query-input":{"@type":"PropertyValueSpecification","valueRequired":true,"valueName":"search_term_string"}}],"inLanguage":"de"},{"@type":"Organization","@id":"https:\/\/denhelder.online\/#organization","name":"Den Helder Online","url":"https:\/\/denhelder.online\/","logo":{"@type":"ImageObject","inLanguage":"de","@id":"https:\/\/denhelder.online\/#\/schema\/logo\/image\/","url":"https:\/\/denhelder.online\/wp-content\/uploads\/2021\/12\/DitIsDH-Logo-26-tagline.svg","contentUrl":"https:\/\/denhelder.online\/wp-content\/uploads\/2021\/12\/DitIsDH-Logo-26-tagline.svg","width":1717.1,"height":934.9,"caption":"Den Helder Online"},"image":{"@id":"https:\/\/denhelder.online\/#\/schema\/logo\/image\/"}}]}</script>
<!-- / Yoast SEO Premium plugin. -->
