{"id":20952,"date":"2026-02-09T11:30:44","date_gmt":"2026-02-09T10:30:44","guid":{"rendered":"https:\/\/denhelder.online\/evenement\/nacht-van-de-nacht\/"},"modified":"2026-02-17T11:39:39","modified_gmt":"2026-02-17T10:39:39","slug":"nacht-der-nacht","status":"publish","type":"evenement","link":"https:\/\/denhelder.online\/de\/evenement\/nacht-van-de-nacht\/","title":{"rendered":"Nacht der Nacht"},"content":{"rendered":"<p>Die 22. Ausgabe der Nacht der Nacht findet am Samstag, den 24. Oktober 2026, statt. W\u00e4hrend dieser Veranstaltung werden im ganzen Land die Lichter ausgeschaltet. In Den Helder k\u00f6nnen Sie, sofern es das Wetter zul\u00e4sst, den Nachthimmel durch Teleskope bewundern.<\/p>\n<p><strong>Licht aus, Sterne an<\/strong><\/p>\n<p>In der Nacht der Nacht dreht sich alles um Dunkelheit. Weniger k\u00fcnstliches Licht bedeutet bessere Sicht auf Sterne, den Mond und vielleicht sogar die Milchstra\u00dfe. Mehrere Teleskope werden aufgestellt, und Guides geben Erkl\u00e4rungen.<\/p>\n<p><strong>Bewusstsein und Staunen<\/strong><\/p>\n<p>Diese landesweite Veranstaltung sensibilisiert f\u00fcr das Thema Lichtverschmutzung. Sie zeigt auch, wie sch\u00f6n die Nacht sein kann.<\/p>\n<p><strong>Weitere Informationen folgen.<\/strong><\/p>\n<p>Der genaue Veranstaltungsort und das Anmeldeverfahren werden Anfang Oktober bekannt gegeben. Merken Sie sich den Termin vor!<\/p>","protected":false},"excerpt":{"rendered":"<p>Am 24. Oktober kann man bei klarem Wetter die Sterne im Dunkeln beobachten.<\/p>","protected":false},"featured_media":0,"template":"","meta":{"patterndates-bp":null,"singledates-bp":[{"date-timestamp-repeaters":1792800000}],"footnotes":""},"categories":[6370],"tags":[1108,6227],"doelgroep":[],"class_list":["post-20952","evenement","type-evenement","status-publish","hentry","category-evenement","tag-julianadorp","tag-natuur","marker-toonopdenhelder"],"yoast_head":"<!-- This site is optimized with the Yoast SEO Premium plugin v24.7 (Yoast SEO v27.5) - https:\/\/yoast.com\/product\/yoast-seo-premium-wordpress\/ -->\n<title>Nacht van de Nacht - Den Helder Online<\/title>\n<meta name=\"robots\" content=\"index, follow, max-snippet:-1, max-image-preview:large, max-video-preview:-1\" \/>\n<link rel=\"canonical\" href=\"https:\/\/denhelder.online\/de\/ereignis\/nacht-der-nacht\/\" \/>\n<meta property=\"og:locale\" content=\"de_DE\" \/>\n<meta property=\"og:type\" content=\"article\" \/>\n<meta property=\"og:title\" content=\"Nacht van de Nacht\" \/>\n<meta property=\"og:description\" content=\"Op 24 oktober kijk je bij helder weer naar de sterren in het donker\" \/>\n<meta property=\"og:url\" content=\"https:\/\/denhelder.online\/de\/ereignis\/nacht-der-nacht\/\" \/>\n<meta property=\"og:site_name\" content=\"Den Helder Online\" \/>\n<meta property=\"article:modified_time\" content=\"2026-02-17T10:39:39+00:00\" \/>\n<meta name=\"twitter:card\" content=\"summary_large_image\" \/>\n<meta name=\"twitter:label1\" content=\"Gesch\u00e4tzte Lesezeit\" \/>\n\t<meta name=\"twitter:data1\" content=\"1\u00a0Minute\" \/>\n<script type=\"application\/ld+json\" class=\"yoast-schema-graph\">{\"@context\":\"https:\\\/\\\/schema.org\",\"@graph\":[{\"@type\":\"WebPage\",\"@id\":\"https:\\\/\\\/denhelder.online\\\/evenement\\\/nacht-van-de-nacht\\\/\",\"url\":\"https:\\\/\\\/denhelder.online\\\/evenement\\\/nacht-van-de-nacht\\\/\",\"name\":\"Nacht van de Nacht - Den Helder Online\",\"isPartOf\":{\"@id\":\"https:\\\/\\\/denhelder.online\\\/#website\"},\"datePublished\":\"2026-02-09T10:30:44+00:00\",\"dateModified\":\"2026-02-17T10:39:39+00:00\",\"breadcrumb\":{\"@id\":\"https:\\\/\\\/denhelder.online\\\/evenement\\\/nacht-van-de-nacht\\\/#breadcrumb\"},\"inLanguage\":\"de\",\"potentialAction\":[{\"@type\":\"ReadAction\",\"target\":[\"https:\\\/\\\/denhelder.online\\\/evenement\\\/nacht-van-de-nacht\\\/\"]}]},{\"@type\":\"BreadcrumbList\",\"@id\":\"https:\\\/\\\/denhelder.online\\\/evenement\\\/nacht-van-de-nacht\\\/#breadcrumb\",\"itemListElement\":[{\"@type\":\"ListItem\",\"position\":1,\"name\":\"Home\",\"item\":\"https:\\\/\\\/denhelder.online\\\/\"},{\"@type\":\"ListItem\",\"position\":2,\"name\":\"Evenementen\",\"item\":\"https:\\\/\\\/denhelder.online\\\/en\\\/event-2\\\/\"},{\"@type\":\"ListItem\",\"position\":3,\"name\":\"Nacht van de Nacht\"}]},{\"@type\":\"WebSite\",\"@id\":\"https:\\\/\\\/denhelder.online\\\/#website\",\"url\":\"https:\\\/\\\/denhelder.online\\\/\",\"name\":\"Den Helder Online\",\"description\":\"Beleef Den Helder\",\"publisher\":{\"@id\":\"https:\\\/\\\/denhelder.online\\\/#organization\"},\"potentialAction\":[{\"@type\":\"SearchAction\",\"target\":{\"@type\":\"EntryPoint\",\"urlTemplate\":\"https:\\\/\\\/denhelder.online\\\/?s={search_term_string}\"},\"query-input\":{\"@type\":\"PropertyValueSpecification\",\"valueRequired\":true,\"valueName\":\"search_term_string\"}}],\"inLanguage\":\"de\"},{\"@type\":\"Organization\",\"@id\":\"https:\\\/\\\/denhelder.online\\\/#organization\",\"name\":\"Den Helder Online\",\"url\":\"https:\\\/\\\/denhelder.online\\\/\",\"logo\":{\"@type\":\"ImageObject\",\"inLanguage\":\"de\",\"@id\":\"https:\\\/\\\/denhelder.online\\\/#\\\/schema\\\/logo\\\/image\\\/\",\"url\":\"https:\\\/\\\/denhelder.online\\\/wp-content\\\/uploads\\\/2021\\\/12\\\/DitIsDH-Logo-26-tagline.svg\",\"contentUrl\":\"https:\\\/\\\/denhelder.online\\\/wp-content\\\/uploads\\\/2021\\\/12\\\/DitIsDH-Logo-26-tagline.svg\",\"width\":1717.0999999999999,\"height\":934.89999999999998,\"caption\":\"Den Helder Online\"},\"image\":{\"@id\":\"https:\\\/\\\/denhelder.online\\\/#\\\/schema\\\/logo\\\/image\\\/\"}}]}<\/script>\n<!-- \/ Yoast SEO Premium plugin. -->","yoast_head_json":{"title":"Night of the Night - Den Helder Online","robots":{"index":"index","follow":"follow","max-snippet":"max-snippet:-1","max-image-preview":"max-image-preview:large","max-video-preview":"max-video-preview:-1"},"canonical":"https:\/\/denhelder.online\/de\/ereignis\/nacht-der-nacht\/","og_locale":"de_DE","og_type":"article","og_title":"Nacht van de Nacht","og_description":"Op 24 oktober kijk je bij helder weer naar de sterren in het donker","og_url":"https:\/\/denhelder.online\/de\/ereignis\/nacht-der-nacht\/","og_site_name":"Den Helder Online","article_modified_time":"2026-02-17T10:39:39+00:00","twitter_card":"summary_large_image","twitter_misc":{"Gesch\u00e4tzte Lesezeit":"1\u00a0Minute"},"schema":{"@context":"https:\/\/schema.org","@graph":[{"@type":"WebPage","@id":"https:\/\/denhelder.online\/evenement\/nacht-van-de-nacht\/","url":"https:\/\/denhelder.online\/evenement\/nacht-van-de-nacht\/","name":"Night of the Night - Den Helder Online","isPartOf":{"@id":"https:\/\/denhelder.online\/#website"},"datePublished":"2026-02-09T10:30:44+00:00","dateModified":"2026-02-17T10:39:39+00:00","breadcrumb":{"@id":"https:\/\/denhelder.online\/evenement\/nacht-van-de-nacht\/#breadcrumb"},"inLanguage":"de","potentialAction":[{"@type":"ReadAction","target":["https:\/\/denhelder.online\/evenement\/nacht-van-de-nacht\/"]}]},{"@type":"BreadcrumbList","@id":"https:\/\/denhelder.online\/evenement\/nacht-van-de-nacht\/#breadcrumb","itemListElement":[{"@type":"ListItem","position":1,"name":"Home","item":"https:\/\/denhelder.online\/"},{"@type":"ListItem","position":2,"name":"Evenementen","item":"https:\/\/denhelder.online\/en\/event-2\/"},{"@type":"ListItem","position":3,"name":"Nacht van de Nacht"}]},{"@type":"WebSite","@id":"https:\/\/denhelder.online\/#website","url":"https:\/\/denhelder.online\/","name":"Den Helder Online","description":"Erleben Sie Den Helder","publisher":{"@id":"https:\/\/denhelder.online\/#organization"},"potentialAction":[{"@type":"SearchAction","target":{"@type":"EntryPoint","urlTemplate":"https:\/\/denhelder.online\/?s={search_term_string}"},"query-input":{"@type":"PropertyValueSpecification","valueRequired":true,"valueName":"search_term_string"}}],"inLanguage":"de"},{"@type":"Organization","@id":"https:\/\/denhelder.online\/#organization","name":"Den Helder Online","url":"https:\/\/denhelder.online\/","logo":{"@type":"ImageObject","inLanguage":"de","@id":"https:\/\/denhelder.online\/#\/schema\/logo\/image\/","url":"https:\/\/denhelder.online\/wp-content\/uploads\/2021\/12\/DitIsDH-Logo-26-tagline.svg","contentUrl":"https:\/\/denhelder.online\/wp-content\/uploads\/2021\/12\/DitIsDH-Logo-26-tagline.svg","width":1717.0999999999999,"height":934.89999999999998,"caption":"Den Helder Online"},"image":{"@id":"https:\/\/denhelder.online\/#\/schema\/logo\/image\/"}}]}},"_links":{"self":[{"href":"https:\/\/denhelder.online\/de\/wp-json\/wp\/v2\/events\/20952","targetHints":{"allow":["GET"]}}],"collection":[{"href":"https:\/\/denhelder.online\/de\/wp-json\/wp\/v2\/events"}],"about":[{"href":"https:\/\/denhelder.online\/de\/wp-json\/wp\/v2\/types\/evenement"}],"version-history":[{"count":0,"href":"https:\/\/denhelder.online\/de\/wp-json\/wp\/v2\/events\/20952\/revisions"}],"wp:attachment":[{"href":"https:\/\/denhelder.online\/de\/wp-json\/wp\/v2\/media?parent=20952"}],"wp:term":[{"taxonomy":"category","embeddable":true,"href":"https:\/\/denhelder.online\/de\/wp-json\/wp\/v2\/categories?post=20952"},{"taxonomy":"post_tag","embeddable":true,"href":"https:\/\/denhelder.online\/de\/wp-json\/wp\/v2\/tags?post=20952"},{"taxonomy":"doelgroep","embeddable":true,"href":"https:\/\/denhelder.online\/de\/wp-json\/wp\/v2\/doelgroep?post=20952"}],"curies":[{"name":"wp","href":"https:\/\/api.w.org\/{rel}","templated":true}]}}

<p>Die 22. Ausgabe der Nacht der Nacht findet am Samstag, den 24. Oktober 2026, statt. Während dieser Veranstaltung werden im ganzen Land die Lichter ausgeschaltet. In Den Helder können Sie, sofern es das Wetter zulässt, den Nachthimmel durch Teleskope bewundern.</p>
<p><strong>Licht aus, Sterne an</strong></p>
<p>In der Nacht der Nacht dreht sich alles um Dunkelheit. Weniger künstliches Licht bedeutet bessere Sicht auf Sterne, den Mond und vielleicht sogar die Milchstraße. Mehrere Teleskope werden aufgestellt, und Guides geben Erklärungen.</p>
<p><strong>Bewusstsein und Staunen</strong></p>
<p>Diese landesweite Veranstaltung sensibilisiert für das Thema Lichtverschmutzung. Sie zeigt auch, wie schön die Nacht sein kann.</p>
<p><strong>Weitere Informationen folgen.</strong></p>
<p>Der genaue Veranstaltungsort und das Anmeldeverfahren werden Anfang Oktober bekannt gegeben. Merken Sie sich den Termin vor!</p>

<!-- This site is optimized with the Yoast SEO Premium plugin v24.7 (Yoast SEO v27.5) - https://yoast.com/product/yoast-seo-premium-wordpress/ -->
<title>Nacht van de Nacht - Den Helder Online</title>
<meta name="robots" content="index, follow, max-snippet:-1, max-image-preview:large, max-video-preview:-1" />
<link rel="canonical" href="https://denhelder.online/de/ereignis/nacht-der-nacht/" />
<meta property="og:locale" content="de_DE" />
<meta property="og:type" content="article" />
<meta property="og:title" content="Nacht van de Nacht" />
<meta property="og:description" content="Op 24 oktober kijk je bij helder weer naar de sterren in het donker" />
<meta property="og:url" content="https://denhelder.online/de/ereignis/nacht-der-nacht/" />
<meta property="og:site_name" content="Den Helder Online" />
<meta property="article:modified_time" content="2026-02-17T10:39:39+00:00" />
<meta name="twitter:card" content="summary_large_image" />
<meta name="twitter:label1" content="Geschätzte Lesezeit" />
	<meta name="twitter:data1" content="1 Minute" />
<script type="application/ld+json" class="yoast-schema-graph">{"@context":"https:\/\/schema.org","@graph":[{"@type":"WebPage","@id":"https:\/\/denhelder.online\/evenement\/nacht-van-de-nacht\/","url":"https:\/\/denhelder.online\/evenement\/nacht-van-de-nacht\/","name":"Nacht van de Nacht - Den Helder Online","isPartOf":{"@id":"https:\/\/denhelder.online\/#website"},"datePublished":"2026-02-09T10:30:44+00:00","dateModified":"2026-02-17T10:39:39+00:00","breadcrumb":{"@id":"https:\/\/denhelder.online\/evenement\/nacht-van-de-nacht\/#breadcrumb"},"inLanguage":"de","potentialAction":[{"@type":"ReadAction","target":["https:\/\/denhelder.online\/evenement\/nacht-van-de-nacht\/"]}]},{"@type":"BreadcrumbList","@id":"https:\/\/denhelder.online\/evenement\/nacht-van-de-nacht\/#breadcrumb","itemListElement":[{"@type":"ListItem","position":1,"name":"Home","item":"https:\/\/denhelder.online\/"},{"@type":"ListItem","position":2,"name":"Evenementen","item":"https:\/\/denhelder.online\/en\/event-2\/"},{"@type":"ListItem","position":3,"name":"Nacht van de Nacht"}]},{"@type":"WebSite","@id":"https:\/\/denhelder.online\/#website","url":"https:\/\/denhelder.online\/","name":"Den Helder Online","description":"Beleef Den Helder","publisher":{"@id":"https:\/\/denhelder.online\/#organization"},"potentialAction":[{"@type":"SearchAction","target":{"@type":"EntryPoint","urlTemplate":"https:\/\/denhelder.online\/?s={search_term_string}"},"query-input":{"@type":"PropertyValueSpecification","valueRequired":true,"valueName":"search_term_string"}}],"inLanguage":"de"},{"@type":"Organization","@id":"https:\/\/denhelder.online\/#organization","name":"Den Helder Online","url":"https:\/\/denhelder.online\/","logo":{"@type":"ImageObject","inLanguage":"de","@id":"https:\/\/denhelder.online\/#\/schema\/logo\/image\/","url":"https:\/\/denhelder.online\/wp-content\/uploads\/2021\/12\/DitIsDH-Logo-26-tagline.svg","contentUrl":"https:\/\/denhelder.online\/wp-content\/uploads\/2021\/12\/DitIsDH-Logo-26-tagline.svg","width":1717.0999999999999,"height":934.89999999999998,"caption":"Den Helder Online"},"image":{"@id":"https:\/\/denhelder.online\/#\/schema\/logo\/image\/"}}]}</script>
<!-- / Yoast SEO Premium plugin. -->
