{"id":20961,"date":"2026-02-09T11:30:49","date_gmt":"2026-02-09T10:30:49","guid":{"rendered":"https:\/\/denhelder.online\/evenement\/oranjemarkt-mfc-boerderij-de-schooten\/"},"modified":"2026-03-18T12:05:18","modified_gmt":"2026-03-18T11:05:18","slug":"orangenmarkt-mfc-farm-de-schoten","status":"publish","type":"evenement","link":"https:\/\/denhelder.online\/de\/evenement\/oranjemarkt-mfc-boerderij-de-schooten\/","title":{"rendered":"Orangenmarkt MFC Farm de Schooten"},"content":{"rendered":"<p>Am Sonntag, dem 27. April, herrscht im Gemeindezentrum von Schooten Farm reges Treiben. Der allj\u00e4hrliche Orangenmarkt ist der perfekte Ausflug f\u00fcr Jung und Alt am Dreik\u00f6nigstag. Hier finden Sie Gebrauchtwaren, handgefertigte Produkte und ein abwechslungsreiches Unterhaltungsprogramm.<\/p>\n<p><strong>F\u00fcr jeden ist etwas dabei.<\/strong><\/p>\n<p>Der Markt ist voller St\u00e4nde von Privatpersonen und Hobbyk\u00fcnstlern. St\u00f6bern Sie durch Spielzeug, Kleidung, B\u00fccher und Antiquit\u00e4ten. Oder entdecken Sie ein einzigartiges St\u00fcck von einem lokalen Hersteller. Perfekt f\u00fcr alle, die Schn\u00e4ppchen und \u00dcberraschungen lieben.<\/p>\n<p><strong>Aktivit\u00e4ten f\u00fcr Kinder<\/strong><\/p>\n<p>Auch die Kleinsten werden ihren Spa\u00df haben. Es gibt lustige Kinderspiele, Musik und meistens auch Leckereien. Alles in entspannter Atmosph\u00e4re auf dem Bauernhof.<\/p>\n<p><strong>Kostenloser Zugang und leicht erreichbar<\/strong><\/p>\n<p>Der Oranjemarkt findet in der Mehrzweckhalle im Stadtteil De Schooten statt. Kommen Sie fr\u00fch, um die besten Schn\u00e4ppchen zu ergattern. Der Eintritt ist frei, Parkpl\u00e4tze stehen in der N\u00e4he zur Verf\u00fcgung.<\/p>","protected":false},"excerpt":{"rendered":"<p>Schlendern Sie am K\u00f6nigstag in De Schooten an St\u00e4nden und Aktivit\u00e4ten vorbei.<\/p>","protected":false},"featured_media":0,"template":"","meta":{"patterndates-bp":null,"singledates-bp":[{"date-timestamp-repeaters":1777248000}],"footnotes":""},"categories":[6366],"tags":[6364,6223,6225],"doelgroep":[],"class_list":["post-20961","evenement","type-evenement","status-publish","hentry","category-markt","tag-den-helder","tag-uitgaan","tag-winkelen","marker-toonopdenhelder","marker-toonopvisitkopvanholland"],"yoast_head":"<!-- This site is optimized with the Yoast SEO Premium plugin v24.7 (Yoast SEO v27.4) - https:\/\/yoast.com\/product\/yoast-seo-premium-wordpress\/ -->\n<title>Oranjemarkt MFC Boerderij de Schooten - Den Helder Online<\/title>\n<meta name=\"robots\" content=\"index, follow, max-snippet:-1, max-image-preview:large, max-video-preview:-1\" \/>\n<link rel=\"canonical\" href=\"https:\/\/denhelder.online\/de\/ereignis\/orangenmarkt-mfc-farm-de-schoten\/\" \/>\n<meta property=\"og:locale\" content=\"de_DE\" \/>\n<meta property=\"og:type\" content=\"article\" \/>\n<meta property=\"og:title\" content=\"Oranjemarkt MFC Boerderij de Schooten\" \/>\n<meta property=\"og:description\" content=\"Struin langs kramen en activiteiten tijdens Koningsdag in De Schooten\" \/>\n<meta property=\"og:url\" content=\"https:\/\/denhelder.online\/de\/ereignis\/orangenmarkt-mfc-farm-de-schoten\/\" \/>\n<meta property=\"og:site_name\" content=\"Den Helder Online\" \/>\n<meta property=\"article:modified_time\" content=\"2026-03-18T11:05:18+00:00\" \/>\n<meta name=\"twitter:card\" content=\"summary_large_image\" \/>\n<meta name=\"twitter:label1\" content=\"Gesch\u00e4tzte Lesezeit\" \/>\n\t<meta name=\"twitter:data1\" content=\"1\u00a0Minute\" \/>\n<script type=\"application\/ld+json\" class=\"yoast-schema-graph\">{\"@context\":\"https:\\\/\\\/schema.org\",\"@graph\":[{\"@type\":\"WebPage\",\"@id\":\"https:\\\/\\\/denhelder.online\\\/evenement\\\/oranjemarkt-mfc-boerderij-de-schooten\\\/\",\"url\":\"https:\\\/\\\/denhelder.online\\\/evenement\\\/oranjemarkt-mfc-boerderij-de-schooten\\\/\",\"name\":\"Oranjemarkt MFC Boerderij de Schooten - Den Helder Online\",\"isPartOf\":{\"@id\":\"https:\\\/\\\/denhelder.online\\\/#website\"},\"datePublished\":\"2026-02-09T10:30:49+00:00\",\"dateModified\":\"2026-03-18T11:05:18+00:00\",\"breadcrumb\":{\"@id\":\"https:\\\/\\\/denhelder.online\\\/evenement\\\/oranjemarkt-mfc-boerderij-de-schooten\\\/#breadcrumb\"},\"inLanguage\":\"de\",\"potentialAction\":[{\"@type\":\"ReadAction\",\"target\":[\"https:\\\/\\\/denhelder.online\\\/evenement\\\/oranjemarkt-mfc-boerderij-de-schooten\\\/\"]}]},{\"@type\":\"BreadcrumbList\",\"@id\":\"https:\\\/\\\/denhelder.online\\\/evenement\\\/oranjemarkt-mfc-boerderij-de-schooten\\\/#breadcrumb\",\"itemListElement\":[{\"@type\":\"ListItem\",\"position\":1,\"name\":\"Home\",\"item\":\"https:\\\/\\\/denhelder.online\\\/\"},{\"@type\":\"ListItem\",\"position\":2,\"name\":\"Evenementen\",\"item\":\"https:\\\/\\\/denhelder.online\\\/en\\\/event-2\\\/\"},{\"@type\":\"ListItem\",\"position\":3,\"name\":\"Oranjemarkt MFC Boerderij de Schooten\"}]},{\"@type\":\"WebSite\",\"@id\":\"https:\\\/\\\/denhelder.online\\\/#website\",\"url\":\"https:\\\/\\\/denhelder.online\\\/\",\"name\":\"Den Helder Online\",\"description\":\"Beleef Den Helder\",\"publisher\":{\"@id\":\"https:\\\/\\\/denhelder.online\\\/#organization\"},\"potentialAction\":[{\"@type\":\"SearchAction\",\"target\":{\"@type\":\"EntryPoint\",\"urlTemplate\":\"https:\\\/\\\/denhelder.online\\\/?s={search_term_string}\"},\"query-input\":{\"@type\":\"PropertyValueSpecification\",\"valueRequired\":true,\"valueName\":\"search_term_string\"}}],\"inLanguage\":\"de\"},{\"@type\":\"Organization\",\"@id\":\"https:\\\/\\\/denhelder.online\\\/#organization\",\"name\":\"Den Helder Online\",\"url\":\"https:\\\/\\\/denhelder.online\\\/\",\"logo\":{\"@type\":\"ImageObject\",\"inLanguage\":\"de\",\"@id\":\"https:\\\/\\\/denhelder.online\\\/#\\\/schema\\\/logo\\\/image\\\/\",\"url\":\"https:\\\/\\\/denhelder.online\\\/wp-content\\\/uploads\\\/2021\\\/12\\\/DitIsDH-Logo-26-tagline.svg\",\"contentUrl\":\"https:\\\/\\\/denhelder.online\\\/wp-content\\\/uploads\\\/2021\\\/12\\\/DitIsDH-Logo-26-tagline.svg\",\"width\":1717.0999999999999,\"height\":934.89999999999998,\"caption\":\"Den Helder Online\"},\"image\":{\"@id\":\"https:\\\/\\\/denhelder.online\\\/#\\\/schema\\\/logo\\\/image\\\/\"}}]}<\/script>\n<!-- \/ Yoast SEO Premium plugin. -->","yoast_head_json":{"title":"Orange Market MFC Farm de Schooten - Den Helder Online","robots":{"index":"index","follow":"follow","max-snippet":"max-snippet:-1","max-image-preview":"max-image-preview:large","max-video-preview":"max-video-preview:-1"},"canonical":"https:\/\/denhelder.online\/de\/ereignis\/orangenmarkt-mfc-farm-de-schoten\/","og_locale":"de_DE","og_type":"article","og_title":"Oranjemarkt MFC Boerderij de Schooten","og_description":"Struin langs kramen en activiteiten tijdens Koningsdag in De Schooten","og_url":"https:\/\/denhelder.online\/de\/ereignis\/orangenmarkt-mfc-farm-de-schoten\/","og_site_name":"Den Helder Online","article_modified_time":"2026-03-18T11:05:18+00:00","twitter_card":"summary_large_image","twitter_misc":{"Gesch\u00e4tzte Lesezeit":"1\u00a0Minute"},"schema":{"@context":"https:\/\/schema.org","@graph":[{"@type":"WebPage","@id":"https:\/\/denhelder.online\/evenement\/oranjemarkt-mfc-boerderij-de-schooten\/","url":"https:\/\/denhelder.online\/evenement\/oranjemarkt-mfc-boerderij-de-schooten\/","name":"Orange Market MFC Farm de Schooten - Den Helder Online","isPartOf":{"@id":"https:\/\/denhelder.online\/#website"},"datePublished":"2026-02-09T10:30:49+00:00","dateModified":"2026-03-18T11:05:18+00:00","breadcrumb":{"@id":"https:\/\/denhelder.online\/evenement\/oranjemarkt-mfc-boerderij-de-schooten\/#breadcrumb"},"inLanguage":"de","potentialAction":[{"@type":"ReadAction","target":["https:\/\/denhelder.online\/evenement\/oranjemarkt-mfc-boerderij-de-schooten\/"]}]},{"@type":"BreadcrumbList","@id":"https:\/\/denhelder.online\/evenement\/oranjemarkt-mfc-boerderij-de-schooten\/#breadcrumb","itemListElement":[{"@type":"ListItem","position":1,"name":"Home","item":"https:\/\/denhelder.online\/"},{"@type":"ListItem","position":2,"name":"Evenementen","item":"https:\/\/denhelder.online\/en\/event-2\/"},{"@type":"ListItem","position":3,"name":"Oranjemarkt MFC Boerderij de Schooten"}]},{"@type":"WebSite","@id":"https:\/\/denhelder.online\/#website","url":"https:\/\/denhelder.online\/","name":"Den Helder Online","description":"Erleben Sie Den Helder","publisher":{"@id":"https:\/\/denhelder.online\/#organization"},"potentialAction":[{"@type":"SearchAction","target":{"@type":"EntryPoint","urlTemplate":"https:\/\/denhelder.online\/?s={search_term_string}"},"query-input":{"@type":"PropertyValueSpecification","valueRequired":true,"valueName":"search_term_string"}}],"inLanguage":"de"},{"@type":"Organization","@id":"https:\/\/denhelder.online\/#organization","name":"Den Helder Online","url":"https:\/\/denhelder.online\/","logo":{"@type":"ImageObject","inLanguage":"de","@id":"https:\/\/denhelder.online\/#\/schema\/logo\/image\/","url":"https:\/\/denhelder.online\/wp-content\/uploads\/2021\/12\/DitIsDH-Logo-26-tagline.svg","contentUrl":"https:\/\/denhelder.online\/wp-content\/uploads\/2021\/12\/DitIsDH-Logo-26-tagline.svg","width":1717.0999999999999,"height":934.89999999999998,"caption":"Den Helder Online"},"image":{"@id":"https:\/\/denhelder.online\/#\/schema\/logo\/image\/"}}]}},"_links":{"self":[{"href":"https:\/\/denhelder.online\/de\/wp-json\/wp\/v2\/events\/20961","targetHints":{"allow":["GET"]}}],"collection":[{"href":"https:\/\/denhelder.online\/de\/wp-json\/wp\/v2\/events"}],"about":[{"href":"https:\/\/denhelder.online\/de\/wp-json\/wp\/v2\/types\/evenement"}],"version-history":[{"count":0,"href":"https:\/\/denhelder.online\/de\/wp-json\/wp\/v2\/events\/20961\/revisions"}],"wp:attachment":[{"href":"https:\/\/denhelder.online\/de\/wp-json\/wp\/v2\/media?parent=20961"}],"wp:term":[{"taxonomy":"category","embeddable":true,"href":"https:\/\/denhelder.online\/de\/wp-json\/wp\/v2\/categories?post=20961"},{"taxonomy":"post_tag","embeddable":true,"href":"https:\/\/denhelder.online\/de\/wp-json\/wp\/v2\/tags?post=20961"},{"taxonomy":"doelgroep","embeddable":true,"href":"https:\/\/denhelder.online\/de\/wp-json\/wp\/v2\/doelgroep?post=20961"}],"curies":[{"name":"wp","href":"https:\/\/api.w.org\/{rel}","templated":true}]}}

<p>Am Sonntag, dem 27. April, herrscht im Gemeindezentrum von Schooten Farm reges Treiben. Der alljährliche Orangenmarkt ist der perfekte Ausflug für Jung und Alt am Dreikönigstag. Hier finden Sie Gebrauchtwaren, handgefertigte Produkte und ein abwechslungsreiches Unterhaltungsprogramm.</p>
<p><strong>Für jeden ist etwas dabei.</strong></p>
<p>Der Markt ist voller Stände von Privatpersonen und Hobbykünstlern. Stöbern Sie durch Spielzeug, Kleidung, Bücher und Antiquitäten. Oder entdecken Sie ein einzigartiges Stück von einem lokalen Hersteller. Perfekt für alle, die Schnäppchen und Überraschungen lieben.</p>
<p><strong>Aktivitäten für Kinder</strong></p>
<p>Auch die Kleinsten werden ihren Spaß haben. Es gibt lustige Kinderspiele, Musik und meistens auch Leckereien. Alles in entspannter Atmosphäre auf dem Bauernhof.</p>
<p><strong>Kostenloser Zugang und leicht erreichbar</strong></p>
<p>Der Oranjemarkt findet in der Mehrzweckhalle im Stadtteil De Schooten statt. Kommen Sie früh, um die besten Schnäppchen zu ergattern. Der Eintritt ist frei, Parkplätze stehen in der Nähe zur Verfügung.</p>

<p>Schlendern Sie am Königstag in De Schooten an Ständen und Aktivitäten vorbei.</p>

<!-- This site is optimized with the Yoast SEO Premium plugin v24.7 (Yoast SEO v27.4) - https://yoast.com/product/yoast-seo-premium-wordpress/ -->
<title>Oranjemarkt MFC Boerderij de Schooten - Den Helder Online</title>
<meta name="robots" content="index, follow, max-snippet:-1, max-image-preview:large, max-video-preview:-1" />
<link rel="canonical" href="https://denhelder.online/de/ereignis/orangenmarkt-mfc-farm-de-schoten/" />
<meta property="og:locale" content="de_DE" />
<meta property="og:type" content="article" />
<meta property="og:title" content="Oranjemarkt MFC Boerderij de Schooten" />
<meta property="og:description" content="Struin langs kramen en activiteiten tijdens Koningsdag in De Schooten" />
<meta property="og:url" content="https://denhelder.online/de/ereignis/orangenmarkt-mfc-farm-de-schoten/" />
<meta property="og:site_name" content="Den Helder Online" />
<meta property="article:modified_time" content="2026-03-18T11:05:18+00:00" />
<meta name="twitter:card" content="summary_large_image" />
<meta name="twitter:label1" content="Geschätzte Lesezeit" />
	<meta name="twitter:data1" content="1 Minute" />
<script type="application/ld+json" class="yoast-schema-graph">{"@context":"https:\/\/schema.org","@graph":[{"@type":"WebPage","@id":"https:\/\/denhelder.online\/evenement\/oranjemarkt-mfc-boerderij-de-schooten\/","url":"https:\/\/denhelder.online\/evenement\/oranjemarkt-mfc-boerderij-de-schooten\/","name":"Oranjemarkt MFC Boerderij de Schooten - Den Helder Online","isPartOf":{"@id":"https:\/\/denhelder.online\/#website"},"datePublished":"2026-02-09T10:30:49+00:00","dateModified":"2026-03-18T11:05:18+00:00","breadcrumb":{"@id":"https:\/\/denhelder.online\/evenement\/oranjemarkt-mfc-boerderij-de-schooten\/#breadcrumb"},"inLanguage":"de","potentialAction":[{"@type":"ReadAction","target":["https:\/\/denhelder.online\/evenement\/oranjemarkt-mfc-boerderij-de-schooten\/"]}]},{"@type":"BreadcrumbList","@id":"https:\/\/denhelder.online\/evenement\/oranjemarkt-mfc-boerderij-de-schooten\/#breadcrumb","itemListElement":[{"@type":"ListItem","position":1,"name":"Home","item":"https:\/\/denhelder.online\/"},{"@type":"ListItem","position":2,"name":"Evenementen","item":"https:\/\/denhelder.online\/en\/event-2\/"},{"@type":"ListItem","position":3,"name":"Oranjemarkt MFC Boerderij de Schooten"}]},{"@type":"WebSite","@id":"https:\/\/denhelder.online\/#website","url":"https:\/\/denhelder.online\/","name":"Den Helder Online","description":"Beleef Den Helder","publisher":{"@id":"https:\/\/denhelder.online\/#organization"},"potentialAction":[{"@type":"SearchAction","target":{"@type":"EntryPoint","urlTemplate":"https:\/\/denhelder.online\/?s={search_term_string}"},"query-input":{"@type":"PropertyValueSpecification","valueRequired":true,"valueName":"search_term_string"}}],"inLanguage":"de"},{"@type":"Organization","@id":"https:\/\/denhelder.online\/#organization","name":"Den Helder Online","url":"https:\/\/denhelder.online\/","logo":{"@type":"ImageObject","inLanguage":"de","@id":"https:\/\/denhelder.online\/#\/schema\/logo\/image\/","url":"https:\/\/denhelder.online\/wp-content\/uploads\/2021\/12\/DitIsDH-Logo-26-tagline.svg","contentUrl":"https:\/\/denhelder.online\/wp-content\/uploads\/2021\/12\/DitIsDH-Logo-26-tagline.svg","width":1717.0999999999999,"height":934.89999999999998,"caption":"Den Helder Online"},"image":{"@id":"https:\/\/denhelder.online\/#\/schema\/logo\/image\/"}}]}</script>
<!-- / Yoast SEO Premium plugin. -->
