{"id":20969,"date":"2026-02-09T12:30:43","date_gmt":"2026-02-09T11:30:43","guid":{"rendered":"https:\/\/denhelder.online\/evenement\/dichters-in-de-hortus\/"},"modified":"2026-04-08T22:34:57","modified_gmt":"2026-04-08T20:34:57","slug":"dichter-im-hortus","status":"publish","type":"evenement","link":"https:\/\/denhelder.online\/de\/evenement\/dichters-in-de-hortus\/","title":{"rendered":"Dichter im Hortus"},"content":{"rendered":"<p>Am Freitag, dem 6. September, wird Hortus Overzee in Den Helder zur B\u00fchne f\u00fcr Poesie. <em>Dichter im Hortus<\/em> Lokale und regionale Dichter treten im stimmungsvollen tropischen Gew\u00e4chshaus und unter freiem Himmel auf. Ein besonderer Abend voller Sprache, Natur und Begegnung.<\/p>\n<p><strong>Poesie in einer gr\u00fcnen Oase<\/strong><\/p>\n<p>Lassen Sie sich von Worten verzaubern, umgeben von exotischen Pflanzen und sanft pl\u00e4tscherndem Wasser. Die Verbindung von Sprache und Garten macht diesen Abend zu einem besonders intimen und inspirierenden Erlebnis.<\/p>\n<p><strong>Geschichten, Gedichte und Musik<\/strong><\/p>\n<p>Neben Gedichten gibt es oft auch Raum f\u00fcr Musik oder Kurzgeschichten. Der Abend bietet ein abwechslungsreiches Programm und eine B\u00fchne f\u00fcr etablierte und aufstrebende Talente.<\/p>\n<p><strong>Ein seltener Ort f\u00fcr Poesieliebhaber<\/strong><\/p>\n<p>Dieser einzigartige Ort macht jede Auff\u00fchrung zu einem Erlebnis. Schlendern Sie umher, nehmen Sie auf einer Bank Platz oder lauschen Sie unter einem Palmenblatt; nirgendwo sonst ist Sprache so naturnah.<\/p>","protected":false},"excerpt":{"rendered":"<p>Poesie im Gr\u00fcnen am 6. September in Hortus Overzee<\/p>","protected":false},"featured_media":0,"template":"","meta":{"patterndates-bp":null,"singledates-bp":[{"date-timestamp-repeaters":1788652800}],"footnotes":""},"categories":[6370],"tags":[6364,6229,6237],"doelgroep":[],"class_list":["post-20969","evenement","type-evenement","status-publish","hentry","category-evenement","tag-den-helder","tag-kunst-en-cultuur","tag-muziek","marker-toonopdenhelder","marker-toonopvisitkopvanholland"],"yoast_head":"<!-- This site is optimized with the Yoast SEO Premium plugin v24.7 (Yoast SEO v27.5) - https:\/\/yoast.com\/product\/yoast-seo-premium-wordpress\/ -->\n<title>Dichters in de Hortus - Den Helder Online<\/title>\n<meta name=\"robots\" content=\"index, follow, max-snippet:-1, max-image-preview:large, max-video-preview:-1\" \/>\n<link rel=\"canonical\" href=\"https:\/\/denhelder.online\/de\/ereignis\/dichter-im-hortus\/\" \/>\n<meta property=\"og:locale\" content=\"de_DE\" \/>\n<meta property=\"og:type\" content=\"article\" \/>\n<meta property=\"og:title\" content=\"Dichters in de Hortus\" \/>\n<meta property=\"og:description\" content=\"Po\u00ebzie tussen het groen op 6 september in Hortus Overzee\" \/>\n<meta property=\"og:url\" content=\"https:\/\/denhelder.online\/de\/ereignis\/dichter-im-hortus\/\" \/>\n<meta property=\"og:site_name\" content=\"Den Helder Online\" \/>\n<meta property=\"article:modified_time\" content=\"2026-04-08T20:34:57+00:00\" \/>\n<meta name=\"twitter:card\" content=\"summary_large_image\" \/>\n<meta name=\"twitter:label1\" content=\"Gesch\u00e4tzte Lesezeit\" \/>\n\t<meta name=\"twitter:data1\" content=\"1\u00a0Minute\" \/>\n<script type=\"application\/ld+json\" class=\"yoast-schema-graph\">{\"@context\":\"https:\\\/\\\/schema.org\",\"@graph\":[{\"@type\":\"WebPage\",\"@id\":\"https:\\\/\\\/denhelder.online\\\/en\\\/event-2\\\/poets-in-the-hortus\\\/\",\"url\":\"https:\\\/\\\/denhelder.online\\\/en\\\/event-2\\\/poets-in-the-hortus\\\/\",\"name\":\"Dichters in de Hortus - Den Helder Online\",\"isPartOf\":{\"@id\":\"https:\\\/\\\/denhelder.online\\\/#website\"},\"datePublished\":\"2026-02-09T11:30:43+00:00\",\"dateModified\":\"2026-04-08T20:34:57+00:00\",\"breadcrumb\":{\"@id\":\"https:\\\/\\\/denhelder.online\\\/en\\\/event-2\\\/poets-in-the-hortus\\\/#breadcrumb\"},\"inLanguage\":\"de\",\"potentialAction\":[{\"@type\":\"ReadAction\",\"target\":[\"https:\\\/\\\/denhelder.online\\\/en\\\/event-2\\\/poets-in-the-hortus\\\/\"]}]},{\"@type\":\"BreadcrumbList\",\"@id\":\"https:\\\/\\\/denhelder.online\\\/en\\\/event-2\\\/poets-in-the-hortus\\\/#breadcrumb\",\"itemListElement\":[{\"@type\":\"ListItem\",\"position\":1,\"name\":\"Home\",\"item\":\"https:\\\/\\\/denhelder.online\\\/\"},{\"@type\":\"ListItem\",\"position\":2,\"name\":\"Evenementen\",\"item\":\"https:\\\/\\\/denhelder.online\\\/en\\\/event-2\\\/\"},{\"@type\":\"ListItem\",\"position\":3,\"name\":\"Dichters in de Hortus\"}]},{\"@type\":\"WebSite\",\"@id\":\"https:\\\/\\\/denhelder.online\\\/#website\",\"url\":\"https:\\\/\\\/denhelder.online\\\/\",\"name\":\"Den Helder Online\",\"description\":\"Beleef Den Helder\",\"publisher\":{\"@id\":\"https:\\\/\\\/denhelder.online\\\/#organization\"},\"potentialAction\":[{\"@type\":\"SearchAction\",\"target\":{\"@type\":\"EntryPoint\",\"urlTemplate\":\"https:\\\/\\\/denhelder.online\\\/?s={search_term_string}\"},\"query-input\":{\"@type\":\"PropertyValueSpecification\",\"valueRequired\":true,\"valueName\":\"search_term_string\"}}],\"inLanguage\":\"de\"},{\"@type\":\"Organization\",\"@id\":\"https:\\\/\\\/denhelder.online\\\/#organization\",\"name\":\"Den Helder Online\",\"url\":\"https:\\\/\\\/denhelder.online\\\/\",\"logo\":{\"@type\":\"ImageObject\",\"inLanguage\":\"de\",\"@id\":\"https:\\\/\\\/denhelder.online\\\/#\\\/schema\\\/logo\\\/image\\\/\",\"url\":\"https:\\\/\\\/denhelder.online\\\/wp-content\\\/uploads\\\/2021\\\/12\\\/DitIsDH-Logo-26-tagline.svg\",\"contentUrl\":\"https:\\\/\\\/denhelder.online\\\/wp-content\\\/uploads\\\/2021\\\/12\\\/DitIsDH-Logo-26-tagline.svg\",\"width\":1717.0999999999999,\"height\":934.89999999999998,\"caption\":\"Den Helder Online\"},\"image\":{\"@id\":\"https:\\\/\\\/denhelder.online\\\/#\\\/schema\\\/logo\\\/image\\\/\"}}]}<\/script>\n<!-- \/ Yoast SEO Premium plugin. -->","yoast_head_json":{"title":"Poeten im Hortus - Den Helder Online","robots":{"index":"index","follow":"follow","max-snippet":"max-snippet:-1","max-image-preview":"max-image-preview:large","max-video-preview":"max-video-preview:-1"},"canonical":"https:\/\/denhelder.online\/de\/ereignis\/dichter-im-hortus\/","og_locale":"de_DE","og_type":"article","og_title":"Dichters in de Hortus","og_description":"Po\u00ebzie tussen het groen op 6 september in Hortus Overzee","og_url":"https:\/\/denhelder.online\/de\/ereignis\/dichter-im-hortus\/","og_site_name":"Den Helder Online","article_modified_time":"2026-04-08T20:34:57+00:00","twitter_card":"summary_large_image","twitter_misc":{"Gesch\u00e4tzte Lesezeit":"1\u00a0Minute"},"schema":{"@context":"https:\/\/schema.org","@graph":[{"@type":"WebPage","@id":"https:\/\/denhelder.online\/en\/event-2\/poets-in-the-hortus\/","url":"https:\/\/denhelder.online\/en\/event-2\/poets-in-the-hortus\/","name":"Poeten im Hortus - Den Helder Online","isPartOf":{"@id":"https:\/\/denhelder.online\/#website"},"datePublished":"2026-02-09T11:30:43+00:00","dateModified":"2026-04-08T20:34:57+00:00","breadcrumb":{"@id":"https:\/\/denhelder.online\/en\/event-2\/poets-in-the-hortus\/#breadcrumb"},"inLanguage":"de","potentialAction":[{"@type":"ReadAction","target":["https:\/\/denhelder.online\/en\/event-2\/poets-in-the-hortus\/"]}]},{"@type":"BreadcrumbList","@id":"https:\/\/denhelder.online\/en\/event-2\/poets-in-the-hortus\/#breadcrumb","itemListElement":[{"@type":"ListItem","position":1,"name":"Home","item":"https:\/\/denhelder.online\/"},{"@type":"ListItem","position":2,"name":"Evenementen","item":"https:\/\/denhelder.online\/en\/event-2\/"},{"@type":"ListItem","position":3,"name":"Dichters in de Hortus"}]},{"@type":"WebSite","@id":"https:\/\/denhelder.online\/#website","url":"https:\/\/denhelder.online\/","name":"Den Helder Online","description":"Erleben Sie Den Helder","publisher":{"@id":"https:\/\/denhelder.online\/#organization"},"potentialAction":[{"@type":"SearchAction","target":{"@type":"EntryPoint","urlTemplate":"https:\/\/denhelder.online\/?s={search_term_string}"},"query-input":{"@type":"PropertyValueSpecification","valueRequired":true,"valueName":"search_term_string"}}],"inLanguage":"de"},{"@type":"Organization","@id":"https:\/\/denhelder.online\/#organization","name":"Den Helder Online","url":"https:\/\/denhelder.online\/","logo":{"@type":"ImageObject","inLanguage":"de","@id":"https:\/\/denhelder.online\/#\/schema\/logo\/image\/","url":"https:\/\/denhelder.online\/wp-content\/uploads\/2021\/12\/DitIsDH-Logo-26-tagline.svg","contentUrl":"https:\/\/denhelder.online\/wp-content\/uploads\/2021\/12\/DitIsDH-Logo-26-tagline.svg","width":1717.0999999999999,"height":934.89999999999998,"caption":"Den Helder Online"},"image":{"@id":"https:\/\/denhelder.online\/#\/schema\/logo\/image\/"}}]}},"_links":{"self":[{"href":"https:\/\/denhelder.online\/de\/wp-json\/wp\/v2\/events\/20969","targetHints":{"allow":["GET"]}}],"collection":[{"href":"https:\/\/denhelder.online\/de\/wp-json\/wp\/v2\/events"}],"about":[{"href":"https:\/\/denhelder.online\/de\/wp-json\/wp\/v2\/types\/evenement"}],"version-history":[{"count":1,"href":"https:\/\/denhelder.online\/de\/wp-json\/wp\/v2\/events\/20969\/revisions"}],"predecessor-version":[{"id":22482,"href":"https:\/\/denhelder.online\/de\/wp-json\/wp\/v2\/events\/20969\/revisions\/22482"}],"wp:attachment":[{"href":"https:\/\/denhelder.online\/de\/wp-json\/wp\/v2\/media?parent=20969"}],"wp:term":[{"taxonomy":"category","embeddable":true,"href":"https:\/\/denhelder.online\/de\/wp-json\/wp\/v2\/categories?post=20969"},{"taxonomy":"post_tag","embeddable":true,"href":"https:\/\/denhelder.online\/de\/wp-json\/wp\/v2\/tags?post=20969"},{"taxonomy":"doelgroep","embeddable":true,"href":"https:\/\/denhelder.online\/de\/wp-json\/wp\/v2\/doelgroep?post=20969"}],"curies":[{"name":"wp","href":"https:\/\/api.w.org\/{rel}","templated":true}]}}

<p>Am Freitag, dem 6. September, wird Hortus Overzee in Den Helder zur Bühne für Poesie. <em>Dichter im Hortus</em> Lokale und regionale Dichter treten im stimmungsvollen tropischen Gewächshaus und unter freiem Himmel auf. Ein besonderer Abend voller Sprache, Natur und Begegnung.</p>
<p><strong>Poesie in einer grünen Oase</strong></p>
<p>Lassen Sie sich von Worten verzaubern, umgeben von exotischen Pflanzen und sanft plätscherndem Wasser. Die Verbindung von Sprache und Garten macht diesen Abend zu einem besonders intimen und inspirierenden Erlebnis.</p>
<p><strong>Geschichten, Gedichte und Musik</strong></p>
<p>Neben Gedichten gibt es oft auch Raum für Musik oder Kurzgeschichten. Der Abend bietet ein abwechslungsreiches Programm und eine Bühne für etablierte und aufstrebende Talente.</p>
<p><strong>Ein seltener Ort für Poesieliebhaber</strong></p>
<p>Dieser einzigartige Ort macht jede Aufführung zu einem Erlebnis. Schlendern Sie umher, nehmen Sie auf einer Bank Platz oder lauschen Sie unter einem Palmenblatt; nirgendwo sonst ist Sprache so naturnah.</p>

<p>Poesie im Grünen am 6. September in Hortus Overzee</p>

<!-- This site is optimized with the Yoast SEO Premium plugin v24.7 (Yoast SEO v27.5) - https://yoast.com/product/yoast-seo-premium-wordpress/ -->
<title>Dichters in de Hortus - Den Helder Online</title>
<meta name="robots" content="index, follow, max-snippet:-1, max-image-preview:large, max-video-preview:-1" />
<link rel="canonical" href="https://denhelder.online/de/ereignis/dichter-im-hortus/" />
<meta property="og:locale" content="de_DE" />
<meta property="og:type" content="article" />
<meta property="og:title" content="Dichters in de Hortus" />
<meta property="og:description" content="Poëzie tussen het groen op 6 september in Hortus Overzee" />
<meta property="og:url" content="https://denhelder.online/de/ereignis/dichter-im-hortus/" />
<meta property="og:site_name" content="Den Helder Online" />
<meta property="article:modified_time" content="2026-04-08T20:34:57+00:00" />
<meta name="twitter:card" content="summary_large_image" />
<meta name="twitter:label1" content="Geschätzte Lesezeit" />
	<meta name="twitter:data1" content="1 Minute" />
<script type="application/ld+json" class="yoast-schema-graph">{"@context":"https:\/\/schema.org","@graph":[{"@type":"WebPage","@id":"https:\/\/denhelder.online\/en\/event-2\/poets-in-the-hortus\/","url":"https:\/\/denhelder.online\/en\/event-2\/poets-in-the-hortus\/","name":"Dichters in de Hortus - Den Helder Online","isPartOf":{"@id":"https:\/\/denhelder.online\/#website"},"datePublished":"2026-02-09T11:30:43+00:00","dateModified":"2026-04-08T20:34:57+00:00","breadcrumb":{"@id":"https:\/\/denhelder.online\/en\/event-2\/poets-in-the-hortus\/#breadcrumb"},"inLanguage":"de","potentialAction":[{"@type":"ReadAction","target":["https:\/\/denhelder.online\/en\/event-2\/poets-in-the-hortus\/"]}]},{"@type":"BreadcrumbList","@id":"https:\/\/denhelder.online\/en\/event-2\/poets-in-the-hortus\/#breadcrumb","itemListElement":[{"@type":"ListItem","position":1,"name":"Home","item":"https:\/\/denhelder.online\/"},{"@type":"ListItem","position":2,"name":"Evenementen","item":"https:\/\/denhelder.online\/en\/event-2\/"},{"@type":"ListItem","position":3,"name":"Dichters in de Hortus"}]},{"@type":"WebSite","@id":"https:\/\/denhelder.online\/#website","url":"https:\/\/denhelder.online\/","name":"Den Helder Online","description":"Beleef Den Helder","publisher":{"@id":"https:\/\/denhelder.online\/#organization"},"potentialAction":[{"@type":"SearchAction","target":{"@type":"EntryPoint","urlTemplate":"https:\/\/denhelder.online\/?s={search_term_string}"},"query-input":{"@type":"PropertyValueSpecification","valueRequired":true,"valueName":"search_term_string"}}],"inLanguage":"de"},{"@type":"Organization","@id":"https:\/\/denhelder.online\/#organization","name":"Den Helder Online","url":"https:\/\/denhelder.online\/","logo":{"@type":"ImageObject","inLanguage":"de","@id":"https:\/\/denhelder.online\/#\/schema\/logo\/image\/","url":"https:\/\/denhelder.online\/wp-content\/uploads\/2021\/12\/DitIsDH-Logo-26-tagline.svg","contentUrl":"https:\/\/denhelder.online\/wp-content\/uploads\/2021\/12\/DitIsDH-Logo-26-tagline.svg","width":1717.0999999999999,"height":934.89999999999998,"caption":"Den Helder Online"},"image":{"@id":"https:\/\/denhelder.online\/#\/schema\/logo\/image\/"}}]}</script>
<!-- / Yoast SEO Premium plugin. -->

Poëzie tussen het groen op 6 september in Hortus Overzee
