{"id":20978,"date":"2026-02-09T13:30:53","date_gmt":"2026-02-09T12:30:53","guid":{"rendered":"https:\/\/denhelder.online\/evenement\/tuinen-van-verf-bloemexplosie-in-verf-en-licht\/"},"modified":"2026-02-09T13:30:53","modified_gmt":"2026-02-09T12:30:53","slug":"garten-aus-farbe-blumenexplosion-in-farbe-und-licht","status":"publish","type":"evenement","link":"https:\/\/denhelder.online\/de\/evenement\/tuinen-van-verf-bloemexplosie-in-verf-en-licht\/","title":{"rendered":"G\u00e4rten der Farbe: Eine florale Explosion aus Farbe und Licht"},"content":{"rendered":"<p>Betreten Sie einen Garten, der Farbe braucht, nicht Wasser. <em>G\u00e4rten der Farbe<\/em> Bewundern Sie Theo Leijdekkers&#039; riesige Blumenbilder. Schwertlilien, Sonnenblumen und Stockrosen scheinen f\u00f6rmlich aus der Leinwand zu sprudeln. Voller Farbe, voller Bewegung, voller Leben.<\/p>\n<p><strong>Tauchen Sie ein in Farben und Kontraste.<\/strong><\/p>\n<p>Leijdekkers malt gro\u00dfformatig und mit kraftvollem Pinselstrich. Jede Leinwand ist ein sinnliches Erlebnis von Licht, Schatten und Farbe. Seine Blumen sind nicht s\u00fc\u00dflich, sondern prachtvoll und pr\u00e4sent. Man wird von ihnen gefesselt. Kein Garten zum Spazieren, sondern einer, in dem man versinkt.<\/p>\n<p><strong>Sommerausstellung in Willemsoord<\/strong><\/p>\n<p>Diese Ausstellung findet in der Kunstuitleen Den Helder in Willemsoord statt. In Kombination mit einem Besuch bei Kunst &amp; Kitchen bietet sie einen anregenden Tagesausflug. Bitte beachten Sie die Sommerpause: Die Kunstuitleen ist im Juli und August an mehreren Tagen geschlossen.<\/p>\n<p><strong>Eine einzigartige Gelegenheit f\u00fcr Malerei-Begeisterte<\/strong><\/p>\n<p>Die Ausstellung l\u00e4uft von Samstag, dem 5. Juli, bis Sonntag, dem 21. September. Sie bietet eine fantastische Gelegenheit, Leijdekkers Werk pers\u00f6nlich zu erleben. Allein die Farbenpracht ist den Besuch wert.<\/p>","protected":false},"excerpt":{"rendered":"<p>Tauchen Sie ein in eine farbenfrohe Welt voller Riesenblumen von Theo Leijdekkers.<\/p>","protected":false},"featured_media":0,"template":"","meta":{"patterndates-bp":null,"singledates-bp":null,"footnotes":""},"categories":[6376],"tags":[],"doelgroep":[],"class_list":["post-20978","evenement","type-evenement","status-publish","hentry","category-tentoonstellingen","marker-toonopdenhelder"],"yoast_head":"<!-- This site is optimized with the Yoast SEO Premium plugin v24.7 (Yoast SEO v27.5) - https:\/\/yoast.com\/product\/yoast-seo-premium-wordpress\/ -->\n<title>Tuinen van Verf: bloemexplosie in verf en licht - Den Helder Online<\/title>\n<meta name=\"robots\" content=\"index, follow, max-snippet:-1, max-image-preview:large, max-video-preview:-1\" \/>\n<link rel=\"canonical\" href=\"https:\/\/denhelder.online\/de\/ereignis\/garten-aus-farbe-blumenexplosion-in-farbe-und-licht\/\" \/>\n<meta property=\"og:locale\" content=\"de_DE\" \/>\n<meta property=\"og:type\" content=\"article\" \/>\n<meta property=\"og:title\" content=\"Tuinen van Verf: bloemexplosie in verf en licht\" \/>\n<meta property=\"og:description\" content=\"Stap binnen in een kleurrijke wereld vol reusachtige bloemen van Theo Leijdekkers.\" \/>\n<meta property=\"og:url\" content=\"https:\/\/denhelder.online\/de\/ereignis\/garten-aus-farbe-blumenexplosion-in-farbe-und-licht\/\" \/>\n<meta property=\"og:site_name\" content=\"Den Helder Online\" \/>\n<meta name=\"twitter:card\" content=\"summary_large_image\" \/>\n<meta name=\"twitter:label1\" content=\"Gesch\u00e4tzte Lesezeit\" \/>\n\t<meta name=\"twitter:data1\" content=\"1\u00a0Minute\" \/>\n<script type=\"application\/ld+json\" class=\"yoast-schema-graph\">{\"@context\":\"https:\\\/\\\/schema.org\",\"@graph\":[{\"@type\":\"WebPage\",\"@id\":\"https:\\\/\\\/denhelder.online\\\/evenement\\\/tuinen-van-verf-bloemexplosie-in-verf-en-licht\\\/\",\"url\":\"https:\\\/\\\/denhelder.online\\\/evenement\\\/tuinen-van-verf-bloemexplosie-in-verf-en-licht\\\/\",\"name\":\"Tuinen van Verf: bloemexplosie in verf en licht - Den Helder Online\",\"isPartOf\":{\"@id\":\"https:\\\/\\\/denhelder.online\\\/#website\"},\"datePublished\":\"2026-02-09T12:30:53+00:00\",\"breadcrumb\":{\"@id\":\"https:\\\/\\\/denhelder.online\\\/evenement\\\/tuinen-van-verf-bloemexplosie-in-verf-en-licht\\\/#breadcrumb\"},\"inLanguage\":\"de\",\"potentialAction\":[{\"@type\":\"ReadAction\",\"target\":[\"https:\\\/\\\/denhelder.online\\\/evenement\\\/tuinen-van-verf-bloemexplosie-in-verf-en-licht\\\/\"]}]},{\"@type\":\"BreadcrumbList\",\"@id\":\"https:\\\/\\\/denhelder.online\\\/evenement\\\/tuinen-van-verf-bloemexplosie-in-verf-en-licht\\\/#breadcrumb\",\"itemListElement\":[{\"@type\":\"ListItem\",\"position\":1,\"name\":\"Home\",\"item\":\"https:\\\/\\\/denhelder.online\\\/\"},{\"@type\":\"ListItem\",\"position\":2,\"name\":\"Evenementen\",\"item\":\"https:\\\/\\\/denhelder.online\\\/en\\\/event-2\\\/\"},{\"@type\":\"ListItem\",\"position\":3,\"name\":\"Tuinen van Verf: bloemexplosie in verf en licht\"}]},{\"@type\":\"WebSite\",\"@id\":\"https:\\\/\\\/denhelder.online\\\/#website\",\"url\":\"https:\\\/\\\/denhelder.online\\\/\",\"name\":\"Den Helder Online\",\"description\":\"Beleef Den Helder\",\"publisher\":{\"@id\":\"https:\\\/\\\/denhelder.online\\\/#organization\"},\"potentialAction\":[{\"@type\":\"SearchAction\",\"target\":{\"@type\":\"EntryPoint\",\"urlTemplate\":\"https:\\\/\\\/denhelder.online\\\/?s={search_term_string}\"},\"query-input\":{\"@type\":\"PropertyValueSpecification\",\"valueRequired\":true,\"valueName\":\"search_term_string\"}}],\"inLanguage\":\"de\"},{\"@type\":\"Organization\",\"@id\":\"https:\\\/\\\/denhelder.online\\\/#organization\",\"name\":\"Den Helder Online\",\"url\":\"https:\\\/\\\/denhelder.online\\\/\",\"logo\":{\"@type\":\"ImageObject\",\"inLanguage\":\"de\",\"@id\":\"https:\\\/\\\/denhelder.online\\\/#\\\/schema\\\/logo\\\/image\\\/\",\"url\":\"https:\\\/\\\/denhelder.online\\\/wp-content\\\/uploads\\\/2021\\\/12\\\/DitIsDH-Logo-26-tagline.svg\",\"contentUrl\":\"https:\\\/\\\/denhelder.online\\\/wp-content\\\/uploads\\\/2021\\\/12\\\/DitIsDH-Logo-26-tagline.svg\",\"width\":1717.0999999999999,\"height\":934.89999999999998,\"caption\":\"Den Helder Online\"},\"image\":{\"@id\":\"https:\\\/\\\/denhelder.online\\\/#\\\/schema\\\/logo\\\/image\\\/\"}}]}<\/script>\n<!-- \/ Yoast SEO Premium plugin. -->","yoast_head_json":{"title":"G\u00e4rten der Farbe: Blumenexplosion in Farbe und Licht - Den Helder Online","robots":{"index":"index","follow":"follow","max-snippet":"max-snippet:-1","max-image-preview":"max-image-preview:large","max-video-preview":"max-video-preview:-1"},"canonical":"https:\/\/denhelder.online\/de\/ereignis\/garten-aus-farbe-blumenexplosion-in-farbe-und-licht\/","og_locale":"de_DE","og_type":"article","og_title":"Tuinen van Verf: bloemexplosie in verf en licht","og_description":"Stap binnen in een kleurrijke wereld vol reusachtige bloemen van Theo Leijdekkers.","og_url":"https:\/\/denhelder.online\/de\/ereignis\/garten-aus-farbe-blumenexplosion-in-farbe-und-licht\/","og_site_name":"Den Helder Online","twitter_card":"summary_large_image","twitter_misc":{"Gesch\u00e4tzte Lesezeit":"1\u00a0Minute"},"schema":{"@context":"https:\/\/schema.org","@graph":[{"@type":"WebPage","@id":"https:\/\/denhelder.online\/evenement\/tuinen-van-verf-bloemexplosie-in-verf-en-licht\/","url":"https:\/\/denhelder.online\/evenement\/tuinen-van-verf-bloemexplosie-in-verf-en-licht\/","name":"G\u00e4rten der Farbe: Blumenexplosion in Farbe und Licht - Den Helder Online","isPartOf":{"@id":"https:\/\/denhelder.online\/#website"},"datePublished":"2026-02-09T12:30:53+00:00","breadcrumb":{"@id":"https:\/\/denhelder.online\/evenement\/tuinen-van-verf-bloemexplosie-in-verf-en-licht\/#breadcrumb"},"inLanguage":"de","potentialAction":[{"@type":"ReadAction","target":["https:\/\/denhelder.online\/evenement\/tuinen-van-verf-bloemexplosie-in-verf-en-licht\/"]}]},{"@type":"BreadcrumbList","@id":"https:\/\/denhelder.online\/evenement\/tuinen-van-verf-bloemexplosie-in-verf-en-licht\/#breadcrumb","itemListElement":[{"@type":"ListItem","position":1,"name":"Home","item":"https:\/\/denhelder.online\/"},{"@type":"ListItem","position":2,"name":"Evenementen","item":"https:\/\/denhelder.online\/en\/event-2\/"},{"@type":"ListItem","position":3,"name":"Tuinen van Verf: bloemexplosie in verf en licht"}]},{"@type":"WebSite","@id":"https:\/\/denhelder.online\/#website","url":"https:\/\/denhelder.online\/","name":"Den Helder Online","description":"Erleben Sie Den Helder","publisher":{"@id":"https:\/\/denhelder.online\/#organization"},"potentialAction":[{"@type":"SearchAction","target":{"@type":"EntryPoint","urlTemplate":"https:\/\/denhelder.online\/?s={search_term_string}"},"query-input":{"@type":"PropertyValueSpecification","valueRequired":true,"valueName":"search_term_string"}}],"inLanguage":"de"},{"@type":"Organization","@id":"https:\/\/denhelder.online\/#organization","name":"Den Helder Online","url":"https:\/\/denhelder.online\/","logo":{"@type":"ImageObject","inLanguage":"de","@id":"https:\/\/denhelder.online\/#\/schema\/logo\/image\/","url":"https:\/\/denhelder.online\/wp-content\/uploads\/2021\/12\/DitIsDH-Logo-26-tagline.svg","contentUrl":"https:\/\/denhelder.online\/wp-content\/uploads\/2021\/12\/DitIsDH-Logo-26-tagline.svg","width":1717.0999999999999,"height":934.89999999999998,"caption":"Den Helder Online"},"image":{"@id":"https:\/\/denhelder.online\/#\/schema\/logo\/image\/"}}]}},"_links":{"self":[{"href":"https:\/\/denhelder.online\/de\/wp-json\/wp\/v2\/events\/20978","targetHints":{"allow":["GET"]}}],"collection":[{"href":"https:\/\/denhelder.online\/de\/wp-json\/wp\/v2\/events"}],"about":[{"href":"https:\/\/denhelder.online\/de\/wp-json\/wp\/v2\/types\/evenement"}],"version-history":[{"count":0,"href":"https:\/\/denhelder.online\/de\/wp-json\/wp\/v2\/events\/20978\/revisions"}],"wp:attachment":[{"href":"https:\/\/denhelder.online\/de\/wp-json\/wp\/v2\/media?parent=20978"}],"wp:term":[{"taxonomy":"category","embeddable":true,"href":"https:\/\/denhelder.online\/de\/wp-json\/wp\/v2\/categories?post=20978"},{"taxonomy":"post_tag","embeddable":true,"href":"https:\/\/denhelder.online\/de\/wp-json\/wp\/v2\/tags?post=20978"},{"taxonomy":"doelgroep","embeddable":true,"href":"https:\/\/denhelder.online\/de\/wp-json\/wp\/v2\/doelgroep?post=20978"}],"curies":[{"name":"wp","href":"https:\/\/api.w.org\/{rel}","templated":true}]}}

Gärten der Farbe: Eine florale Explosion aus Farbe und Licht

<p>Betreten Sie einen Garten, der Farbe braucht, nicht Wasser. <em>Gärten der Farbe</em> Bewundern Sie Theo Leijdekkers&#039; riesige Blumenbilder. Schwertlilien, Sonnenblumen und Stockrosen scheinen förmlich aus der Leinwand zu sprudeln. Voller Farbe, voller Bewegung, voller Leben.</p>
<p><strong>Tauchen Sie ein in Farben und Kontraste.</strong></p>
<p>Leijdekkers malt großformatig und mit kraftvollem Pinselstrich. Jede Leinwand ist ein sinnliches Erlebnis von Licht, Schatten und Farbe. Seine Blumen sind nicht süßlich, sondern prachtvoll und präsent. Man wird von ihnen gefesselt. Kein Garten zum Spazieren, sondern einer, in dem man versinkt.</p>
<p><strong>Sommerausstellung in Willemsoord</strong></p>
<p>Diese Ausstellung findet in der Kunstuitleen Den Helder in Willemsoord statt. In Kombination mit einem Besuch bei Kunst &amp; Kitchen bietet sie einen anregenden Tagesausflug. Bitte beachten Sie die Sommerpause: Die Kunstuitleen ist im Juli und August an mehreren Tagen geschlossen.</p>
<p><strong>Eine einzigartige Gelegenheit für Malerei-Begeisterte</strong></p>
<p>Die Ausstellung läuft von Samstag, dem 5. Juli, bis Sonntag, dem 21. September. Sie bietet eine fantastische Gelegenheit, Leijdekkers Werk persönlich zu erleben. Allein die Farbenpracht ist den Besuch wert.</p>

<!-- This site is optimized with the Yoast SEO Premium plugin v24.7 (Yoast SEO v27.5) - https://yoast.com/product/yoast-seo-premium-wordpress/ -->
<title>Tuinen van Verf: bloemexplosie in verf en licht - Den Helder Online</title>
<meta name="robots" content="index, follow, max-snippet:-1, max-image-preview:large, max-video-preview:-1" />
<link rel="canonical" href="https://denhelder.online/de/ereignis/garten-aus-farbe-blumenexplosion-in-farbe-und-licht/" />
<meta property="og:locale" content="de_DE" />
<meta property="og:type" content="article" />
<meta property="og:title" content="Tuinen van Verf: bloemexplosie in verf en licht" />
<meta property="og:description" content="Stap binnen in een kleurrijke wereld vol reusachtige bloemen van Theo Leijdekkers." />
<meta property="og:url" content="https://denhelder.online/de/ereignis/garten-aus-farbe-blumenexplosion-in-farbe-und-licht/" />
<meta property="og:site_name" content="Den Helder Online" />
<meta name="twitter:card" content="summary_large_image" />
<meta name="twitter:label1" content="Geschätzte Lesezeit" />
	<meta name="twitter:data1" content="1 Minute" />
<script type="application/ld+json" class="yoast-schema-graph">{"@context":"https:\/\/schema.org","@graph":[{"@type":"WebPage","@id":"https:\/\/denhelder.online\/evenement\/tuinen-van-verf-bloemexplosie-in-verf-en-licht\/","url":"https:\/\/denhelder.online\/evenement\/tuinen-van-verf-bloemexplosie-in-verf-en-licht\/","name":"Tuinen van Verf: bloemexplosie in verf en licht - Den Helder Online","isPartOf":{"@id":"https:\/\/denhelder.online\/#website"},"datePublished":"2026-02-09T12:30:53+00:00","breadcrumb":{"@id":"https:\/\/denhelder.online\/evenement\/tuinen-van-verf-bloemexplosie-in-verf-en-licht\/#breadcrumb"},"inLanguage":"de","potentialAction":[{"@type":"ReadAction","target":["https:\/\/denhelder.online\/evenement\/tuinen-van-verf-bloemexplosie-in-verf-en-licht\/"]}]},{"@type":"BreadcrumbList","@id":"https:\/\/denhelder.online\/evenement\/tuinen-van-verf-bloemexplosie-in-verf-en-licht\/#breadcrumb","itemListElement":[{"@type":"ListItem","position":1,"name":"Home","item":"https:\/\/denhelder.online\/"},{"@type":"ListItem","position":2,"name":"Evenementen","item":"https:\/\/denhelder.online\/en\/event-2\/"},{"@type":"ListItem","position":3,"name":"Tuinen van Verf: bloemexplosie in verf en licht"}]},{"@type":"WebSite","@id":"https:\/\/denhelder.online\/#website","url":"https:\/\/denhelder.online\/","name":"Den Helder Online","description":"Beleef Den Helder","publisher":{"@id":"https:\/\/denhelder.online\/#organization"},"potentialAction":[{"@type":"SearchAction","target":{"@type":"EntryPoint","urlTemplate":"https:\/\/denhelder.online\/?s={search_term_string}"},"query-input":{"@type":"PropertyValueSpecification","valueRequired":true,"valueName":"search_term_string"}}],"inLanguage":"de"},{"@type":"Organization","@id":"https:\/\/denhelder.online\/#organization","name":"Den Helder Online","url":"https:\/\/denhelder.online\/","logo":{"@type":"ImageObject","inLanguage":"de","@id":"https:\/\/denhelder.online\/#\/schema\/logo\/image\/","url":"https:\/\/denhelder.online\/wp-content\/uploads\/2021\/12\/DitIsDH-Logo-26-tagline.svg","contentUrl":"https:\/\/denhelder.online\/wp-content\/uploads\/2021\/12\/DitIsDH-Logo-26-tagline.svg","width":1717.0999999999999,"height":934.89999999999998,"caption":"Den Helder Online"},"image":{"@id":"https:\/\/denhelder.online\/#\/schema\/logo\/image\/"}}]}</script>
<!-- / Yoast SEO Premium plugin. -->

Gärten der Farbe: Blumenexplosion in Farbe und Licht - Den Helder Online
