{"id":21263,"date":"2026-02-16T11:25:56","date_gmt":"2026-02-16T10:25:56","guid":{"rendered":"https:\/\/denhelder.online\/evenement\/sinterklaas-intocht-op-het-dorpsplein-huisduinen\/"},"modified":"2026-04-22T17:00:42","modified_gmt":"2026-04-22T15:00:42","slug":"ankunft-von-sinterklaas-auf-dem-dorfplatz-in-huisduinen","status":"publish","type":"evenement","link":"https:\/\/denhelder.online\/de\/evenement\/sinterklaas-intocht-op-het-dorpsplein-huisduinen\/","title":{"rendered":"Ankunft des Sinterklaas auf dem Dorfplatz Huisduinen"},"content":{"rendered":"<p>Am 21. November k\u00f6nnen Sie Sinterklaas auf dem Dorfplatz in Huisduinen begr\u00fc\u00dfen. Die Feierlichkeiten beginnen inmitten der charakteristischen H\u00e4user und unweit des Meeres. Hier erleben Sie eine gem\u00fctliche Ankunft mit echtem Dorfcharakter.<\/p>\n<p><strong>Ein festliches Willkommen bei Huisduinen<\/strong><\/p>\n<p>Man trifft sich mit anderen Familien auf dem Dorfplatz. Die Kinder singen aus voller Kehle. Alle Blicke sind auf die Ankunft gerichtet. Man sp\u00fcrt den Gemeinschaftssinn.<\/p>\n<p><strong>Klein, gem\u00fctlich und in der N\u00e4he<\/strong><\/p>\n<p>Bei Huisduinen sind Sie mittendrin im Geschehen. Keine Menschenmassen, nur eine herzliche Atmosph\u00e4re. Das macht diese Prozession zu etwas ganz Besonderem. Sie erleben sie hautnah. Sie teilen dieses Erlebnis.<\/p>\n<p><strong>Kommt am 21. November<\/strong><\/p>\n<p>Merken Sie sich den 21. November vor. Ziehen Sie sich warm an f\u00fcr die frische Seeluft. Kommen Sie fr\u00fch, um sich einen guten Platz auf dem Marktplatz zu sichern. Begr\u00fc\u00dfen Sie Sinterklaas herzlich in der Huisduinen.<\/p>","protected":false},"excerpt":{"rendered":"<p>Feiere die Ankunft des Sinterklaas auf dem Dorfplatz in Huisduinen.<\/p>","protected":false},"featured_media":0,"template":"","meta":{"patterndates-bp":null,"singledates-bp":[{"date-timestamp-repeaters":1795219200}],"footnotes":""},"categories":[6370],"tags":[1482,6224],"doelgroep":[],"class_list":["post-21263","evenement","type-evenement","status-publish","hentry","category-evenement","tag-huisduinen","tag-met-kinderen","marker-toonopdenhelder","marker-toonopvisitkopvanholland"],"yoast_head":"<!-- This site is optimized with the Yoast SEO Premium plugin v24.7 (Yoast SEO v27.5) - https:\/\/yoast.com\/product\/yoast-seo-premium-wordpress\/ -->\n<title>Sinterklaas intocht op het Dorpsplein Huisduinen - Den Helder Online<\/title>\n<meta name=\"robots\" content=\"index, follow, max-snippet:-1, max-image-preview:large, max-video-preview:-1\" \/>\n<link rel=\"canonical\" href=\"https:\/\/denhelder.online\/de\/ereignis\/ankunft-von-sinterklaas-auf-dem-dorfplatz-in-huisduinen\/\" \/>\n<meta property=\"og:locale\" content=\"de_DE\" \/>\n<meta property=\"og:type\" content=\"article\" \/>\n<meta property=\"og:title\" content=\"Sinterklaas intocht op het Dorpsplein Huisduinen\" \/>\n<meta property=\"og:description\" content=\"Vier de aankomst van Sinterklaas op het Dorpsplein in Huisduinen.\" \/>\n<meta property=\"og:url\" content=\"https:\/\/denhelder.online\/de\/ereignis\/ankunft-von-sinterklaas-auf-dem-dorfplatz-in-huisduinen\/\" \/>\n<meta property=\"og:site_name\" content=\"Den Helder Online\" \/>\n<meta property=\"article:modified_time\" content=\"2026-04-22T15:00:42+00:00\" \/>\n<meta name=\"twitter:card\" content=\"summary_large_image\" \/>\n<meta name=\"twitter:label1\" content=\"Gesch\u00e4tzte Lesezeit\" \/>\n\t<meta name=\"twitter:data1\" content=\"1\u00a0Minute\" \/>\n<script type=\"application\/ld+json\" class=\"yoast-schema-graph\">{\"@context\":\"https:\\\/\\\/schema.org\",\"@graph\":[{\"@type\":\"WebPage\",\"@id\":\"https:\\\/\\\/denhelder.online\\\/evenement\\\/sinterklaas-intocht-op-het-dorpsplein-huisduinen\\\/\",\"url\":\"https:\\\/\\\/denhelder.online\\\/evenement\\\/sinterklaas-intocht-op-het-dorpsplein-huisduinen\\\/\",\"name\":\"Sinterklaas intocht op het Dorpsplein Huisduinen - Den Helder Online\",\"isPartOf\":{\"@id\":\"https:\\\/\\\/denhelder.online\\\/#website\"},\"datePublished\":\"2026-02-16T10:25:56+00:00\",\"dateModified\":\"2026-04-22T15:00:42+00:00\",\"breadcrumb\":{\"@id\":\"https:\\\/\\\/denhelder.online\\\/evenement\\\/sinterklaas-intocht-op-het-dorpsplein-huisduinen\\\/#breadcrumb\"},\"inLanguage\":\"de\",\"potentialAction\":[{\"@type\":\"ReadAction\",\"target\":[\"https:\\\/\\\/denhelder.online\\\/evenement\\\/sinterklaas-intocht-op-het-dorpsplein-huisduinen\\\/\"]}]},{\"@type\":\"BreadcrumbList\",\"@id\":\"https:\\\/\\\/denhelder.online\\\/evenement\\\/sinterklaas-intocht-op-het-dorpsplein-huisduinen\\\/#breadcrumb\",\"itemListElement\":[{\"@type\":\"ListItem\",\"position\":1,\"name\":\"Home\",\"item\":\"https:\\\/\\\/denhelder.online\\\/\"},{\"@type\":\"ListItem\",\"position\":2,\"name\":\"Evenementen\",\"item\":\"https:\\\/\\\/denhelder.online\\\/en\\\/event-2\\\/\"},{\"@type\":\"ListItem\",\"position\":3,\"name\":\"Sinterklaas intocht op het Dorpsplein Huisduinen\"}]},{\"@type\":\"WebSite\",\"@id\":\"https:\\\/\\\/denhelder.online\\\/#website\",\"url\":\"https:\\\/\\\/denhelder.online\\\/\",\"name\":\"Den Helder Online\",\"description\":\"Beleef Den Helder\",\"publisher\":{\"@id\":\"https:\\\/\\\/denhelder.online\\\/#organization\"},\"potentialAction\":[{\"@type\":\"SearchAction\",\"target\":{\"@type\":\"EntryPoint\",\"urlTemplate\":\"https:\\\/\\\/denhelder.online\\\/?s={search_term_string}\"},\"query-input\":{\"@type\":\"PropertyValueSpecification\",\"valueRequired\":true,\"valueName\":\"search_term_string\"}}],\"inLanguage\":\"de\"},{\"@type\":\"Organization\",\"@id\":\"https:\\\/\\\/denhelder.online\\\/#organization\",\"name\":\"Den Helder Online\",\"url\":\"https:\\\/\\\/denhelder.online\\\/\",\"logo\":{\"@type\":\"ImageObject\",\"inLanguage\":\"de\",\"@id\":\"https:\\\/\\\/denhelder.online\\\/#\\\/schema\\\/logo\\\/image\\\/\",\"url\":\"https:\\\/\\\/denhelder.online\\\/wp-content\\\/uploads\\\/2021\\\/12\\\/DitIsDH-Logo-26-tagline.svg\",\"contentUrl\":\"https:\\\/\\\/denhelder.online\\\/wp-content\\\/uploads\\\/2021\\\/12\\\/DitIsDH-Logo-26-tagline.svg\",\"width\":1717.0999999999999,\"height\":934.89999999999998,\"caption\":\"Den Helder Online\"},\"image\":{\"@id\":\"https:\\\/\\\/denhelder.online\\\/#\\\/schema\\\/logo\\\/image\\\/\"}}]}<\/script>\n<!-- \/ Yoast SEO Premium plugin. -->","yoast_head_json":{"title":"Sinterklaas Ankunft auf dem Dorfplatz Huisduinen - Den Helder Online","robots":{"index":"index","follow":"follow","max-snippet":"max-snippet:-1","max-image-preview":"max-image-preview:large","max-video-preview":"max-video-preview:-1"},"canonical":"https:\/\/denhelder.online\/de\/ereignis\/ankunft-von-sinterklaas-auf-dem-dorfplatz-in-huisduinen\/","og_locale":"de_DE","og_type":"article","og_title":"Sinterklaas intocht op het Dorpsplein Huisduinen","og_description":"Vier de aankomst van Sinterklaas op het Dorpsplein in Huisduinen.","og_url":"https:\/\/denhelder.online\/de\/ereignis\/ankunft-von-sinterklaas-auf-dem-dorfplatz-in-huisduinen\/","og_site_name":"Den Helder Online","article_modified_time":"2026-04-22T15:00:42+00:00","twitter_card":"summary_large_image","twitter_misc":{"Gesch\u00e4tzte Lesezeit":"1\u00a0Minute"},"schema":{"@context":"https:\/\/schema.org","@graph":[{"@type":"WebPage","@id":"https:\/\/denhelder.online\/evenement\/sinterklaas-intocht-op-het-dorpsplein-huisduinen\/","url":"https:\/\/denhelder.online\/evenement\/sinterklaas-intocht-op-het-dorpsplein-huisduinen\/","name":"Sinterklaas Ankunft auf dem Dorfplatz Huisduinen - Den Helder Online","isPartOf":{"@id":"https:\/\/denhelder.online\/#website"},"datePublished":"2026-02-16T10:25:56+00:00","dateModified":"2026-04-22T15:00:42+00:00","breadcrumb":{"@id":"https:\/\/denhelder.online\/evenement\/sinterklaas-intocht-op-het-dorpsplein-huisduinen\/#breadcrumb"},"inLanguage":"de","potentialAction":[{"@type":"ReadAction","target":["https:\/\/denhelder.online\/evenement\/sinterklaas-intocht-op-het-dorpsplein-huisduinen\/"]}]},{"@type":"BreadcrumbList","@id":"https:\/\/denhelder.online\/evenement\/sinterklaas-intocht-op-het-dorpsplein-huisduinen\/#breadcrumb","itemListElement":[{"@type":"ListItem","position":1,"name":"Home","item":"https:\/\/denhelder.online\/"},{"@type":"ListItem","position":2,"name":"Evenementen","item":"https:\/\/denhelder.online\/en\/event-2\/"},{"@type":"ListItem","position":3,"name":"Sinterklaas intocht op het Dorpsplein Huisduinen"}]},{"@type":"WebSite","@id":"https:\/\/denhelder.online\/#website","url":"https:\/\/denhelder.online\/","name":"Den Helder Online","description":"Erleben Sie Den Helder","publisher":{"@id":"https:\/\/denhelder.online\/#organization"},"potentialAction":[{"@type":"SearchAction","target":{"@type":"EntryPoint","urlTemplate":"https:\/\/denhelder.online\/?s={search_term_string}"},"query-input":{"@type":"PropertyValueSpecification","valueRequired":true,"valueName":"search_term_string"}}],"inLanguage":"de"},{"@type":"Organization","@id":"https:\/\/denhelder.online\/#organization","name":"Den Helder Online","url":"https:\/\/denhelder.online\/","logo":{"@type":"ImageObject","inLanguage":"de","@id":"https:\/\/denhelder.online\/#\/schema\/logo\/image\/","url":"https:\/\/denhelder.online\/wp-content\/uploads\/2021\/12\/DitIsDH-Logo-26-tagline.svg","contentUrl":"https:\/\/denhelder.online\/wp-content\/uploads\/2021\/12\/DitIsDH-Logo-26-tagline.svg","width":1717.0999999999999,"height":934.89999999999998,"caption":"Den Helder Online"},"image":{"@id":"https:\/\/denhelder.online\/#\/schema\/logo\/image\/"}}]}},"_links":{"self":[{"href":"https:\/\/denhelder.online\/de\/wp-json\/wp\/v2\/events\/21263","targetHints":{"allow":["GET"]}}],"collection":[{"href":"https:\/\/denhelder.online\/de\/wp-json\/wp\/v2\/events"}],"about":[{"href":"https:\/\/denhelder.online\/de\/wp-json\/wp\/v2\/types\/evenement"}],"version-history":[{"count":1,"href":"https:\/\/denhelder.online\/de\/wp-json\/wp\/v2\/events\/21263\/revisions"}],"predecessor-version":[{"id":23898,"href":"https:\/\/denhelder.online\/de\/wp-json\/wp\/v2\/events\/21263\/revisions\/23898"}],"wp:attachment":[{"href":"https:\/\/denhelder.online\/de\/wp-json\/wp\/v2\/media?parent=21263"}],"wp:term":[{"taxonomy":"category","embeddable":true,"href":"https:\/\/denhelder.online\/de\/wp-json\/wp\/v2\/categories?post=21263"},{"taxonomy":"post_tag","embeddable":true,"href":"https:\/\/denhelder.online\/de\/wp-json\/wp\/v2\/tags?post=21263"},{"taxonomy":"doelgroep","embeddable":true,"href":"https:\/\/denhelder.online\/de\/wp-json\/wp\/v2\/doelgroep?post=21263"}],"curies":[{"name":"wp","href":"https:\/\/api.w.org\/{rel}","templated":true}]}}

<p>Am 21. November können Sie Sinterklaas auf dem Dorfplatz in Huisduinen begrüßen. Die Feierlichkeiten beginnen inmitten der charakteristischen Häuser und unweit des Meeres. Hier erleben Sie eine gemütliche Ankunft mit echtem Dorfcharakter.</p>
<p><strong>Ein festliches Willkommen bei Huisduinen</strong></p>
<p>Man trifft sich mit anderen Familien auf dem Dorfplatz. Die Kinder singen aus voller Kehle. Alle Blicke sind auf die Ankunft gerichtet. Man spürt den Gemeinschaftssinn.</p>
<p><strong>Klein, gemütlich und in der Nähe</strong></p>
<p>Bei Huisduinen sind Sie mittendrin im Geschehen. Keine Menschenmassen, nur eine herzliche Atmosphäre. Das macht diese Prozession zu etwas ganz Besonderem. Sie erleben sie hautnah. Sie teilen dieses Erlebnis.</p>
<p><strong>Kommt am 21. November</strong></p>
<p>Merken Sie sich den 21. November vor. Ziehen Sie sich warm an für die frische Seeluft. Kommen Sie früh, um sich einen guten Platz auf dem Marktplatz zu sichern. Begrüßen Sie Sinterklaas herzlich in der Huisduinen.</p>

<!-- This site is optimized with the Yoast SEO Premium plugin v24.7 (Yoast SEO v27.5) - https://yoast.com/product/yoast-seo-premium-wordpress/ -->
<title>Sinterklaas intocht op het Dorpsplein Huisduinen - Den Helder Online</title>
<meta name="robots" content="index, follow, max-snippet:-1, max-image-preview:large, max-video-preview:-1" />
<link rel="canonical" href="https://denhelder.online/de/ereignis/ankunft-von-sinterklaas-auf-dem-dorfplatz-in-huisduinen/" />
<meta property="og:locale" content="de_DE" />
<meta property="og:type" content="article" />
<meta property="og:title" content="Sinterklaas intocht op het Dorpsplein Huisduinen" />
<meta property="og:description" content="Vier de aankomst van Sinterklaas op het Dorpsplein in Huisduinen." />
<meta property="og:url" content="https://denhelder.online/de/ereignis/ankunft-von-sinterklaas-auf-dem-dorfplatz-in-huisduinen/" />
<meta property="og:site_name" content="Den Helder Online" />
<meta property="article:modified_time" content="2026-04-22T15:00:42+00:00" />
<meta name="twitter:card" content="summary_large_image" />
<meta name="twitter:label1" content="Geschätzte Lesezeit" />
	<meta name="twitter:data1" content="1 Minute" />
<script type="application/ld+json" class="yoast-schema-graph">{"@context":"https:\/\/schema.org","@graph":[{"@type":"WebPage","@id":"https:\/\/denhelder.online\/evenement\/sinterklaas-intocht-op-het-dorpsplein-huisduinen\/","url":"https:\/\/denhelder.online\/evenement\/sinterklaas-intocht-op-het-dorpsplein-huisduinen\/","name":"Sinterklaas intocht op het Dorpsplein Huisduinen - Den Helder Online","isPartOf":{"@id":"https:\/\/denhelder.online\/#website"},"datePublished":"2026-02-16T10:25:56+00:00","dateModified":"2026-04-22T15:00:42+00:00","breadcrumb":{"@id":"https:\/\/denhelder.online\/evenement\/sinterklaas-intocht-op-het-dorpsplein-huisduinen\/#breadcrumb"},"inLanguage":"de","potentialAction":[{"@type":"ReadAction","target":["https:\/\/denhelder.online\/evenement\/sinterklaas-intocht-op-het-dorpsplein-huisduinen\/"]}]},{"@type":"BreadcrumbList","@id":"https:\/\/denhelder.online\/evenement\/sinterklaas-intocht-op-het-dorpsplein-huisduinen\/#breadcrumb","itemListElement":[{"@type":"ListItem","position":1,"name":"Home","item":"https:\/\/denhelder.online\/"},{"@type":"ListItem","position":2,"name":"Evenementen","item":"https:\/\/denhelder.online\/en\/event-2\/"},{"@type":"ListItem","position":3,"name":"Sinterklaas intocht op het Dorpsplein Huisduinen"}]},{"@type":"WebSite","@id":"https:\/\/denhelder.online\/#website","url":"https:\/\/denhelder.online\/","name":"Den Helder Online","description":"Beleef Den Helder","publisher":{"@id":"https:\/\/denhelder.online\/#organization"},"potentialAction":[{"@type":"SearchAction","target":{"@type":"EntryPoint","urlTemplate":"https:\/\/denhelder.online\/?s={search_term_string}"},"query-input":{"@type":"PropertyValueSpecification","valueRequired":true,"valueName":"search_term_string"}}],"inLanguage":"de"},{"@type":"Organization","@id":"https:\/\/denhelder.online\/#organization","name":"Den Helder Online","url":"https:\/\/denhelder.online\/","logo":{"@type":"ImageObject","inLanguage":"de","@id":"https:\/\/denhelder.online\/#\/schema\/logo\/image\/","url":"https:\/\/denhelder.online\/wp-content\/uploads\/2021\/12\/DitIsDH-Logo-26-tagline.svg","contentUrl":"https:\/\/denhelder.online\/wp-content\/uploads\/2021\/12\/DitIsDH-Logo-26-tagline.svg","width":1717.0999999999999,"height":934.89999999999998,"caption":"Den Helder Online"},"image":{"@id":"https:\/\/denhelder.online\/#\/schema\/logo\/image\/"}}]}</script>
<!-- / Yoast SEO Premium plugin. -->
