{"id":21321,"date":"2026-02-16T14:27:18","date_gmt":"2026-02-16T13:27:18","guid":{"rendered":"https:\/\/denhelder.online\/evenement\/kofferbakmarkt-bevrijdingsdag-in-quelderduyn\/"},"modified":"2026-03-18T12:05:12","modified_gmt":"2026-03-18T11:05:12","slug":"flohmarkt-zum-befreiungstag-in-quelderduyn","status":"publish","type":"evenement","link":"https:\/\/denhelder.online\/de\/evenement\/kofferbakmarkt-bevrijdingsdag-in-quelderduyn\/","title":{"rendered":"Flohmarkt zum Befreiungstag in Quelderduyn"},"content":{"rendered":"<p>Am 5. Mai verwandelt sich der Parkplatz von Quelderduyn in einen lebhaften Flohmarkt. Schlendern Sie vorbei an Autos, die bis zum Rand mit gebrauchten Sch\u00e4tzen gef\u00fcllt sind \u2013 von Spielzeug \u00fcber B\u00fccher und Geschirr bis hin zu Kleidung. Hier entdecken Sie, was andere nicht mehr brauchen.<\/p>\n<p><strong>Auf der Suche nach verborgenen Sch\u00e4tzen<\/strong><\/p>\n<p>Jeder Kofferraumverkauf erz\u00e4hlt seine eigene Geschichte. Man st\u00f6bert durch B\u00fccherstapel und entdeckt einzigartige Fundst\u00fccke. Vielleicht findet man genau das, wonach man schon ewig gesucht hat. Oder man wird von etwas Unerwartetem \u00fcberrascht. Genau das macht einen Kofferraumverkauf so spannend.<\/p>\n<p><strong>Feiere den Tag der Befreiung auf deine Weise<\/strong><\/p>\n<p>Verbinden Sie Ihren Besuch mit der Atmosph\u00e4re des Befreiungstages. Sie sind drau\u00dfen und treffen andere Schn\u00e4ppchenj\u00e4ger aus der Stadt. Unterhalten Sie sich mit den H\u00e4ndlern und feilschen Sie um die Preise. So wird Einkaufen zum Erlebnis.<\/p>\n<p><strong>Sei p\u00fcnktlich und verpasse nichts<\/strong><\/p>\n<p>Der Markt findet am Montag, den 5. Mai, auf dem Parkplatz Quelderduyn (Den Helder) statt. Kommen Sie fr\u00fch, um die besten Schn\u00e4ppchen zu ergattern. Bringen Sie Bargeld und eine Tasche f\u00fcr Ihre Eink\u00e4ufe mit, damit Sie Ihren Besuch optimal nutzen k\u00f6nnen.<\/p>","protected":false},"excerpt":{"rendered":"<p>Schlendern Sie am 5. Mai in Quelderduyn an vollen Kofferr\u00e4umen vorbei und sichern Sie sich Ihren Fund.<\/p>","protected":false},"featured_media":0,"template":"","meta":{"patterndates-bp":null,"singledates-bp":[{"date-timestamp-repeaters":1777939200}],"footnotes":""},"categories":[6370,6366],"tags":[6364,6230,6225],"doelgroep":[],"class_list":["post-21321","evenement","type-evenement","status-publish","hentry","category-evenement","category-markt","tag-den-helder","tag-outdoor","tag-winkelen","marker-toonopdenhelder","marker-toonopvisitkopvanholland"],"yoast_head":"<!-- This site is optimized with the Yoast SEO Premium plugin v24.7 (Yoast SEO v27.5) - https:\/\/yoast.com\/product\/yoast-seo-premium-wordpress\/ -->\n<title>Kofferbakmarkt Bevrijdingsdag in Quelderduyn - Den Helder Online<\/title>\n<meta name=\"robots\" content=\"index, follow, max-snippet:-1, max-image-preview:large, max-video-preview:-1\" \/>\n<link rel=\"canonical\" href=\"https:\/\/denhelder.online\/de\/ereignis\/flohmarkt-zum-befreiungstag-in-quelderduyn\/\" \/>\n<meta property=\"og:locale\" content=\"de_DE\" \/>\n<meta property=\"og:type\" content=\"article\" \/>\n<meta property=\"og:title\" content=\"Kofferbakmarkt Bevrijdingsdag in Quelderduyn\" \/>\n<meta property=\"og:description\" content=\"Struin langs volle kofferbakken en scoor jouw vondst op 5 mei in Quelderduyn.\" \/>\n<meta property=\"og:url\" content=\"https:\/\/denhelder.online\/de\/ereignis\/flohmarkt-zum-befreiungstag-in-quelderduyn\/\" \/>\n<meta property=\"og:site_name\" content=\"Den Helder Online\" \/>\n<meta property=\"article:modified_time\" content=\"2026-03-18T11:05:12+00:00\" \/>\n<meta name=\"twitter:card\" content=\"summary_large_image\" \/>\n<meta name=\"twitter:label1\" content=\"Gesch\u00e4tzte Lesezeit\" \/>\n\t<meta name=\"twitter:data1\" content=\"1\u00a0Minute\" \/>\n<script type=\"application\/ld+json\" class=\"yoast-schema-graph\">{\"@context\":\"https:\\\/\\\/schema.org\",\"@graph\":[{\"@type\":\"WebPage\",\"@id\":\"https:\\\/\\\/denhelder.online\\\/evenement\\\/kofferbakmarkt-bevrijdingsdag-in-quelderduyn\\\/\",\"url\":\"https:\\\/\\\/denhelder.online\\\/evenement\\\/kofferbakmarkt-bevrijdingsdag-in-quelderduyn\\\/\",\"name\":\"Kofferbakmarkt Bevrijdingsdag in Quelderduyn - Den Helder Online\",\"isPartOf\":{\"@id\":\"https:\\\/\\\/denhelder.online\\\/#website\"},\"datePublished\":\"2026-02-16T13:27:18+00:00\",\"dateModified\":\"2026-03-18T11:05:12+00:00\",\"breadcrumb\":{\"@id\":\"https:\\\/\\\/denhelder.online\\\/evenement\\\/kofferbakmarkt-bevrijdingsdag-in-quelderduyn\\\/#breadcrumb\"},\"inLanguage\":\"de\",\"potentialAction\":[{\"@type\":\"ReadAction\",\"target\":[\"https:\\\/\\\/denhelder.online\\\/evenement\\\/kofferbakmarkt-bevrijdingsdag-in-quelderduyn\\\/\"]}]},{\"@type\":\"BreadcrumbList\",\"@id\":\"https:\\\/\\\/denhelder.online\\\/evenement\\\/kofferbakmarkt-bevrijdingsdag-in-quelderduyn\\\/#breadcrumb\",\"itemListElement\":[{\"@type\":\"ListItem\",\"position\":1,\"name\":\"Home\",\"item\":\"https:\\\/\\\/denhelder.online\\\/\"},{\"@type\":\"ListItem\",\"position\":2,\"name\":\"Evenementen\",\"item\":\"https:\\\/\\\/denhelder.online\\\/en\\\/event-2\\\/\"},{\"@type\":\"ListItem\",\"position\":3,\"name\":\"Kofferbakmarkt Bevrijdingsdag in Quelderduyn\"}]},{\"@type\":\"WebSite\",\"@id\":\"https:\\\/\\\/denhelder.online\\\/#website\",\"url\":\"https:\\\/\\\/denhelder.online\\\/\",\"name\":\"Den Helder Online\",\"description\":\"Beleef Den Helder\",\"publisher\":{\"@id\":\"https:\\\/\\\/denhelder.online\\\/#organization\"},\"potentialAction\":[{\"@type\":\"SearchAction\",\"target\":{\"@type\":\"EntryPoint\",\"urlTemplate\":\"https:\\\/\\\/denhelder.online\\\/?s={search_term_string}\"},\"query-input\":{\"@type\":\"PropertyValueSpecification\",\"valueRequired\":true,\"valueName\":\"search_term_string\"}}],\"inLanguage\":\"de\"},{\"@type\":\"Organization\",\"@id\":\"https:\\\/\\\/denhelder.online\\\/#organization\",\"name\":\"Den Helder Online\",\"url\":\"https:\\\/\\\/denhelder.online\\\/\",\"logo\":{\"@type\":\"ImageObject\",\"inLanguage\":\"de\",\"@id\":\"https:\\\/\\\/denhelder.online\\\/#\\\/schema\\\/logo\\\/image\\\/\",\"url\":\"https:\\\/\\\/denhelder.online\\\/wp-content\\\/uploads\\\/2021\\\/12\\\/DitIsDH-Logo-26-tagline.svg\",\"contentUrl\":\"https:\\\/\\\/denhelder.online\\\/wp-content\\\/uploads\\\/2021\\\/12\\\/DitIsDH-Logo-26-tagline.svg\",\"width\":1717.0999999999999,\"height\":934.89999999999998,\"caption\":\"Den Helder Online\"},\"image\":{\"@id\":\"https:\\\/\\\/denhelder.online\\\/#\\\/schema\\\/logo\\\/image\\\/\"}}]}<\/script>\n<!-- \/ Yoast SEO Premium plugin. -->","yoast_head_json":{"title":"Flohmarkt zum Befreiungstag in Quelderduyn - Den Helder Online","robots":{"index":"index","follow":"follow","max-snippet":"max-snippet:-1","max-image-preview":"max-image-preview:large","max-video-preview":"max-video-preview:-1"},"canonical":"https:\/\/denhelder.online\/de\/ereignis\/flohmarkt-zum-befreiungstag-in-quelderduyn\/","og_locale":"de_DE","og_type":"article","og_title":"Kofferbakmarkt Bevrijdingsdag in Quelderduyn","og_description":"Struin langs volle kofferbakken en scoor jouw vondst op 5 mei in Quelderduyn.","og_url":"https:\/\/denhelder.online\/de\/ereignis\/flohmarkt-zum-befreiungstag-in-quelderduyn\/","og_site_name":"Den Helder Online","article_modified_time":"2026-03-18T11:05:12+00:00","twitter_card":"summary_large_image","twitter_misc":{"Gesch\u00e4tzte Lesezeit":"1\u00a0Minute"},"schema":{"@context":"https:\/\/schema.org","@graph":[{"@type":"WebPage","@id":"https:\/\/denhelder.online\/evenement\/kofferbakmarkt-bevrijdingsdag-in-quelderduyn\/","url":"https:\/\/denhelder.online\/evenement\/kofferbakmarkt-bevrijdingsdag-in-quelderduyn\/","name":"Flohmarkt zum Befreiungstag in Quelderduyn - Den Helder Online","isPartOf":{"@id":"https:\/\/denhelder.online\/#website"},"datePublished":"2026-02-16T13:27:18+00:00","dateModified":"2026-03-18T11:05:12+00:00","breadcrumb":{"@id":"https:\/\/denhelder.online\/evenement\/kofferbakmarkt-bevrijdingsdag-in-quelderduyn\/#breadcrumb"},"inLanguage":"de","potentialAction":[{"@type":"ReadAction","target":["https:\/\/denhelder.online\/evenement\/kofferbakmarkt-bevrijdingsdag-in-quelderduyn\/"]}]},{"@type":"BreadcrumbList","@id":"https:\/\/denhelder.online\/evenement\/kofferbakmarkt-bevrijdingsdag-in-quelderduyn\/#breadcrumb","itemListElement":[{"@type":"ListItem","position":1,"name":"Home","item":"https:\/\/denhelder.online\/"},{"@type":"ListItem","position":2,"name":"Evenementen","item":"https:\/\/denhelder.online\/en\/event-2\/"},{"@type":"ListItem","position":3,"name":"Kofferbakmarkt Bevrijdingsdag in Quelderduyn"}]},{"@type":"WebSite","@id":"https:\/\/denhelder.online\/#website","url":"https:\/\/denhelder.online\/","name":"Den Helder Online","description":"Erleben Sie Den Helder","publisher":{"@id":"https:\/\/denhelder.online\/#organization"},"potentialAction":[{"@type":"SearchAction","target":{"@type":"EntryPoint","urlTemplate":"https:\/\/denhelder.online\/?s={search_term_string}"},"query-input":{"@type":"PropertyValueSpecification","valueRequired":true,"valueName":"search_term_string"}}],"inLanguage":"de"},{"@type":"Organization","@id":"https:\/\/denhelder.online\/#organization","name":"Den Helder Online","url":"https:\/\/denhelder.online\/","logo":{"@type":"ImageObject","inLanguage":"de","@id":"https:\/\/denhelder.online\/#\/schema\/logo\/image\/","url":"https:\/\/denhelder.online\/wp-content\/uploads\/2021\/12\/DitIsDH-Logo-26-tagline.svg","contentUrl":"https:\/\/denhelder.online\/wp-content\/uploads\/2021\/12\/DitIsDH-Logo-26-tagline.svg","width":1717.0999999999999,"height":934.89999999999998,"caption":"Den Helder Online"},"image":{"@id":"https:\/\/denhelder.online\/#\/schema\/logo\/image\/"}}]}},"_links":{"self":[{"href":"https:\/\/denhelder.online\/de\/wp-json\/wp\/v2\/events\/21321","targetHints":{"allow":["GET"]}}],"collection":[{"href":"https:\/\/denhelder.online\/de\/wp-json\/wp\/v2\/events"}],"about":[{"href":"https:\/\/denhelder.online\/de\/wp-json\/wp\/v2\/types\/evenement"}],"version-history":[{"count":0,"href":"https:\/\/denhelder.online\/de\/wp-json\/wp\/v2\/events\/21321\/revisions"}],"wp:attachment":[{"href":"https:\/\/denhelder.online\/de\/wp-json\/wp\/v2\/media?parent=21321"}],"wp:term":[{"taxonomy":"category","embeddable":true,"href":"https:\/\/denhelder.online\/de\/wp-json\/wp\/v2\/categories?post=21321"},{"taxonomy":"post_tag","embeddable":true,"href":"https:\/\/denhelder.online\/de\/wp-json\/wp\/v2\/tags?post=21321"},{"taxonomy":"doelgroep","embeddable":true,"href":"https:\/\/denhelder.online\/de\/wp-json\/wp\/v2\/doelgroep?post=21321"}],"curies":[{"name":"wp","href":"https:\/\/api.w.org\/{rel}","templated":true}]}}

<p>Am 5. Mai verwandelt sich der Parkplatz von Quelderduyn in einen lebhaften Flohmarkt. Schlendern Sie vorbei an Autos, die bis zum Rand mit gebrauchten Schätzen gefüllt sind – von Spielzeug über Bücher und Geschirr bis hin zu Kleidung. Hier entdecken Sie, was andere nicht mehr brauchen.</p>
<p><strong>Auf der Suche nach verborgenen Schätzen</strong></p>
<p>Jeder Kofferraumverkauf erzählt seine eigene Geschichte. Man stöbert durch Bücherstapel und entdeckt einzigartige Fundstücke. Vielleicht findet man genau das, wonach man schon ewig gesucht hat. Oder man wird von etwas Unerwartetem überrascht. Genau das macht einen Kofferraumverkauf so spannend.</p>
<p><strong>Feiere den Tag der Befreiung auf deine Weise</strong></p>
<p>Verbinden Sie Ihren Besuch mit der Atmosphäre des Befreiungstages. Sie sind draußen und treffen andere Schnäppchenjäger aus der Stadt. Unterhalten Sie sich mit den Händlern und feilschen Sie um die Preise. So wird Einkaufen zum Erlebnis.</p>
<p><strong>Sei pünktlich und verpasse nichts</strong></p>
<p>Der Markt findet am Montag, den 5. Mai, auf dem Parkplatz Quelderduyn (Den Helder) statt. Kommen Sie früh, um die besten Schnäppchen zu ergattern. Bringen Sie Bargeld und eine Tasche für Ihre Einkäufe mit, damit Sie Ihren Besuch optimal nutzen können.</p>

<p>Schlendern Sie am 5. Mai in Quelderduyn an vollen Kofferräumen vorbei und sichern Sie sich Ihren Fund.</p>

<!-- This site is optimized with the Yoast SEO Premium plugin v24.7 (Yoast SEO v27.5) - https://yoast.com/product/yoast-seo-premium-wordpress/ -->
<title>Kofferbakmarkt Bevrijdingsdag in Quelderduyn - Den Helder Online</title>
<meta name="robots" content="index, follow, max-snippet:-1, max-image-preview:large, max-video-preview:-1" />
<link rel="canonical" href="https://denhelder.online/de/ereignis/flohmarkt-zum-befreiungstag-in-quelderduyn/" />
<meta property="og:locale" content="de_DE" />
<meta property="og:type" content="article" />
<meta property="og:title" content="Kofferbakmarkt Bevrijdingsdag in Quelderduyn" />
<meta property="og:description" content="Struin langs volle kofferbakken en scoor jouw vondst op 5 mei in Quelderduyn." />
<meta property="og:url" content="https://denhelder.online/de/ereignis/flohmarkt-zum-befreiungstag-in-quelderduyn/" />
<meta property="og:site_name" content="Den Helder Online" />
<meta property="article:modified_time" content="2026-03-18T11:05:12+00:00" />
<meta name="twitter:card" content="summary_large_image" />
<meta name="twitter:label1" content="Geschätzte Lesezeit" />
	<meta name="twitter:data1" content="1 Minute" />
<script type="application/ld+json" class="yoast-schema-graph">{"@context":"https:\/\/schema.org","@graph":[{"@type":"WebPage","@id":"https:\/\/denhelder.online\/evenement\/kofferbakmarkt-bevrijdingsdag-in-quelderduyn\/","url":"https:\/\/denhelder.online\/evenement\/kofferbakmarkt-bevrijdingsdag-in-quelderduyn\/","name":"Kofferbakmarkt Bevrijdingsdag in Quelderduyn - Den Helder Online","isPartOf":{"@id":"https:\/\/denhelder.online\/#website"},"datePublished":"2026-02-16T13:27:18+00:00","dateModified":"2026-03-18T11:05:12+00:00","breadcrumb":{"@id":"https:\/\/denhelder.online\/evenement\/kofferbakmarkt-bevrijdingsdag-in-quelderduyn\/#breadcrumb"},"inLanguage":"de","potentialAction":[{"@type":"ReadAction","target":["https:\/\/denhelder.online\/evenement\/kofferbakmarkt-bevrijdingsdag-in-quelderduyn\/"]}]},{"@type":"BreadcrumbList","@id":"https:\/\/denhelder.online\/evenement\/kofferbakmarkt-bevrijdingsdag-in-quelderduyn\/#breadcrumb","itemListElement":[{"@type":"ListItem","position":1,"name":"Home","item":"https:\/\/denhelder.online\/"},{"@type":"ListItem","position":2,"name":"Evenementen","item":"https:\/\/denhelder.online\/en\/event-2\/"},{"@type":"ListItem","position":3,"name":"Kofferbakmarkt Bevrijdingsdag in Quelderduyn"}]},{"@type":"WebSite","@id":"https:\/\/denhelder.online\/#website","url":"https:\/\/denhelder.online\/","name":"Den Helder Online","description":"Beleef Den Helder","publisher":{"@id":"https:\/\/denhelder.online\/#organization"},"potentialAction":[{"@type":"SearchAction","target":{"@type":"EntryPoint","urlTemplate":"https:\/\/denhelder.online\/?s={search_term_string}"},"query-input":{"@type":"PropertyValueSpecification","valueRequired":true,"valueName":"search_term_string"}}],"inLanguage":"de"},{"@type":"Organization","@id":"https:\/\/denhelder.online\/#organization","name":"Den Helder Online","url":"https:\/\/denhelder.online\/","logo":{"@type":"ImageObject","inLanguage":"de","@id":"https:\/\/denhelder.online\/#\/schema\/logo\/image\/","url":"https:\/\/denhelder.online\/wp-content\/uploads\/2021\/12\/DitIsDH-Logo-26-tagline.svg","contentUrl":"https:\/\/denhelder.online\/wp-content\/uploads\/2021\/12\/DitIsDH-Logo-26-tagline.svg","width":1717.0999999999999,"height":934.89999999999998,"caption":"Den Helder Online"},"image":{"@id":"https:\/\/denhelder.online\/#\/schema\/logo\/image\/"}}]}</script>
<!-- / Yoast SEO Premium plugin. -->
