{"id":21322,"date":"2026-02-16T14:27:19","date_gmt":"2026-02-16T13:27:19","guid":{"rendered":"https:\/\/denhelder.online\/evenement\/country-festival-bij-hotel-den-helder\/"},"modified":"2026-04-07T09:30:56","modified_gmt":"2026-04-07T07:30:56","slug":"country-festival-im-hotel-den-helder","status":"publish","type":"evenement","link":"https:\/\/denhelder.online\/de\/evenement\/country-festival-bij-hotel-den-helder\/","title":{"rendered":"Country-Festival im Hotel Den Helder"},"content":{"rendered":"<p>Am 29. August erf\u00fcllt Country-Musik das Hotel Den Helder. Genie\u00dfen Sie einen Tag im Western-Stil. Schn\u00fcren Sie Ihre Stiefel und lassen Sie sich vom Rhythmus mitrei\u00dfen. Ein Sommertag mit dem gewissen Etwas!.<\/p>\n<h3>Sp\u00fcre die Musik in deinen Stiefeln<\/h3>\n<p>Bei Country-Musik geht es ums Erleben. Du h\u00f6rst vertraute Kl\u00e4nge und entdeckst neue Lieder. Vielleicht singst du lauthals mit. Oder du wiegst dich sanft im Takt. Es geht darum, die gemeinsame Zeit zu genie\u00dfen.<\/p>\n<h3>Treffen Sie andere Enthusiasten<\/h3>\n<p>Sie treffen hier auf Besucher mit demselben Musikgeschmack. Kommen Sie ins Gespr\u00e4ch und tauschen Sie sich \u00fcber Ihre Lieblingsk\u00fcnstler aus. Die Atmosph\u00e4re ist entspannt und offen, sodass Sie sich sofort wie zu Hause f\u00fchlen werden.<\/p>\n<h3>Markieren Sie den 29. August in Ihrem Kalender.<\/h3>\n<p>Das Country-Festival findet am 29. August im Hotel Den Helder statt. Kommen Sie fr\u00fch und erleben Sie den Tag von Anfang bis Ende. Bringen Sie Ihre Freunde mit und genie\u00dfen Sie einen unvergesslichen Abend.<\/p>\n<h3>Tickets<\/h3>\n<p>Tickets sind \u00fcber die Website des Country Festivals Den Helder erh\u00e4ltlich.<\/p>","protected":false},"excerpt":{"rendered":"<p>Erleben Sie am 29. August einen Tag voller Country-Musik im Hotel Den Helder.<\/p>","protected":false},"featured_media":0,"template":"","meta":{"patterndates-bp":null,"singledates-bp":[{"date-timestamp-repeaters":1787961600}],"footnotes":""},"categories":[6370],"tags":[6364,6237,6223],"doelgroep":[],"class_list":["post-21322","evenement","type-evenement","status-publish","hentry","category-evenement","tag-den-helder","tag-muziek","tag-uitgaan","marker-toonopdenhelder","marker-toonopvisitkopvanholland"],"yoast_head":"<!-- This site is optimized with the Yoast SEO Premium plugin v24.7 (Yoast SEO v27.5) - https:\/\/yoast.com\/product\/yoast-seo-premium-wordpress\/ -->\n<title>Country Festival bij Hotel Den Helder - Den Helder Online<\/title>\n<meta name=\"robots\" content=\"index, follow, max-snippet:-1, max-image-preview:large, max-video-preview:-1\" \/>\n<link rel=\"canonical\" href=\"https:\/\/denhelder.online\/de\/ereignis\/country-festival-im-hotel-den-helder\/\" \/>\n<meta property=\"og:locale\" content=\"de_DE\" \/>\n<meta property=\"og:type\" content=\"article\" \/>\n<meta property=\"og:title\" content=\"Country Festival bij Hotel Den Helder\" \/>\n<meta property=\"og:description\" content=\"Beleef op 29 augustus een dag vol country bij Hotel Den Helder.\" \/>\n<meta property=\"og:url\" content=\"https:\/\/denhelder.online\/de\/ereignis\/country-festival-im-hotel-den-helder\/\" \/>\n<meta property=\"og:site_name\" content=\"Den Helder Online\" \/>\n<meta property=\"article:modified_time\" content=\"2026-04-07T07:30:56+00:00\" \/>\n<meta name=\"twitter:card\" content=\"summary_large_image\" \/>\n<meta name=\"twitter:label1\" content=\"Gesch\u00e4tzte Lesezeit\" \/>\n\t<meta name=\"twitter:data1\" content=\"1\u00a0Minute\" \/>\n<script type=\"application\/ld+json\" class=\"yoast-schema-graph\">{\"@context\":\"https:\\\/\\\/schema.org\",\"@graph\":[{\"@type\":\"WebPage\",\"@id\":\"https:\\\/\\\/denhelder.online\\\/de\\\/ereignis\\\/country-festival-im-hotel-den-helder\\\/\",\"url\":\"https:\\\/\\\/denhelder.online\\\/de\\\/ereignis\\\/country-festival-im-hotel-den-helder\\\/\",\"name\":\"Country Festival bij Hotel Den Helder - Den Helder Online\",\"isPartOf\":{\"@id\":\"https:\\\/\\\/denhelder.online\\\/#website\"},\"datePublished\":\"2026-02-16T13:27:19+00:00\",\"dateModified\":\"2026-04-07T07:30:56+00:00\",\"breadcrumb\":{\"@id\":\"https:\\\/\\\/denhelder.online\\\/de\\\/ereignis\\\/country-festival-im-hotel-den-helder\\\/#breadcrumb\"},\"inLanguage\":\"de\",\"potentialAction\":[{\"@type\":\"ReadAction\",\"target\":[\"https:\\\/\\\/denhelder.online\\\/de\\\/ereignis\\\/country-festival-im-hotel-den-helder\\\/\"]}]},{\"@type\":\"BreadcrumbList\",\"@id\":\"https:\\\/\\\/denhelder.online\\\/de\\\/ereignis\\\/country-festival-im-hotel-den-helder\\\/#breadcrumb\",\"itemListElement\":[{\"@type\":\"ListItem\",\"position\":1,\"name\":\"Home\",\"item\":\"https:\\\/\\\/denhelder.online\\\/\"},{\"@type\":\"ListItem\",\"position\":2,\"name\":\"Evenementen\",\"item\":\"https:\\\/\\\/denhelder.online\\\/en\\\/event-2\\\/\"},{\"@type\":\"ListItem\",\"position\":3,\"name\":\"Country Festival bij Hotel Den Helder\"}]},{\"@type\":\"WebSite\",\"@id\":\"https:\\\/\\\/denhelder.online\\\/#website\",\"url\":\"https:\\\/\\\/denhelder.online\\\/\",\"name\":\"Den Helder Online\",\"description\":\"Beleef Den Helder\",\"publisher\":{\"@id\":\"https:\\\/\\\/denhelder.online\\\/#organization\"},\"potentialAction\":[{\"@type\":\"SearchAction\",\"target\":{\"@type\":\"EntryPoint\",\"urlTemplate\":\"https:\\\/\\\/denhelder.online\\\/?s={search_term_string}\"},\"query-input\":{\"@type\":\"PropertyValueSpecification\",\"valueRequired\":true,\"valueName\":\"search_term_string\"}}],\"inLanguage\":\"de\"},{\"@type\":\"Organization\",\"@id\":\"https:\\\/\\\/denhelder.online\\\/#organization\",\"name\":\"Den Helder Online\",\"url\":\"https:\\\/\\\/denhelder.online\\\/\",\"logo\":{\"@type\":\"ImageObject\",\"inLanguage\":\"de\",\"@id\":\"https:\\\/\\\/denhelder.online\\\/#\\\/schema\\\/logo\\\/image\\\/\",\"url\":\"https:\\\/\\\/denhelder.online\\\/wp-content\\\/uploads\\\/2021\\\/12\\\/DitIsDH-Logo-26-tagline.svg\",\"contentUrl\":\"https:\\\/\\\/denhelder.online\\\/wp-content\\\/uploads\\\/2021\\\/12\\\/DitIsDH-Logo-26-tagline.svg\",\"width\":1717.0999999999999,\"height\":934.89999999999998,\"caption\":\"Den Helder Online\"},\"image\":{\"@id\":\"https:\\\/\\\/denhelder.online\\\/#\\\/schema\\\/logo\\\/image\\\/\"}}]}<\/script>\n<!-- \/ Yoast SEO Premium plugin. -->","yoast_head_json":{"title":"Country-Festival im Hotel Den Helder - Den Helder Online","robots":{"index":"index","follow":"follow","max-snippet":"max-snippet:-1","max-image-preview":"max-image-preview:large","max-video-preview":"max-video-preview:-1"},"canonical":"https:\/\/denhelder.online\/de\/ereignis\/country-festival-im-hotel-den-helder\/","og_locale":"de_DE","og_type":"article","og_title":"Country Festival bij Hotel Den Helder","og_description":"Beleef op 29 augustus een dag vol country bij Hotel Den Helder.","og_url":"https:\/\/denhelder.online\/de\/ereignis\/country-festival-im-hotel-den-helder\/","og_site_name":"Den Helder Online","article_modified_time":"2026-04-07T07:30:56+00:00","twitter_card":"summary_large_image","twitter_misc":{"Gesch\u00e4tzte Lesezeit":"1\u00a0Minute"},"schema":{"@context":"https:\/\/schema.org","@graph":[{"@type":"WebPage","@id":"https:\/\/denhelder.online\/de\/ereignis\/country-festival-im-hotel-den-helder\/","url":"https:\/\/denhelder.online\/de\/ereignis\/country-festival-im-hotel-den-helder\/","name":"Country-Festival im Hotel Den Helder - Den Helder Online","isPartOf":{"@id":"https:\/\/denhelder.online\/#website"},"datePublished":"2026-02-16T13:27:19+00:00","dateModified":"2026-04-07T07:30:56+00:00","breadcrumb":{"@id":"https:\/\/denhelder.online\/de\/ereignis\/country-festival-im-hotel-den-helder\/#breadcrumb"},"inLanguage":"de","potentialAction":[{"@type":"ReadAction","target":["https:\/\/denhelder.online\/de\/ereignis\/country-festival-im-hotel-den-helder\/"]}]},{"@type":"BreadcrumbList","@id":"https:\/\/denhelder.online\/de\/ereignis\/country-festival-im-hotel-den-helder\/#breadcrumb","itemListElement":[{"@type":"ListItem","position":1,"name":"Home","item":"https:\/\/denhelder.online\/"},{"@type":"ListItem","position":2,"name":"Evenementen","item":"https:\/\/denhelder.online\/en\/event-2\/"},{"@type":"ListItem","position":3,"name":"Country Festival bij Hotel Den Helder"}]},{"@type":"WebSite","@id":"https:\/\/denhelder.online\/#website","url":"https:\/\/denhelder.online\/","name":"Den Helder Online","description":"Erleben Sie Den Helder","publisher":{"@id":"https:\/\/denhelder.online\/#organization"},"potentialAction":[{"@type":"SearchAction","target":{"@type":"EntryPoint","urlTemplate":"https:\/\/denhelder.online\/?s={search_term_string}"},"query-input":{"@type":"PropertyValueSpecification","valueRequired":true,"valueName":"search_term_string"}}],"inLanguage":"de"},{"@type":"Organization","@id":"https:\/\/denhelder.online\/#organization","name":"Den Helder Online","url":"https:\/\/denhelder.online\/","logo":{"@type":"ImageObject","inLanguage":"de","@id":"https:\/\/denhelder.online\/#\/schema\/logo\/image\/","url":"https:\/\/denhelder.online\/wp-content\/uploads\/2021\/12\/DitIsDH-Logo-26-tagline.svg","contentUrl":"https:\/\/denhelder.online\/wp-content\/uploads\/2021\/12\/DitIsDH-Logo-26-tagline.svg","width":1717.0999999999999,"height":934.89999999999998,"caption":"Den Helder Online"},"image":{"@id":"https:\/\/denhelder.online\/#\/schema\/logo\/image\/"}}]}},"_links":{"self":[{"href":"https:\/\/denhelder.online\/de\/wp-json\/wp\/v2\/events\/21322","targetHints":{"allow":["GET"]}}],"collection":[{"href":"https:\/\/denhelder.online\/de\/wp-json\/wp\/v2\/events"}],"about":[{"href":"https:\/\/denhelder.online\/de\/wp-json\/wp\/v2\/types\/evenement"}],"version-history":[{"count":0,"href":"https:\/\/denhelder.online\/de\/wp-json\/wp\/v2\/events\/21322\/revisions"}],"wp:attachment":[{"href":"https:\/\/denhelder.online\/de\/wp-json\/wp\/v2\/media?parent=21322"}],"wp:term":[{"taxonomy":"category","embeddable":true,"href":"https:\/\/denhelder.online\/de\/wp-json\/wp\/v2\/categories?post=21322"},{"taxonomy":"post_tag","embeddable":true,"href":"https:\/\/denhelder.online\/de\/wp-json\/wp\/v2\/tags?post=21322"},{"taxonomy":"doelgroep","embeddable":true,"href":"https:\/\/denhelder.online\/de\/wp-json\/wp\/v2\/doelgroep?post=21322"}],"curies":[{"name":"wp","href":"https:\/\/api.w.org\/{rel}","templated":true}]}}

<p>Am 29. August erfüllt Country-Musik das Hotel Den Helder. Genießen Sie einen Tag im Western-Stil. Schnüren Sie Ihre Stiefel und lassen Sie sich vom Rhythmus mitreißen. Ein Sommertag mit dem gewissen Etwas!.</p>
<h3>Spüre die Musik in deinen Stiefeln</h3>
<p>Bei Country-Musik geht es ums Erleben. Du hörst vertraute Klänge und entdeckst neue Lieder. Vielleicht singst du lauthals mit. Oder du wiegst dich sanft im Takt. Es geht darum, die gemeinsame Zeit zu genießen.</p>
<h3>Treffen Sie andere Enthusiasten</h3>
<p>Sie treffen hier auf Besucher mit demselben Musikgeschmack. Kommen Sie ins Gespräch und tauschen Sie sich über Ihre Lieblingskünstler aus. Die Atmosphäre ist entspannt und offen, sodass Sie sich sofort wie zu Hause fühlen werden.</p>
<h3>Markieren Sie den 29. August in Ihrem Kalender.</h3>
<p>Das Country-Festival findet am 29. August im Hotel Den Helder statt. Kommen Sie früh und erleben Sie den Tag von Anfang bis Ende. Bringen Sie Ihre Freunde mit und genießen Sie einen unvergesslichen Abend.</p>
<h3>Tickets</h3>
<p>Tickets sind über die Website des Country Festivals Den Helder erhältlich.</p>

<!-- This site is optimized with the Yoast SEO Premium plugin v24.7 (Yoast SEO v27.5) - https://yoast.com/product/yoast-seo-premium-wordpress/ -->
<title>Country Festival bij Hotel Den Helder - Den Helder Online</title>
<meta name="robots" content="index, follow, max-snippet:-1, max-image-preview:large, max-video-preview:-1" />
<link rel="canonical" href="https://denhelder.online/de/ereignis/country-festival-im-hotel-den-helder/" />
<meta property="og:locale" content="de_DE" />
<meta property="og:type" content="article" />
<meta property="og:title" content="Country Festival bij Hotel Den Helder" />
<meta property="og:description" content="Beleef op 29 augustus een dag vol country bij Hotel Den Helder." />
<meta property="og:url" content="https://denhelder.online/de/ereignis/country-festival-im-hotel-den-helder/" />
<meta property="og:site_name" content="Den Helder Online" />
<meta property="article:modified_time" content="2026-04-07T07:30:56+00:00" />
<meta name="twitter:card" content="summary_large_image" />
<meta name="twitter:label1" content="Geschätzte Lesezeit" />
	<meta name="twitter:data1" content="1 Minute" />
<script type="application/ld+json" class="yoast-schema-graph">{"@context":"https:\/\/schema.org","@graph":[{"@type":"WebPage","@id":"https:\/\/denhelder.online\/de\/ereignis\/country-festival-im-hotel-den-helder\/","url":"https:\/\/denhelder.online\/de\/ereignis\/country-festival-im-hotel-den-helder\/","name":"Country Festival bij Hotel Den Helder - Den Helder Online","isPartOf":{"@id":"https:\/\/denhelder.online\/#website"},"datePublished":"2026-02-16T13:27:19+00:00","dateModified":"2026-04-07T07:30:56+00:00","breadcrumb":{"@id":"https:\/\/denhelder.online\/de\/ereignis\/country-festival-im-hotel-den-helder\/#breadcrumb"},"inLanguage":"de","potentialAction":[{"@type":"ReadAction","target":["https:\/\/denhelder.online\/de\/ereignis\/country-festival-im-hotel-den-helder\/"]}]},{"@type":"BreadcrumbList","@id":"https:\/\/denhelder.online\/de\/ereignis\/country-festival-im-hotel-den-helder\/#breadcrumb","itemListElement":[{"@type":"ListItem","position":1,"name":"Home","item":"https:\/\/denhelder.online\/"},{"@type":"ListItem","position":2,"name":"Evenementen","item":"https:\/\/denhelder.online\/en\/event-2\/"},{"@type":"ListItem","position":3,"name":"Country Festival bij Hotel Den Helder"}]},{"@type":"WebSite","@id":"https:\/\/denhelder.online\/#website","url":"https:\/\/denhelder.online\/","name":"Den Helder Online","description":"Beleef Den Helder","publisher":{"@id":"https:\/\/denhelder.online\/#organization"},"potentialAction":[{"@type":"SearchAction","target":{"@type":"EntryPoint","urlTemplate":"https:\/\/denhelder.online\/?s={search_term_string}"},"query-input":{"@type":"PropertyValueSpecification","valueRequired":true,"valueName":"search_term_string"}}],"inLanguage":"de"},{"@type":"Organization","@id":"https:\/\/denhelder.online\/#organization","name":"Den Helder Online","url":"https:\/\/denhelder.online\/","logo":{"@type":"ImageObject","inLanguage":"de","@id":"https:\/\/denhelder.online\/#\/schema\/logo\/image\/","url":"https:\/\/denhelder.online\/wp-content\/uploads\/2021\/12\/DitIsDH-Logo-26-tagline.svg","contentUrl":"https:\/\/denhelder.online\/wp-content\/uploads\/2021\/12\/DitIsDH-Logo-26-tagline.svg","width":1717.0999999999999,"height":934.89999999999998,"caption":"Den Helder Online"},"image":{"@id":"https:\/\/denhelder.online\/#\/schema\/logo\/image\/"}}]}</script>
<!-- / Yoast SEO Premium plugin. -->
