{"id":21592,"date":"2026-03-04T09:21:54","date_gmt":"2026-03-04T08:21:54","guid":{"rendered":"https:\/\/denhelder.online\/evenement\/delly-death-fest-in-quelderduyn\/"},"modified":"2026-04-07T09:30:55","modified_gmt":"2026-04-07T07:30:55","slug":"delly-death-fest-in-quelderduyn","status":"publish","type":"evenement","link":"https:\/\/denhelder.online\/de\/evenement\/delly-death-fest-in-quelderduyn\/","title":{"rendered":"Delly Death Fest in Quelderduyn"},"content":{"rendered":"<p>Am 22. August, von 12:00 bis 21:00 Uhr, verwandelt sich Quelderduyn in ein Mekka f\u00fcr harte Gitarren und rohe Energie. Das Delly Death Fest bringt Death-Metal-Fans f\u00fcr einen Tag voller Live-Musik zusammen. Hier sp\u00fcrt man die Kraft des Genres hautnah.<\/p>\n<h3>Tauche ein in den Klang<\/h3>\n<p>Lass dich von harten Riffs und treibenden Drums mitrei\u00dfen. Vor der B\u00fchne sp\u00fcrst du die Intensit\u00e4t. Du stehst inmitten anderer Fans und teilst ihre Leidenschaft. Das ist keine Hintergrundmusik. Das ist ein Erlebnis.<\/p>\n<h3>Triff andere Metal-Fans<\/h3>\n<p>Das Delly Death Fest zieht Besucher aus der Region und dar\u00fcber hinaus an. Gemeinsam erleben Sie einen unvergesslichen Festivaltag im Gr\u00fcnen von Quelderduyn.<\/p>\n<h3>Markieren Sie den 22. August in Ihrem Kalender.<\/h3>\n<p>Das Festival findet am 22. August in Quelderduyn um Den Helder statt. Zieht eure Bandshirts an und kommt fr\u00fch, um diesen hei\u00dfen Sommertag nicht zu verpassen.<\/p>","protected":false},"excerpt":{"rendered":"<p>Erlebe einen Festivaltag voller Metal beim Delly Death Fest in Quelderduyn.<\/p>","protected":false},"featured_media":0,"template":"","meta":{"patterndates-bp":null,"singledates-bp":[{"date-timestamp-repeaters":1787356800}],"footnotes":""},"categories":[6370,6375],"tags":[6364,6223],"doelgroep":[],"class_list":["post-21592","evenement","type-evenement","status-publish","hentry","category-evenement","category-muziek-muziek","tag-den-helder","tag-uitgaan","marker-toonopdenhelder","marker-toonopvisitkopvanholland"],"yoast_head":"<!-- This site is optimized with the Yoast SEO Premium plugin v24.7 (Yoast SEO v27.5) - https:\/\/yoast.com\/product\/yoast-seo-premium-wordpress\/ -->\n<title>Delly Death Fest in Quelderduyn - Den Helder Online<\/title>\n<meta name=\"robots\" content=\"index, follow, max-snippet:-1, max-image-preview:large, max-video-preview:-1\" \/>\n<link rel=\"canonical\" href=\"https:\/\/denhelder.online\/de\/ereignis\/delly-death-fest-in-quelderduyn\/\" \/>\n<meta property=\"og:locale\" content=\"de_DE\" \/>\n<meta property=\"og:type\" content=\"article\" \/>\n<meta property=\"og:title\" content=\"Delly Death Fest in Quelderduyn\" \/>\n<meta property=\"og:description\" content=\"Beleef een festivaldag vol metal tijdens Delly Death Fest in Quelderduyn.\" \/>\n<meta property=\"og:url\" content=\"https:\/\/denhelder.online\/de\/ereignis\/delly-death-fest-in-quelderduyn\/\" \/>\n<meta property=\"og:site_name\" content=\"Den Helder Online\" \/>\n<meta property=\"article:modified_time\" content=\"2026-04-07T07:30:55+00:00\" \/>\n<meta name=\"twitter:card\" content=\"summary_large_image\" \/>\n<meta name=\"twitter:label1\" content=\"Gesch\u00e4tzte Lesezeit\" \/>\n\t<meta name=\"twitter:data1\" content=\"1\u00a0Minute\" \/>\n<script type=\"application\/ld+json\" class=\"yoast-schema-graph\">{\"@context\":\"https:\\\/\\\/schema.org\",\"@graph\":[{\"@type\":\"WebPage\",\"@id\":\"https:\\\/\\\/denhelder.online\\\/de\\\/ereignis\\\/delly-death-fest-in-quelderduyn\\\/\",\"url\":\"https:\\\/\\\/denhelder.online\\\/de\\\/ereignis\\\/delly-death-fest-in-quelderduyn\\\/\",\"name\":\"Delly Death Fest in Quelderduyn - Den Helder Online\",\"isPartOf\":{\"@id\":\"https:\\\/\\\/denhelder.online\\\/#website\"},\"datePublished\":\"2026-03-04T08:21:54+00:00\",\"dateModified\":\"2026-04-07T07:30:55+00:00\",\"breadcrumb\":{\"@id\":\"https:\\\/\\\/denhelder.online\\\/de\\\/ereignis\\\/delly-death-fest-in-quelderduyn\\\/#breadcrumb\"},\"inLanguage\":\"de\",\"potentialAction\":[{\"@type\":\"ReadAction\",\"target\":[\"https:\\\/\\\/denhelder.online\\\/de\\\/ereignis\\\/delly-death-fest-in-quelderduyn\\\/\"]}]},{\"@type\":\"BreadcrumbList\",\"@id\":\"https:\\\/\\\/denhelder.online\\\/de\\\/ereignis\\\/delly-death-fest-in-quelderduyn\\\/#breadcrumb\",\"itemListElement\":[{\"@type\":\"ListItem\",\"position\":1,\"name\":\"Home\",\"item\":\"https:\\\/\\\/denhelder.online\\\/\"},{\"@type\":\"ListItem\",\"position\":2,\"name\":\"Evenementen\",\"item\":\"https:\\\/\\\/denhelder.online\\\/en\\\/event-2\\\/\"},{\"@type\":\"ListItem\",\"position\":3,\"name\":\"Delly Death Fest in Quelderduyn\"}]},{\"@type\":\"WebSite\",\"@id\":\"https:\\\/\\\/denhelder.online\\\/#website\",\"url\":\"https:\\\/\\\/denhelder.online\\\/\",\"name\":\"Den Helder Online\",\"description\":\"Beleef Den Helder\",\"publisher\":{\"@id\":\"https:\\\/\\\/denhelder.online\\\/#organization\"},\"potentialAction\":[{\"@type\":\"SearchAction\",\"target\":{\"@type\":\"EntryPoint\",\"urlTemplate\":\"https:\\\/\\\/denhelder.online\\\/?s={search_term_string}\"},\"query-input\":{\"@type\":\"PropertyValueSpecification\",\"valueRequired\":true,\"valueName\":\"search_term_string\"}}],\"inLanguage\":\"de\"},{\"@type\":\"Organization\",\"@id\":\"https:\\\/\\\/denhelder.online\\\/#organization\",\"name\":\"Den Helder Online\",\"url\":\"https:\\\/\\\/denhelder.online\\\/\",\"logo\":{\"@type\":\"ImageObject\",\"inLanguage\":\"de\",\"@id\":\"https:\\\/\\\/denhelder.online\\\/#\\\/schema\\\/logo\\\/image\\\/\",\"url\":\"https:\\\/\\\/denhelder.online\\\/wp-content\\\/uploads\\\/2021\\\/12\\\/DitIsDH-Logo-26-tagline.svg\",\"contentUrl\":\"https:\\\/\\\/denhelder.online\\\/wp-content\\\/uploads\\\/2021\\\/12\\\/DitIsDH-Logo-26-tagline.svg\",\"width\":1717.0999999999999,\"height\":934.89999999999998,\"caption\":\"Den Helder Online\"},\"image\":{\"@id\":\"https:\\\/\\\/denhelder.online\\\/#\\\/schema\\\/logo\\\/image\\\/\"}}]}<\/script>\n<!-- \/ Yoast SEO Premium plugin. -->","yoast_head_json":{"title":"Delly Death Fest in Quelderduyn - Den Helder Online","robots":{"index":"index","follow":"follow","max-snippet":"max-snippet:-1","max-image-preview":"max-image-preview:large","max-video-preview":"max-video-preview:-1"},"canonical":"https:\/\/denhelder.online\/de\/ereignis\/delly-death-fest-in-quelderduyn\/","og_locale":"de_DE","og_type":"article","og_title":"Delly Death Fest in Quelderduyn","og_description":"Beleef een festivaldag vol metal tijdens Delly Death Fest in Quelderduyn.","og_url":"https:\/\/denhelder.online\/de\/ereignis\/delly-death-fest-in-quelderduyn\/","og_site_name":"Den Helder Online","article_modified_time":"2026-04-07T07:30:55+00:00","twitter_card":"summary_large_image","twitter_misc":{"Gesch\u00e4tzte Lesezeit":"1\u00a0Minute"},"schema":{"@context":"https:\/\/schema.org","@graph":[{"@type":"WebPage","@id":"https:\/\/denhelder.online\/de\/ereignis\/delly-death-fest-in-quelderduyn\/","url":"https:\/\/denhelder.online\/de\/ereignis\/delly-death-fest-in-quelderduyn\/","name":"Delly Death Fest in Quelderduyn - Den Helder Online","isPartOf":{"@id":"https:\/\/denhelder.online\/#website"},"datePublished":"2026-03-04T08:21:54+00:00","dateModified":"2026-04-07T07:30:55+00:00","breadcrumb":{"@id":"https:\/\/denhelder.online\/de\/ereignis\/delly-death-fest-in-quelderduyn\/#breadcrumb"},"inLanguage":"de","potentialAction":[{"@type":"ReadAction","target":["https:\/\/denhelder.online\/de\/ereignis\/delly-death-fest-in-quelderduyn\/"]}]},{"@type":"BreadcrumbList","@id":"https:\/\/denhelder.online\/de\/ereignis\/delly-death-fest-in-quelderduyn\/#breadcrumb","itemListElement":[{"@type":"ListItem","position":1,"name":"Home","item":"https:\/\/denhelder.online\/"},{"@type":"ListItem","position":2,"name":"Evenementen","item":"https:\/\/denhelder.online\/en\/event-2\/"},{"@type":"ListItem","position":3,"name":"Delly Death Fest in Quelderduyn"}]},{"@type":"WebSite","@id":"https:\/\/denhelder.online\/#website","url":"https:\/\/denhelder.online\/","name":"Den Helder Online","description":"Erleben Sie Den Helder","publisher":{"@id":"https:\/\/denhelder.online\/#organization"},"potentialAction":[{"@type":"SearchAction","target":{"@type":"EntryPoint","urlTemplate":"https:\/\/denhelder.online\/?s={search_term_string}"},"query-input":{"@type":"PropertyValueSpecification","valueRequired":true,"valueName":"search_term_string"}}],"inLanguage":"de"},{"@type":"Organization","@id":"https:\/\/denhelder.online\/#organization","name":"Den Helder Online","url":"https:\/\/denhelder.online\/","logo":{"@type":"ImageObject","inLanguage":"de","@id":"https:\/\/denhelder.online\/#\/schema\/logo\/image\/","url":"https:\/\/denhelder.online\/wp-content\/uploads\/2021\/12\/DitIsDH-Logo-26-tagline.svg","contentUrl":"https:\/\/denhelder.online\/wp-content\/uploads\/2021\/12\/DitIsDH-Logo-26-tagline.svg","width":1717.0999999999999,"height":934.89999999999998,"caption":"Den Helder Online"},"image":{"@id":"https:\/\/denhelder.online\/#\/schema\/logo\/image\/"}}]}},"_links":{"self":[{"href":"https:\/\/denhelder.online\/de\/wp-json\/wp\/v2\/events\/21592","targetHints":{"allow":["GET"]}}],"collection":[{"href":"https:\/\/denhelder.online\/de\/wp-json\/wp\/v2\/events"}],"about":[{"href":"https:\/\/denhelder.online\/de\/wp-json\/wp\/v2\/types\/evenement"}],"version-history":[{"count":0,"href":"https:\/\/denhelder.online\/de\/wp-json\/wp\/v2\/events\/21592\/revisions"}],"wp:attachment":[{"href":"https:\/\/denhelder.online\/de\/wp-json\/wp\/v2\/media?parent=21592"}],"wp:term":[{"taxonomy":"category","embeddable":true,"href":"https:\/\/denhelder.online\/de\/wp-json\/wp\/v2\/categories?post=21592"},{"taxonomy":"post_tag","embeddable":true,"href":"https:\/\/denhelder.online\/de\/wp-json\/wp\/v2\/tags?post=21592"},{"taxonomy":"doelgroep","embeddable":true,"href":"https:\/\/denhelder.online\/de\/wp-json\/wp\/v2\/doelgroep?post=21592"}],"curies":[{"name":"wp","href":"https:\/\/api.w.org\/{rel}","templated":true}]}}

<p>Am 22. August, von 12:00 bis 21:00 Uhr, verwandelt sich Quelderduyn in ein Mekka für harte Gitarren und rohe Energie. Das Delly Death Fest bringt Death-Metal-Fans für einen Tag voller Live-Musik zusammen. Hier spürt man die Kraft des Genres hautnah.</p>
<h3>Tauche ein in den Klang</h3>
<p>Lass dich von harten Riffs und treibenden Drums mitreißen. Vor der Bühne spürst du die Intensität. Du stehst inmitten anderer Fans und teilst ihre Leidenschaft. Das ist keine Hintergrundmusik. Das ist ein Erlebnis.</p>
<h3>Triff andere Metal-Fans</h3>
<p>Das Delly Death Fest zieht Besucher aus der Region und darüber hinaus an. Gemeinsam erleben Sie einen unvergesslichen Festivaltag im Grünen von Quelderduyn.</p>
<h3>Markieren Sie den 22. August in Ihrem Kalender.</h3>
<p>Das Festival findet am 22. August in Quelderduyn um Den Helder statt. Zieht eure Bandshirts an und kommt früh, um diesen heißen Sommertag nicht zu verpassen.</p>

<!-- This site is optimized with the Yoast SEO Premium plugin v24.7 (Yoast SEO v27.5) - https://yoast.com/product/yoast-seo-premium-wordpress/ -->
<title>Delly Death Fest in Quelderduyn - Den Helder Online</title>
<meta name="robots" content="index, follow, max-snippet:-1, max-image-preview:large, max-video-preview:-1" />
<link rel="canonical" href="https://denhelder.online/de/ereignis/delly-death-fest-in-quelderduyn/" />
<meta property="og:locale" content="de_DE" />
<meta property="og:type" content="article" />
<meta property="og:title" content="Delly Death Fest in Quelderduyn" />
<meta property="og:description" content="Beleef een festivaldag vol metal tijdens Delly Death Fest in Quelderduyn." />
<meta property="og:url" content="https://denhelder.online/de/ereignis/delly-death-fest-in-quelderduyn/" />
<meta property="og:site_name" content="Den Helder Online" />
<meta property="article:modified_time" content="2026-04-07T07:30:55+00:00" />
<meta name="twitter:card" content="summary_large_image" />
<meta name="twitter:label1" content="Geschätzte Lesezeit" />
	<meta name="twitter:data1" content="1 Minute" />
<script type="application/ld+json" class="yoast-schema-graph">{"@context":"https:\/\/schema.org","@graph":[{"@type":"WebPage","@id":"https:\/\/denhelder.online\/de\/ereignis\/delly-death-fest-in-quelderduyn\/","url":"https:\/\/denhelder.online\/de\/ereignis\/delly-death-fest-in-quelderduyn\/","name":"Delly Death Fest in Quelderduyn - Den Helder Online","isPartOf":{"@id":"https:\/\/denhelder.online\/#website"},"datePublished":"2026-03-04T08:21:54+00:00","dateModified":"2026-04-07T07:30:55+00:00","breadcrumb":{"@id":"https:\/\/denhelder.online\/de\/ereignis\/delly-death-fest-in-quelderduyn\/#breadcrumb"},"inLanguage":"de","potentialAction":[{"@type":"ReadAction","target":["https:\/\/denhelder.online\/de\/ereignis\/delly-death-fest-in-quelderduyn\/"]}]},{"@type":"BreadcrumbList","@id":"https:\/\/denhelder.online\/de\/ereignis\/delly-death-fest-in-quelderduyn\/#breadcrumb","itemListElement":[{"@type":"ListItem","position":1,"name":"Home","item":"https:\/\/denhelder.online\/"},{"@type":"ListItem","position":2,"name":"Evenementen","item":"https:\/\/denhelder.online\/en\/event-2\/"},{"@type":"ListItem","position":3,"name":"Delly Death Fest in Quelderduyn"}]},{"@type":"WebSite","@id":"https:\/\/denhelder.online\/#website","url":"https:\/\/denhelder.online\/","name":"Den Helder Online","description":"Beleef Den Helder","publisher":{"@id":"https:\/\/denhelder.online\/#organization"},"potentialAction":[{"@type":"SearchAction","target":{"@type":"EntryPoint","urlTemplate":"https:\/\/denhelder.online\/?s={search_term_string}"},"query-input":{"@type":"PropertyValueSpecification","valueRequired":true,"valueName":"search_term_string"}}],"inLanguage":"de"},{"@type":"Organization","@id":"https:\/\/denhelder.online\/#organization","name":"Den Helder Online","url":"https:\/\/denhelder.online\/","logo":{"@type":"ImageObject","inLanguage":"de","@id":"https:\/\/denhelder.online\/#\/schema\/logo\/image\/","url":"https:\/\/denhelder.online\/wp-content\/uploads\/2021\/12\/DitIsDH-Logo-26-tagline.svg","contentUrl":"https:\/\/denhelder.online\/wp-content\/uploads\/2021\/12\/DitIsDH-Logo-26-tagline.svg","width":1717.0999999999999,"height":934.89999999999998,"caption":"Den Helder Online"},"image":{"@id":"https:\/\/denhelder.online\/#\/schema\/logo\/image\/"}}]}</script>
<!-- / Yoast SEO Premium plugin. -->
