{"id":21871,"date":"2026-03-13T13:16:50","date_gmt":"2026-03-13T12:16:50","guid":{"rendered":"https:\/\/denhelder.online\/evenement\/koopzondag-in-de-helderse-binnenstad\/"},"modified":"2026-03-13T13:16:50","modified_gmt":"2026-03-13T12:16:50","slug":"einkaufssonntag-im-stadtzentrum-von-den-helder","status":"publish","type":"evenement","link":"https:\/\/denhelder.online\/de\/evenement\/koopzondag-in-de-helderse-binnenstad\/","title":{"rendered":"Einkaufssonntag im Stadtzentrum Helderse"},"content":{"rendered":"<p>Fahren Sie in die Stadt, schlendern Sie gem\u00fctlich an den Gesch\u00e4ften vorbei und entdecken Sie, welche ge\u00f6ffnet haben. So l\u00e4sst sich der Sonntag ganz einfach in ein angenehmes Einkaufserlebnis verwandeln. Ideal, wenn Sie unter der Woche wenig Zeit haben.<\/p>\n<p><strong>Kaufen Sie in Ihrem eigenen Tempo ein.<\/strong><\/p>\n<p>Der Shopping-Sonntag bietet viel Zeit zum entspannten Bummeln. Sie schlendern durch die Innenstadt, genie\u00dfen einen Drink auf einer Terrasse oder essen gleich zu Mittag. So wird Einkaufen mehr als nur der Lebensmitteleinkauf \u2013 Sie machen einfach einen sch\u00f6nen Nachmittag daraus.<\/p>\n<p><strong>Komm wieder, wenn es dir passt.<\/strong><\/p>\n<p>Dieser Einkaufssonntag findet jeden letzten Sonntag im Monat statt. So l\u00e4sst er sich ganz einfach im Voraus planen. Sie wissen also genau, wann Sie wieder in die Stadt fahren k\u00f6nnen. Ideal f\u00fcr einen spontanen Besuch oder einen regelm\u00e4\u00dfigen Ausflug.<\/p>\n<p><strong>Entdecken Sie die Stadt am Sonntag<\/strong><\/p>\n<p>Das Stadtzentrum (Helderse) ist Schauplatz dieses regelm\u00e4\u00dfig stattfindenden Shopping-Sonntags. Verbinden Sie Ihre Shoppingtour mit einem Stadtbummel. So wird Ihr Besuch abwechslungsreich und unkompliziert. Ein Kurzurlaub ohne gro\u00dfen Planungsaufwand.<\/p>","protected":false},"excerpt":{"rendered":"<p>Besuchen Sie uns im Helderse City Centre w\u00e4hrend des Shopping-Sonntags, der jeden letzten Sonntag im Monat stattfindet.<\/p>","protected":false},"featured_media":0,"template":"","meta":{"patterndates-bp":null,"singledates-bp":[{"date-timestamp-repeaters":1774742400},{"date-timestamp-repeaters":1777161600},{"date-timestamp-repeaters":1780185600},{"date-timestamp-repeaters":1782604800},{"date-timestamp-repeaters":1785024000},{"date-timestamp-repeaters":1788048000},{"date-timestamp-repeaters":1790467200},{"date-timestamp-repeaters":1792886400},{"date-timestamp-repeaters":1795910400}],"footnotes":""},"categories":[6370,6366],"tags":[6364,6225],"doelgroep":[],"class_list":["post-21871","evenement","type-evenement","status-publish","hentry","category-evenement","category-markt","tag-den-helder","tag-winkelen","marker-toonopdenhelder"],"yoast_head":"<!-- This site is optimized with the Yoast SEO Premium plugin v24.7 (Yoast SEO v27.5) - https:\/\/yoast.com\/product\/yoast-seo-premium-wordpress\/ -->\n<title>Koopzondag in de Helderse Binnenstad - Den Helder Online<\/title>\n<meta name=\"robots\" content=\"index, follow, max-snippet:-1, max-image-preview:large, max-video-preview:-1\" \/>\n<link rel=\"canonical\" href=\"https:\/\/denhelder.online\/de\/ereignis\/einkaufssonntag-im-stadtzentrum-von-den-helder\/\" \/>\n<meta property=\"og:locale\" content=\"de_DE\" \/>\n<meta property=\"og:type\" content=\"article\" \/>\n<meta property=\"og:title\" content=\"Koopzondag in de Helderse Binnenstad\" \/>\n<meta property=\"og:description\" content=\"Kom shoppen in de Helderse Binnenstad tijdens koopzondag, elke laatste zondag van de maand.\" \/>\n<meta property=\"og:url\" content=\"https:\/\/denhelder.online\/de\/ereignis\/einkaufssonntag-im-stadtzentrum-von-den-helder\/\" \/>\n<meta property=\"og:site_name\" content=\"Den Helder Online\" \/>\n<meta name=\"twitter:card\" content=\"summary_large_image\" \/>\n<meta name=\"twitter:label1\" content=\"Gesch\u00e4tzte Lesezeit\" \/>\n\t<meta name=\"twitter:data1\" content=\"1\u00a0Minute\" \/>\n<script type=\"application\/ld+json\" class=\"yoast-schema-graph\">{\"@context\":\"https:\\\/\\\/schema.org\",\"@graph\":[{\"@type\":\"WebPage\",\"@id\":\"https:\\\/\\\/denhelder.online\\\/evenement\\\/koopzondag-in-de-helderse-binnenstad\\\/\",\"url\":\"https:\\\/\\\/denhelder.online\\\/evenement\\\/koopzondag-in-de-helderse-binnenstad\\\/\",\"name\":\"Koopzondag in de Helderse Binnenstad - Den Helder Online\",\"isPartOf\":{\"@id\":\"https:\\\/\\\/denhelder.online\\\/#website\"},\"datePublished\":\"2026-03-13T12:16:50+00:00\",\"breadcrumb\":{\"@id\":\"https:\\\/\\\/denhelder.online\\\/evenement\\\/koopzondag-in-de-helderse-binnenstad\\\/#breadcrumb\"},\"inLanguage\":\"de\",\"potentialAction\":[{\"@type\":\"ReadAction\",\"target\":[\"https:\\\/\\\/denhelder.online\\\/evenement\\\/koopzondag-in-de-helderse-binnenstad\\\/\"]}]},{\"@type\":\"BreadcrumbList\",\"@id\":\"https:\\\/\\\/denhelder.online\\\/evenement\\\/koopzondag-in-de-helderse-binnenstad\\\/#breadcrumb\",\"itemListElement\":[{\"@type\":\"ListItem\",\"position\":1,\"name\":\"Home\",\"item\":\"https:\\\/\\\/denhelder.online\\\/\"},{\"@type\":\"ListItem\",\"position\":2,\"name\":\"Evenementen\",\"item\":\"https:\\\/\\\/denhelder.online\\\/en\\\/event-2\\\/\"},{\"@type\":\"ListItem\",\"position\":3,\"name\":\"Koopzondag in de Helderse Binnenstad\"}]},{\"@type\":\"WebSite\",\"@id\":\"https:\\\/\\\/denhelder.online\\\/#website\",\"url\":\"https:\\\/\\\/denhelder.online\\\/\",\"name\":\"Den Helder Online\",\"description\":\"Beleef Den Helder\",\"publisher\":{\"@id\":\"https:\\\/\\\/denhelder.online\\\/#organization\"},\"potentialAction\":[{\"@type\":\"SearchAction\",\"target\":{\"@type\":\"EntryPoint\",\"urlTemplate\":\"https:\\\/\\\/denhelder.online\\\/?s={search_term_string}\"},\"query-input\":{\"@type\":\"PropertyValueSpecification\",\"valueRequired\":true,\"valueName\":\"search_term_string\"}}],\"inLanguage\":\"de\"},{\"@type\":\"Organization\",\"@id\":\"https:\\\/\\\/denhelder.online\\\/#organization\",\"name\":\"Den Helder Online\",\"url\":\"https:\\\/\\\/denhelder.online\\\/\",\"logo\":{\"@type\":\"ImageObject\",\"inLanguage\":\"de\",\"@id\":\"https:\\\/\\\/denhelder.online\\\/#\\\/schema\\\/logo\\\/image\\\/\",\"url\":\"https:\\\/\\\/denhelder.online\\\/wp-content\\\/uploads\\\/2021\\\/12\\\/DitIsDH-Logo-26-tagline.svg\",\"contentUrl\":\"https:\\\/\\\/denhelder.online\\\/wp-content\\\/uploads\\\/2021\\\/12\\\/DitIsDH-Logo-26-tagline.svg\",\"width\":1717.0999999999999,\"height\":934.89999999999998,\"caption\":\"Den Helder Online\"},\"image\":{\"@id\":\"https:\\\/\\\/denhelder.online\\\/#\\\/schema\\\/logo\\\/image\\\/\"}}]}<\/script>\n<!-- \/ Yoast SEO Premium plugin. -->","yoast_head_json":{"title":"Einkaufssonntag im Stadtzentrum (Helderse) - Den Helder Online","robots":{"index":"index","follow":"follow","max-snippet":"max-snippet:-1","max-image-preview":"max-image-preview:large","max-video-preview":"max-video-preview:-1"},"canonical":"https:\/\/denhelder.online\/de\/ereignis\/einkaufssonntag-im-stadtzentrum-von-den-helder\/","og_locale":"de_DE","og_type":"article","og_title":"Koopzondag in de Helderse Binnenstad","og_description":"Kom shoppen in de Helderse Binnenstad tijdens koopzondag, elke laatste zondag van de maand.","og_url":"https:\/\/denhelder.online\/de\/ereignis\/einkaufssonntag-im-stadtzentrum-von-den-helder\/","og_site_name":"Den Helder Online","twitter_card":"summary_large_image","twitter_misc":{"Gesch\u00e4tzte Lesezeit":"1\u00a0Minute"},"schema":{"@context":"https:\/\/schema.org","@graph":[{"@type":"WebPage","@id":"https:\/\/denhelder.online\/evenement\/koopzondag-in-de-helderse-binnenstad\/","url":"https:\/\/denhelder.online\/evenement\/koopzondag-in-de-helderse-binnenstad\/","name":"Einkaufssonntag im Stadtzentrum (Helderse) - Den Helder Online","isPartOf":{"@id":"https:\/\/denhelder.online\/#website"},"datePublished":"2026-03-13T12:16:50+00:00","breadcrumb":{"@id":"https:\/\/denhelder.online\/evenement\/koopzondag-in-de-helderse-binnenstad\/#breadcrumb"},"inLanguage":"de","potentialAction":[{"@type":"ReadAction","target":["https:\/\/denhelder.online\/evenement\/koopzondag-in-de-helderse-binnenstad\/"]}]},{"@type":"BreadcrumbList","@id":"https:\/\/denhelder.online\/evenement\/koopzondag-in-de-helderse-binnenstad\/#breadcrumb","itemListElement":[{"@type":"ListItem","position":1,"name":"Home","item":"https:\/\/denhelder.online\/"},{"@type":"ListItem","position":2,"name":"Evenementen","item":"https:\/\/denhelder.online\/en\/event-2\/"},{"@type":"ListItem","position":3,"name":"Koopzondag in de Helderse Binnenstad"}]},{"@type":"WebSite","@id":"https:\/\/denhelder.online\/#website","url":"https:\/\/denhelder.online\/","name":"Den Helder Online","description":"Erleben Sie Den Helder","publisher":{"@id":"https:\/\/denhelder.online\/#organization"},"potentialAction":[{"@type":"SearchAction","target":{"@type":"EntryPoint","urlTemplate":"https:\/\/denhelder.online\/?s={search_term_string}"},"query-input":{"@type":"PropertyValueSpecification","valueRequired":true,"valueName":"search_term_string"}}],"inLanguage":"de"},{"@type":"Organization","@id":"https:\/\/denhelder.online\/#organization","name":"Den Helder Online","url":"https:\/\/denhelder.online\/","logo":{"@type":"ImageObject","inLanguage":"de","@id":"https:\/\/denhelder.online\/#\/schema\/logo\/image\/","url":"https:\/\/denhelder.online\/wp-content\/uploads\/2021\/12\/DitIsDH-Logo-26-tagline.svg","contentUrl":"https:\/\/denhelder.online\/wp-content\/uploads\/2021\/12\/DitIsDH-Logo-26-tagline.svg","width":1717.0999999999999,"height":934.89999999999998,"caption":"Den Helder Online"},"image":{"@id":"https:\/\/denhelder.online\/#\/schema\/logo\/image\/"}}]}},"_links":{"self":[{"href":"https:\/\/denhelder.online\/de\/wp-json\/wp\/v2\/events\/21871","targetHints":{"allow":["GET"]}}],"collection":[{"href":"https:\/\/denhelder.online\/de\/wp-json\/wp\/v2\/events"}],"about":[{"href":"https:\/\/denhelder.online\/de\/wp-json\/wp\/v2\/types\/evenement"}],"version-history":[{"count":0,"href":"https:\/\/denhelder.online\/de\/wp-json\/wp\/v2\/events\/21871\/revisions"}],"wp:attachment":[{"href":"https:\/\/denhelder.online\/de\/wp-json\/wp\/v2\/media?parent=21871"}],"wp:term":[{"taxonomy":"category","embeddable":true,"href":"https:\/\/denhelder.online\/de\/wp-json\/wp\/v2\/categories?post=21871"},{"taxonomy":"post_tag","embeddable":true,"href":"https:\/\/denhelder.online\/de\/wp-json\/wp\/v2\/tags?post=21871"},{"taxonomy":"doelgroep","embeddable":true,"href":"https:\/\/denhelder.online\/de\/wp-json\/wp\/v2\/doelgroep?post=21871"}],"curies":[{"name":"wp","href":"https:\/\/api.w.org\/{rel}","templated":true}]}}

<p>Fahren Sie in die Stadt, schlendern Sie gemütlich an den Geschäften vorbei und entdecken Sie, welche geöffnet haben. So lässt sich der Sonntag ganz einfach in ein angenehmes Einkaufserlebnis verwandeln. Ideal, wenn Sie unter der Woche wenig Zeit haben.</p>
<p><strong>Kaufen Sie in Ihrem eigenen Tempo ein.</strong></p>
<p>Der Shopping-Sonntag bietet viel Zeit zum entspannten Bummeln. Sie schlendern durch die Innenstadt, genießen einen Drink auf einer Terrasse oder essen gleich zu Mittag. So wird Einkaufen mehr als nur der Lebensmitteleinkauf – Sie machen einfach einen schönen Nachmittag daraus.</p>
<p><strong>Komm wieder, wenn es dir passt.</strong></p>
<p>Dieser Einkaufssonntag findet jeden letzten Sonntag im Monat statt. So lässt er sich ganz einfach im Voraus planen. Sie wissen also genau, wann Sie wieder in die Stadt fahren können. Ideal für einen spontanen Besuch oder einen regelmäßigen Ausflug.</p>
<p><strong>Entdecken Sie die Stadt am Sonntag</strong></p>
<p>Das Stadtzentrum (Helderse) ist Schauplatz dieses regelmäßig stattfindenden Shopping-Sonntags. Verbinden Sie Ihre Shoppingtour mit einem Stadtbummel. So wird Ihr Besuch abwechslungsreich und unkompliziert. Ein Kurzurlaub ohne großen Planungsaufwand.</p>

<p>Besuchen Sie uns im Helderse City Centre während des Shopping-Sonntags, der jeden letzten Sonntag im Monat stattfindet.</p>

<!-- This site is optimized with the Yoast SEO Premium plugin v24.7 (Yoast SEO v27.5) - https://yoast.com/product/yoast-seo-premium-wordpress/ -->
<title>Koopzondag in de Helderse Binnenstad - Den Helder Online</title>
<meta name="robots" content="index, follow, max-snippet:-1, max-image-preview:large, max-video-preview:-1" />
<link rel="canonical" href="https://denhelder.online/de/ereignis/einkaufssonntag-im-stadtzentrum-von-den-helder/" />
<meta property="og:locale" content="de_DE" />
<meta property="og:type" content="article" />
<meta property="og:title" content="Koopzondag in de Helderse Binnenstad" />
<meta property="og:description" content="Kom shoppen in de Helderse Binnenstad tijdens koopzondag, elke laatste zondag van de maand." />
<meta property="og:url" content="https://denhelder.online/de/ereignis/einkaufssonntag-im-stadtzentrum-von-den-helder/" />
<meta property="og:site_name" content="Den Helder Online" />
<meta name="twitter:card" content="summary_large_image" />
<meta name="twitter:label1" content="Geschätzte Lesezeit" />
	<meta name="twitter:data1" content="1 Minute" />
<script type="application/ld+json" class="yoast-schema-graph">{"@context":"https:\/\/schema.org","@graph":[{"@type":"WebPage","@id":"https:\/\/denhelder.online\/evenement\/koopzondag-in-de-helderse-binnenstad\/","url":"https:\/\/denhelder.online\/evenement\/koopzondag-in-de-helderse-binnenstad\/","name":"Koopzondag in de Helderse Binnenstad - Den Helder Online","isPartOf":{"@id":"https:\/\/denhelder.online\/#website"},"datePublished":"2026-03-13T12:16:50+00:00","breadcrumb":{"@id":"https:\/\/denhelder.online\/evenement\/koopzondag-in-de-helderse-binnenstad\/#breadcrumb"},"inLanguage":"de","potentialAction":[{"@type":"ReadAction","target":["https:\/\/denhelder.online\/evenement\/koopzondag-in-de-helderse-binnenstad\/"]}]},{"@type":"BreadcrumbList","@id":"https:\/\/denhelder.online\/evenement\/koopzondag-in-de-helderse-binnenstad\/#breadcrumb","itemListElement":[{"@type":"ListItem","position":1,"name":"Home","item":"https:\/\/denhelder.online\/"},{"@type":"ListItem","position":2,"name":"Evenementen","item":"https:\/\/denhelder.online\/en\/event-2\/"},{"@type":"ListItem","position":3,"name":"Koopzondag in de Helderse Binnenstad"}]},{"@type":"WebSite","@id":"https:\/\/denhelder.online\/#website","url":"https:\/\/denhelder.online\/","name":"Den Helder Online","description":"Beleef Den Helder","publisher":{"@id":"https:\/\/denhelder.online\/#organization"},"potentialAction":[{"@type":"SearchAction","target":{"@type":"EntryPoint","urlTemplate":"https:\/\/denhelder.online\/?s={search_term_string}"},"query-input":{"@type":"PropertyValueSpecification","valueRequired":true,"valueName":"search_term_string"}}],"inLanguage":"de"},{"@type":"Organization","@id":"https:\/\/denhelder.online\/#organization","name":"Den Helder Online","url":"https:\/\/denhelder.online\/","logo":{"@type":"ImageObject","inLanguage":"de","@id":"https:\/\/denhelder.online\/#\/schema\/logo\/image\/","url":"https:\/\/denhelder.online\/wp-content\/uploads\/2021\/12\/DitIsDH-Logo-26-tagline.svg","contentUrl":"https:\/\/denhelder.online\/wp-content\/uploads\/2021\/12\/DitIsDH-Logo-26-tagline.svg","width":1717.0999999999999,"height":934.89999999999998,"caption":"Den Helder Online"},"image":{"@id":"https:\/\/denhelder.online\/#\/schema\/logo\/image\/"}}]}</script>
<!-- / Yoast SEO Premium plugin. -->
