{"id":23809,"date":"2026-04-21T16:58:22","date_gmt":"2026-04-21T14:58:22","guid":{"rendered":"https:\/\/denhelder.online\/evenement\/kunstlezing-over-rafael\/"},"modified":"2026-04-21T16:58:22","modified_gmt":"2026-04-21T14:58:22","slug":"kunstlezing-over-rafael","status":"publish","type":"evenement","link":"https:\/\/denhelder.online\/de\/evenement\/kunstlezing-over-rafael\/","title":{"rendered":"Kunstvortrag \u00fcber Raffael"},"content":{"rendered":"<p>Entdecken Sie Leben und Werk Raffaels in diesem inspirierenden Kunstvortrag an der Schule 7. Tauchen Sie ein in die Geschichte eines K\u00fcnstlers, der zur Ikone der Renaissance wurde. Sie erfahren, wie er zusammen mit Michelangelo und Leonardo da Vinci die ber\u00fchmten \u201eGro\u00dfen Drei\u201c bildete. Lassen Sie sich auf eine Reise durch seine beeindruckende Karriere und seinen Einfluss mitnehmen.<\/p>\n<p><strong>Lerne den Meister hinter der Kunst kennen<\/strong><\/p>\n<p>Sie reisen zur\u00fcck nach Urbino, wo Raffael 1483 geboren wurde. Am Hofe kam er schon fr\u00fch mit gro\u00dfer Kunst in Ber\u00fchrung. Sein Talent wurde schnell erkannt. Seine ersten Unterrichtsstunden erhielt er von seinem Vater. Sp\u00e4ter \u00fcbertraf er ihn bei Weitem.<\/p>\n<p><strong>Erleben Sie seine beeindruckende Karriere<\/strong><\/p>\n<p>Sie erfahren, wie Raffael f\u00fcr den Adel und die P\u00e4pste arbeitete. Er leitete eine gro\u00dfe Werkstatt. Seine Fresken sind weltber\u00fchmt. Als Architekt schuf er zudem Gem\u00e4lde, Zeichnungen und Entw\u00fcrfe. Bewundern Sie die Geschichte hinter der Stanza della Segnatura und sein Werk f\u00fcr Papst Julius II.<\/p>\n<p><strong>Vertiefen Sie Ihr Wissen und betrachten Sie die Dinge aus einem anderen Blickwinkel<\/strong><\/p>\n<p>Sie erhalten tiefere Einblicke in sein Leben und Werk. Der Vortrag wird von Bureau Boeiend pr\u00e4sentiert und beginnt um 19:30 Uhr. Die Teilnahmegeb\u00fchr betr\u00e4gt 7,50 \u20ac, inklusive Kaffee oder Tee. Reservieren Sie Ihren Platz \u00fcber die Website der KopGroep Libraries.<\/p>","protected":false},"excerpt":{"rendered":"<p>Entdecken Sie Leben und Werk Raffaels in diesem inspirierenden Kunstvortrag an der Schule 7.<\/p>","protected":false},"featured_media":0,"template":"","meta":{"patterndates-bp":null,"singledates-bp":[{"date-timestamp-repeaters":1779840000}],"footnotes":""},"categories":[6370],"tags":[6234,6364,6229],"doelgroep":[],"class_list":["post-23809","evenement","type-evenement","status-publish","hentry","category-evenement","tag-culturele-centra","tag-den-helder","tag-kunst-en-cultuur","marker-toonopdenhelder"],"yoast_head":"<!-- This site is optimized with the Yoast SEO Premium plugin v24.7 (Yoast SEO v27.4) - https:\/\/yoast.com\/product\/yoast-seo-premium-wordpress\/ -->\n<title>Kunstlezing over Rafa\u00ebl - Den Helder Online<\/title>\n<meta name=\"robots\" content=\"index, follow, max-snippet:-1, max-image-preview:large, max-video-preview:-1\" \/>\n<link rel=\"canonical\" href=\"https:\/\/denhelder.online\/de\/ereignis\/kunstlezing-over-rafael\/\" \/>\n<meta property=\"og:locale\" content=\"de_DE\" \/>\n<meta property=\"og:type\" content=\"article\" \/>\n<meta property=\"og:title\" content=\"Kunstlezing over Rafa\u00ebl\" \/>\n<meta property=\"og:description\" content=\"Ontdek het leven en werk van Rafa\u00ebl tijdens deze inspirerende kunstlezing in School 7.\" \/>\n<meta property=\"og:url\" content=\"https:\/\/denhelder.online\/de\/ereignis\/kunstlezing-over-rafael\/\" \/>\n<meta property=\"og:site_name\" content=\"Den Helder Online\" \/>\n<meta name=\"twitter:card\" content=\"summary_large_image\" \/>\n<meta name=\"twitter:label1\" content=\"Gesch\u00e4tzte Lesezeit\" \/>\n\t<meta name=\"twitter:data1\" content=\"1\u00a0Minute\" \/>\n<script type=\"application\/ld+json\" class=\"yoast-schema-graph\">{\"@context\":\"https:\\\/\\\/schema.org\",\"@graph\":[{\"@type\":\"WebPage\",\"@id\":\"https:\\\/\\\/denhelder.online\\\/evenement\\\/kunstlezing-over-rafael\\\/\",\"url\":\"https:\\\/\\\/denhelder.online\\\/evenement\\\/kunstlezing-over-rafael\\\/\",\"name\":\"Kunstlezing over Rafa\u00ebl - Den Helder Online\",\"isPartOf\":{\"@id\":\"https:\\\/\\\/denhelder.online\\\/#website\"},\"datePublished\":\"2026-04-21T14:58:22+00:00\",\"breadcrumb\":{\"@id\":\"https:\\\/\\\/denhelder.online\\\/evenement\\\/kunstlezing-over-rafael\\\/#breadcrumb\"},\"inLanguage\":\"de\",\"potentialAction\":[{\"@type\":\"ReadAction\",\"target\":[\"https:\\\/\\\/denhelder.online\\\/evenement\\\/kunstlezing-over-rafael\\\/\"]}]},{\"@type\":\"BreadcrumbList\",\"@id\":\"https:\\\/\\\/denhelder.online\\\/evenement\\\/kunstlezing-over-rafael\\\/#breadcrumb\",\"itemListElement\":[{\"@type\":\"ListItem\",\"position\":1,\"name\":\"Home\",\"item\":\"https:\\\/\\\/denhelder.online\\\/\"},{\"@type\":\"ListItem\",\"position\":2,\"name\":\"Evenementen\",\"item\":\"https:\\\/\\\/denhelder.online\\\/en\\\/event-2\\\/\"},{\"@type\":\"ListItem\",\"position\":3,\"name\":\"Kunstlezing over Rafa\u00ebl\"}]},{\"@type\":\"WebSite\",\"@id\":\"https:\\\/\\\/denhelder.online\\\/#website\",\"url\":\"https:\\\/\\\/denhelder.online\\\/\",\"name\":\"Den Helder Online\",\"description\":\"Beleef Den Helder\",\"publisher\":{\"@id\":\"https:\\\/\\\/denhelder.online\\\/#organization\"},\"potentialAction\":[{\"@type\":\"SearchAction\",\"target\":{\"@type\":\"EntryPoint\",\"urlTemplate\":\"https:\\\/\\\/denhelder.online\\\/?s={search_term_string}\"},\"query-input\":{\"@type\":\"PropertyValueSpecification\",\"valueRequired\":true,\"valueName\":\"search_term_string\"}}],\"inLanguage\":\"de\"},{\"@type\":\"Organization\",\"@id\":\"https:\\\/\\\/denhelder.online\\\/#organization\",\"name\":\"Den Helder Online\",\"url\":\"https:\\\/\\\/denhelder.online\\\/\",\"logo\":{\"@type\":\"ImageObject\",\"inLanguage\":\"de\",\"@id\":\"https:\\\/\\\/denhelder.online\\\/#\\\/schema\\\/logo\\\/image\\\/\",\"url\":\"https:\\\/\\\/denhelder.online\\\/wp-content\\\/uploads\\\/2021\\\/12\\\/DitIsDH-Logo-26-tagline.svg\",\"contentUrl\":\"https:\\\/\\\/denhelder.online\\\/wp-content\\\/uploads\\\/2021\\\/12\\\/DitIsDH-Logo-26-tagline.svg\",\"width\":1717.0999999999999,\"height\":934.89999999999998,\"caption\":\"Den Helder Online\"},\"image\":{\"@id\":\"https:\\\/\\\/denhelder.online\\\/#\\\/schema\\\/logo\\\/image\\\/\"}}]}<\/script>\n<!-- \/ Yoast SEO Premium plugin. -->","yoast_head_json":{"title":"Kunstvortrag \u00fcber Raffael - Den Helder Online","robots":{"index":"index","follow":"follow","max-snippet":"max-snippet:-1","max-image-preview":"max-image-preview:large","max-video-preview":"max-video-preview:-1"},"canonical":"https:\/\/denhelder.online\/de\/ereignis\/kunstlezing-over-rafael\/","og_locale":"de_DE","og_type":"article","og_title":"Kunstlezing over Rafa\u00ebl","og_description":"Ontdek het leven en werk van Rafa\u00ebl tijdens deze inspirerende kunstlezing in School 7.","og_url":"https:\/\/denhelder.online\/de\/ereignis\/kunstlezing-over-rafael\/","og_site_name":"Den Helder Online","twitter_card":"summary_large_image","twitter_misc":{"Gesch\u00e4tzte Lesezeit":"1\u00a0Minute"},"schema":{"@context":"https:\/\/schema.org","@graph":[{"@type":"WebPage","@id":"https:\/\/denhelder.online\/evenement\/kunstlezing-over-rafael\/","url":"https:\/\/denhelder.online\/evenement\/kunstlezing-over-rafael\/","name":"Kunstvortrag \u00fcber Raffael - Den Helder Online","isPartOf":{"@id":"https:\/\/denhelder.online\/#website"},"datePublished":"2026-04-21T14:58:22+00:00","breadcrumb":{"@id":"https:\/\/denhelder.online\/evenement\/kunstlezing-over-rafael\/#breadcrumb"},"inLanguage":"de","potentialAction":[{"@type":"ReadAction","target":["https:\/\/denhelder.online\/evenement\/kunstlezing-over-rafael\/"]}]},{"@type":"BreadcrumbList","@id":"https:\/\/denhelder.online\/evenement\/kunstlezing-over-rafael\/#breadcrumb","itemListElement":[{"@type":"ListItem","position":1,"name":"Home","item":"https:\/\/denhelder.online\/"},{"@type":"ListItem","position":2,"name":"Evenementen","item":"https:\/\/denhelder.online\/en\/event-2\/"},{"@type":"ListItem","position":3,"name":"Kunstlezing over Rafa\u00ebl"}]},{"@type":"WebSite","@id":"https:\/\/denhelder.online\/#website","url":"https:\/\/denhelder.online\/","name":"Den Helder Online","description":"Erleben Sie Den Helder","publisher":{"@id":"https:\/\/denhelder.online\/#organization"},"potentialAction":[{"@type":"SearchAction","target":{"@type":"EntryPoint","urlTemplate":"https:\/\/denhelder.online\/?s={search_term_string}"},"query-input":{"@type":"PropertyValueSpecification","valueRequired":true,"valueName":"search_term_string"}}],"inLanguage":"de"},{"@type":"Organization","@id":"https:\/\/denhelder.online\/#organization","name":"Den Helder Online","url":"https:\/\/denhelder.online\/","logo":{"@type":"ImageObject","inLanguage":"de","@id":"https:\/\/denhelder.online\/#\/schema\/logo\/image\/","url":"https:\/\/denhelder.online\/wp-content\/uploads\/2021\/12\/DitIsDH-Logo-26-tagline.svg","contentUrl":"https:\/\/denhelder.online\/wp-content\/uploads\/2021\/12\/DitIsDH-Logo-26-tagline.svg","width":1717.0999999999999,"height":934.89999999999998,"caption":"Den Helder Online"},"image":{"@id":"https:\/\/denhelder.online\/#\/schema\/logo\/image\/"}}]}},"_links":{"self":[{"href":"https:\/\/denhelder.online\/de\/wp-json\/wp\/v2\/events\/23809","targetHints":{"allow":["GET"]}}],"collection":[{"href":"https:\/\/denhelder.online\/de\/wp-json\/wp\/v2\/events"}],"about":[{"href":"https:\/\/denhelder.online\/de\/wp-json\/wp\/v2\/types\/evenement"}],"version-history":[{"count":0,"href":"https:\/\/denhelder.online\/de\/wp-json\/wp\/v2\/events\/23809\/revisions"}],"wp:attachment":[{"href":"https:\/\/denhelder.online\/de\/wp-json\/wp\/v2\/media?parent=23809"}],"wp:term":[{"taxonomy":"category","embeddable":true,"href":"https:\/\/denhelder.online\/de\/wp-json\/wp\/v2\/categories?post=23809"},{"taxonomy":"post_tag","embeddable":true,"href":"https:\/\/denhelder.online\/de\/wp-json\/wp\/v2\/tags?post=23809"},{"taxonomy":"doelgroep","embeddable":true,"href":"https:\/\/denhelder.online\/de\/wp-json\/wp\/v2\/doelgroep?post=23809"}],"curies":[{"name":"wp","href":"https:\/\/api.w.org\/{rel}","templated":true}]}}

Kunstvortrag über Raffael

<p>Entdecken Sie Leben und Werk Raffaels in diesem inspirierenden Kunstvortrag an der Schule 7. Tauchen Sie ein in die Geschichte eines Künstlers, der zur Ikone der Renaissance wurde. Sie erfahren, wie er zusammen mit Michelangelo und Leonardo da Vinci die berühmten „Großen Drei“ bildete. Lassen Sie sich auf eine Reise durch seine beeindruckende Karriere und seinen Einfluss mitnehmen.</p>
<p><strong>Lerne den Meister hinter der Kunst kennen</strong></p>
<p>Sie reisen zurück nach Urbino, wo Raffael 1483 geboren wurde. Am Hofe kam er schon früh mit großer Kunst in Berührung. Sein Talent wurde schnell erkannt. Seine ersten Unterrichtsstunden erhielt er von seinem Vater. Später übertraf er ihn bei Weitem.</p>
<p><strong>Erleben Sie seine beeindruckende Karriere</strong></p>
<p>Sie erfahren, wie Raffael für den Adel und die Päpste arbeitete. Er leitete eine große Werkstatt. Seine Fresken sind weltberühmt. Als Architekt schuf er zudem Gemälde, Zeichnungen und Entwürfe. Bewundern Sie die Geschichte hinter der Stanza della Segnatura und sein Werk für Papst Julius II.</p>
<p><strong>Vertiefen Sie Ihr Wissen und betrachten Sie die Dinge aus einem anderen Blickwinkel</strong></p>
<p>Sie erhalten tiefere Einblicke in sein Leben und Werk. Der Vortrag wird von Bureau Boeiend präsentiert und beginnt um 19:30 Uhr. Die Teilnahmegebühr beträgt 7,50 €, inklusive Kaffee oder Tee. Reservieren Sie Ihren Platz über die Website der KopGroep Libraries.</p>

<!-- This site is optimized with the Yoast SEO Premium plugin v24.7 (Yoast SEO v27.4) - https://yoast.com/product/yoast-seo-premium-wordpress/ -->
<title>Kunstlezing over Rafaël - Den Helder Online</title>
<meta name="robots" content="index, follow, max-snippet:-1, max-image-preview:large, max-video-preview:-1" />
<link rel="canonical" href="https://denhelder.online/de/ereignis/kunstlezing-over-rafael/" />
<meta property="og:locale" content="de_DE" />
<meta property="og:type" content="article" />
<meta property="og:title" content="Kunstlezing over Rafaël" />
<meta property="og:description" content="Ontdek het leven en werk van Rafaël tijdens deze inspirerende kunstlezing in School 7." />
<meta property="og:url" content="https://denhelder.online/de/ereignis/kunstlezing-over-rafael/" />
<meta property="og:site_name" content="Den Helder Online" />
<meta name="twitter:card" content="summary_large_image" />
<meta name="twitter:label1" content="Geschätzte Lesezeit" />
	<meta name="twitter:data1" content="1 Minute" />
<script type="application/ld+json" class="yoast-schema-graph">{"@context":"https:\/\/schema.org","@graph":[{"@type":"WebPage","@id":"https:\/\/denhelder.online\/evenement\/kunstlezing-over-rafael\/","url":"https:\/\/denhelder.online\/evenement\/kunstlezing-over-rafael\/","name":"Kunstlezing over Rafaël - Den Helder Online","isPartOf":{"@id":"https:\/\/denhelder.online\/#website"},"datePublished":"2026-04-21T14:58:22+00:00","breadcrumb":{"@id":"https:\/\/denhelder.online\/evenement\/kunstlezing-over-rafael\/#breadcrumb"},"inLanguage":"de","potentialAction":[{"@type":"ReadAction","target":["https:\/\/denhelder.online\/evenement\/kunstlezing-over-rafael\/"]}]},{"@type":"BreadcrumbList","@id":"https:\/\/denhelder.online\/evenement\/kunstlezing-over-rafael\/#breadcrumb","itemListElement":[{"@type":"ListItem","position":1,"name":"Home","item":"https:\/\/denhelder.online\/"},{"@type":"ListItem","position":2,"name":"Evenementen","item":"https:\/\/denhelder.online\/en\/event-2\/"},{"@type":"ListItem","position":3,"name":"Kunstlezing over Rafaël"}]},{"@type":"WebSite","@id":"https:\/\/denhelder.online\/#website","url":"https:\/\/denhelder.online\/","name":"Den Helder Online","description":"Beleef Den Helder","publisher":{"@id":"https:\/\/denhelder.online\/#organization"},"potentialAction":[{"@type":"SearchAction","target":{"@type":"EntryPoint","urlTemplate":"https:\/\/denhelder.online\/?s={search_term_string}"},"query-input":{"@type":"PropertyValueSpecification","valueRequired":true,"valueName":"search_term_string"}}],"inLanguage":"de"},{"@type":"Organization","@id":"https:\/\/denhelder.online\/#organization","name":"Den Helder Online","url":"https:\/\/denhelder.online\/","logo":{"@type":"ImageObject","inLanguage":"de","@id":"https:\/\/denhelder.online\/#\/schema\/logo\/image\/","url":"https:\/\/denhelder.online\/wp-content\/uploads\/2021\/12\/DitIsDH-Logo-26-tagline.svg","contentUrl":"https:\/\/denhelder.online\/wp-content\/uploads\/2021\/12\/DitIsDH-Logo-26-tagline.svg","width":1717.0999999999999,"height":934.89999999999998,"caption":"Den Helder Online"},"image":{"@id":"https:\/\/denhelder.online\/#\/schema\/logo\/image\/"}}]}</script>
<!-- / Yoast SEO Premium plugin. -->

Kunstvortrag über Raffael - Den Helder Online

Kunstlezing over Rafaël

Ontdek het leven en werk van Rafaël tijdens deze inspirerende kunstlezing in School 7.
