{"id":23903,"date":"2026-04-22T17:00:46","date_gmt":"2026-04-22T15:00:46","guid":{"rendered":"https:\/\/denhelder.online\/evenement\/kroontjesbunker-open-monumentendagen\/"},"modified":"2026-04-22T17:00:46","modified_gmt":"2026-04-22T15:00:46","slug":"crown-bunker-monument-tage-geoffnet","status":"publish","type":"evenement","link":"https:\/\/denhelder.online\/de\/evenement\/kroontjesbunker-open-monumentendagen\/","title":{"rendered":"Tage des offenen Denkmals im Kroontjesbunker"},"content":{"rendered":"<h3><span>Der Kroontjesbunker: geheime Kommandozentrale in den D\u00fcnen<\/span><\/h3>\n<p><span>Der FL250 Flakgruppenkommandostand, Spitzname <\/span><em>Kronenbunker<\/em><span>, liegt versteckt in den D\u00fcnen von Huisduinen. Der Bunker verdankt seinen Spitznamen der markanten Form des Turms, der einer Krone \u00e4hnelt.<\/span><\/p>\n<h3><span>Verfolgen Sie Flugbewegungen pr\u00e4zise<\/span><\/h3>\n<p><span>Im Zweiten Weltkrieg wurden die Luftangriffe im Bunker koordiniert. Mithilfe einer Glasplotterwand \u00fcbermittelten die Soldaten die Flugbewegungen an die Flakstellungen. Die Daten stammten von Radarstationen entlang der K\u00fcste und von weiter entfernten Standorten wie Zandvoort und Terschelling. So entstand eine Kette von Beobachtungspunkten, die jede Flugbewegung pr\u00e4zise erfassen konnte.<\/span><\/p>\n<h3><span>Im Wiederaufbau: Das zuk\u00fcnftige Museum entsteht<\/span><\/h3>\n<p><span>Drei engagierte Freiwillige arbeiten an der Restaurierung des Bunkers, um ihn in seinen Originalzustand zur\u00fcckzuversetzen. Ziel ist es, den Kroontjesbunker in ein kleines Museum umzuwandeln. Im Inneren ist noch immer die Atmosph\u00e4re einer Kommandozentrale unter hohem Druck sp\u00fcrbar.<\/span><\/p>\n<h3><span>Kann an ausgew\u00e4hlten Tagen besichtigt werden.<\/span><\/h3>\n<p><span>Der Bunker ist nur wenige Male im Jahr f\u00fcr die \u00d6ffentlichkeit zug\u00e4nglich. Aktuelle \u00d6ffnungszeiten und weitere Informationen finden Sie auf der Facebook-Seite. <\/span><strong>Flak Gruko<\/strong><span>. Tipp: Bringen Sie eine Taschenlampe mit, um in dunklen Bereichen eine bessere Sicht zu haben.<\/span><\/p>\n<h3><span>Achten Sie auf Ihre Route \u2013 und auf das Naturschutzgebiet.<\/span><\/h3>\n<p><span>Der Kroontjesbunker liegt in einem Naturschutzgebiet. Bitte bleiben Sie daher auf den markierten Wanderwegen. Respektieren Sie die Natur und die Stille dieses besonderen Ortes.<\/span><\/p>\n<h3><span>So erreicht man den Kroontjesbunker<\/span><\/h3>\n<p><strong>Mit dem Auto:<\/strong><span> Parken Sie am Fort Kijkduin (Admiraal Verhuellplein 1, 1789 AX Huisduinen). Folgen Sie von dort der Beschilderung zum Bunker.<\/span><\/p>\n<p><strong>Mit dem Fahrrad oder zu Fu\u00df:<\/strong><span> Biegen Sie an der Duinweg-Seite (Hausnummer 34, gegen\u00fcber dem Hotel The Baron Crown) in die Seitenstra\u00dfe ein. Auch hier weisen Ihnen Schilder den Weg.<\/span><\/p>\n<h6><span>Adresse<\/span><\/h6>\n<p><span>Admiral Verhuellplein 1, Den Helder<\/span><\/p>\n<h6><span>\u00d6ffnungszeiten<\/span><\/h6>\n<p><span>Samstag, 12. September, 10:00 \u2013 17:00 Uhr<\/span><\/p>\n<p><span>Sonntag, 13. September. 10:00 \u2013 17:00 Uhr<\/span><\/p>\n<h6><span>Hintergrundinformationen<\/span><\/h6>\n<p><span>Denkmaltyp: Verteidigungsanlage<\/span><\/p>\n<p><span>Urspr\u00fcngliche Funktion: Deutsches Luftverteidigungshauptquartier<\/span><\/p>\n<p><span>Bauzeit: 1944<\/span><\/p>\n<p><span>Aktuelle Funktion: Kronenbunker<\/span><\/p>","protected":false},"excerpt":{"rendered":"<p>Entdecken Sie den Kroontjesbunker in den D\u00fcnen von Huisduinen w\u00e4hrend der Tage des offenen Denkmals.<\/p>","protected":false},"featured_media":0,"template":"","meta":{"patterndates-bp":null,"singledates-bp":[{"date-timestamp-repeaters":1789171200},{"date-timestamp-repeaters":1789257600}],"footnotes":""},"categories":[6370,6367],"tags":[1482,6227],"doelgroep":[],"class_list":["post-23903","evenement","type-evenement","status-publish","hentry","category-evenement","category-open-dag","tag-huisduinen","tag-natuur","marker-toonopdenhelder"],"yoast_head":"<!-- This site is optimized with the Yoast SEO Premium plugin v24.7 (Yoast SEO v27.5) - https:\/\/yoast.com\/product\/yoast-seo-premium-wordpress\/ -->\n<title>Kroontjesbunker Open Monumentendagen - Den Helder Online<\/title>\n<meta name=\"robots\" content=\"index, follow, max-snippet:-1, max-image-preview:large, max-video-preview:-1\" \/>\n<link rel=\"canonical\" href=\"https:\/\/denhelder.online\/de\/ereignis\/crown-bunker-monument-tage-geoffnet\/\" \/>\n<meta property=\"og:locale\" content=\"de_DE\" \/>\n<meta property=\"og:type\" content=\"article\" \/>\n<meta property=\"og:title\" content=\"Kroontjesbunker Open Monumentendagen\" \/>\n<meta property=\"og:description\" content=\"Ontdek de Kroontjesbunker in de duinen van Huisduinen tijdens de Open Monumentendagen.\" \/>\n<meta property=\"og:url\" content=\"https:\/\/denhelder.online\/de\/ereignis\/crown-bunker-monument-tage-geoffnet\/\" \/>\n<meta property=\"og:site_name\" content=\"Den Helder Online\" \/>\n<meta name=\"twitter:card\" content=\"summary_large_image\" \/>\n<meta name=\"twitter:label1\" content=\"Gesch\u00e4tzte Lesezeit\" \/>\n\t<meta name=\"twitter:data1\" content=\"1\u00a0Minute\" \/>\n<script type=\"application\/ld+json\" class=\"yoast-schema-graph\">{\"@context\":\"https:\\\/\\\/schema.org\",\"@graph\":[{\"@type\":\"WebPage\",\"@id\":\"https:\\\/\\\/denhelder.online\\\/evenement\\\/kroontjesbunker-open-monumentendagen\\\/\",\"url\":\"https:\\\/\\\/denhelder.online\\\/evenement\\\/kroontjesbunker-open-monumentendagen\\\/\",\"name\":\"Kroontjesbunker Open Monumentendagen - Den Helder Online\",\"isPartOf\":{\"@id\":\"https:\\\/\\\/denhelder.online\\\/#website\"},\"datePublished\":\"2026-04-22T15:00:46+00:00\",\"breadcrumb\":{\"@id\":\"https:\\\/\\\/denhelder.online\\\/evenement\\\/kroontjesbunker-open-monumentendagen\\\/#breadcrumb\"},\"inLanguage\":\"de\",\"potentialAction\":[{\"@type\":\"ReadAction\",\"target\":[\"https:\\\/\\\/denhelder.online\\\/evenement\\\/kroontjesbunker-open-monumentendagen\\\/\"]}]},{\"@type\":\"BreadcrumbList\",\"@id\":\"https:\\\/\\\/denhelder.online\\\/evenement\\\/kroontjesbunker-open-monumentendagen\\\/#breadcrumb\",\"itemListElement\":[{\"@type\":\"ListItem\",\"position\":1,\"name\":\"Home\",\"item\":\"https:\\\/\\\/denhelder.online\\\/\"},{\"@type\":\"ListItem\",\"position\":2,\"name\":\"Evenementen\",\"item\":\"https:\\\/\\\/denhelder.online\\\/en\\\/event-2\\\/\"},{\"@type\":\"ListItem\",\"position\":3,\"name\":\"Kroontjesbunker Open Monumentendagen\"}]},{\"@type\":\"WebSite\",\"@id\":\"https:\\\/\\\/denhelder.online\\\/#website\",\"url\":\"https:\\\/\\\/denhelder.online\\\/\",\"name\":\"Den Helder Online\",\"description\":\"Beleef Den Helder\",\"publisher\":{\"@id\":\"https:\\\/\\\/denhelder.online\\\/#organization\"},\"potentialAction\":[{\"@type\":\"SearchAction\",\"target\":{\"@type\":\"EntryPoint\",\"urlTemplate\":\"https:\\\/\\\/denhelder.online\\\/?s={search_term_string}\"},\"query-input\":{\"@type\":\"PropertyValueSpecification\",\"valueRequired\":true,\"valueName\":\"search_term_string\"}}],\"inLanguage\":\"de\"},{\"@type\":\"Organization\",\"@id\":\"https:\\\/\\\/denhelder.online\\\/#organization\",\"name\":\"Den Helder Online\",\"url\":\"https:\\\/\\\/denhelder.online\\\/\",\"logo\":{\"@type\":\"ImageObject\",\"inLanguage\":\"de\",\"@id\":\"https:\\\/\\\/denhelder.online\\\/#\\\/schema\\\/logo\\\/image\\\/\",\"url\":\"https:\\\/\\\/denhelder.online\\\/wp-content\\\/uploads\\\/2021\\\/12\\\/DitIsDH-Logo-26-tagline.svg\",\"contentUrl\":\"https:\\\/\\\/denhelder.online\\\/wp-content\\\/uploads\\\/2021\\\/12\\\/DitIsDH-Logo-26-tagline.svg\",\"width\":1717.0999999999999,\"height\":934.89999999999998,\"caption\":\"Den Helder Online\"},\"image\":{\"@id\":\"https:\\\/\\\/denhelder.online\\\/#\\\/schema\\\/logo\\\/image\\\/\"}}]}<\/script>\n<!-- \/ Yoast SEO Premium plugin. -->","yoast_head_json":{"title":"Tage des offenen Denkmals im Kroontjesbunker \u2013 Den Helder Online","robots":{"index":"index","follow":"follow","max-snippet":"max-snippet:-1","max-image-preview":"max-image-preview:large","max-video-preview":"max-video-preview:-1"},"canonical":"https:\/\/denhelder.online\/de\/ereignis\/crown-bunker-monument-tage-geoffnet\/","og_locale":"de_DE","og_type":"article","og_title":"Kroontjesbunker Open Monumentendagen","og_description":"Ontdek de Kroontjesbunker in de duinen van Huisduinen tijdens de Open Monumentendagen.","og_url":"https:\/\/denhelder.online\/de\/ereignis\/crown-bunker-monument-tage-geoffnet\/","og_site_name":"Den Helder Online","twitter_card":"summary_large_image","twitter_misc":{"Gesch\u00e4tzte Lesezeit":"1\u00a0Minute"},"schema":{"@context":"https:\/\/schema.org","@graph":[{"@type":"WebPage","@id":"https:\/\/denhelder.online\/evenement\/kroontjesbunker-open-monumentendagen\/","url":"https:\/\/denhelder.online\/evenement\/kroontjesbunker-open-monumentendagen\/","name":"Tage des offenen Denkmals im Kroontjesbunker \u2013 Den Helder Online","isPartOf":{"@id":"https:\/\/denhelder.online\/#website"},"datePublished":"2026-04-22T15:00:46+00:00","breadcrumb":{"@id":"https:\/\/denhelder.online\/evenement\/kroontjesbunker-open-monumentendagen\/#breadcrumb"},"inLanguage":"de","potentialAction":[{"@type":"ReadAction","target":["https:\/\/denhelder.online\/evenement\/kroontjesbunker-open-monumentendagen\/"]}]},{"@type":"BreadcrumbList","@id":"https:\/\/denhelder.online\/evenement\/kroontjesbunker-open-monumentendagen\/#breadcrumb","itemListElement":[{"@type":"ListItem","position":1,"name":"Home","item":"https:\/\/denhelder.online\/"},{"@type":"ListItem","position":2,"name":"Evenementen","item":"https:\/\/denhelder.online\/en\/event-2\/"},{"@type":"ListItem","position":3,"name":"Kroontjesbunker Open Monumentendagen"}]},{"@type":"WebSite","@id":"https:\/\/denhelder.online\/#website","url":"https:\/\/denhelder.online\/","name":"Den Helder Online","description":"Erleben Sie Den Helder","publisher":{"@id":"https:\/\/denhelder.online\/#organization"},"potentialAction":[{"@type":"SearchAction","target":{"@type":"EntryPoint","urlTemplate":"https:\/\/denhelder.online\/?s={search_term_string}"},"query-input":{"@type":"PropertyValueSpecification","valueRequired":true,"valueName":"search_term_string"}}],"inLanguage":"de"},{"@type":"Organization","@id":"https:\/\/denhelder.online\/#organization","name":"Den Helder Online","url":"https:\/\/denhelder.online\/","logo":{"@type":"ImageObject","inLanguage":"de","@id":"https:\/\/denhelder.online\/#\/schema\/logo\/image\/","url":"https:\/\/denhelder.online\/wp-content\/uploads\/2021\/12\/DitIsDH-Logo-26-tagline.svg","contentUrl":"https:\/\/denhelder.online\/wp-content\/uploads\/2021\/12\/DitIsDH-Logo-26-tagline.svg","width":1717.0999999999999,"height":934.89999999999998,"caption":"Den Helder Online"},"image":{"@id":"https:\/\/denhelder.online\/#\/schema\/logo\/image\/"}}]}},"_links":{"self":[{"href":"https:\/\/denhelder.online\/de\/wp-json\/wp\/v2\/events\/23903","targetHints":{"allow":["GET"]}}],"collection":[{"href":"https:\/\/denhelder.online\/de\/wp-json\/wp\/v2\/events"}],"about":[{"href":"https:\/\/denhelder.online\/de\/wp-json\/wp\/v2\/types\/evenement"}],"version-history":[{"count":0,"href":"https:\/\/denhelder.online\/de\/wp-json\/wp\/v2\/events\/23903\/revisions"}],"wp:attachment":[{"href":"https:\/\/denhelder.online\/de\/wp-json\/wp\/v2\/media?parent=23903"}],"wp:term":[{"taxonomy":"category","embeddable":true,"href":"https:\/\/denhelder.online\/de\/wp-json\/wp\/v2\/categories?post=23903"},{"taxonomy":"post_tag","embeddable":true,"href":"https:\/\/denhelder.online\/de\/wp-json\/wp\/v2\/tags?post=23903"},{"taxonomy":"doelgroep","embeddable":true,"href":"https:\/\/denhelder.online\/de\/wp-json\/wp\/v2\/doelgroep?post=23903"}],"curies":[{"name":"wp","href":"https:\/\/api.w.org\/{rel}","templated":true}]}}

<h3><span>Der Kroontjesbunker: geheime Kommandozentrale in den Dünen</span></h3>
<p><span>Der FL250 Flakgruppenkommandostand, Spitzname </span><em>Kronenbunker</em><span>, liegt versteckt in den Dünen von Huisduinen. Der Bunker verdankt seinen Spitznamen der markanten Form des Turms, der einer Krone ähnelt.</span></p>
<h3><span>Verfolgen Sie Flugbewegungen präzise</span></h3>
<p><span>Im Zweiten Weltkrieg wurden die Luftangriffe im Bunker koordiniert. Mithilfe einer Glasplotterwand übermittelten die Soldaten die Flugbewegungen an die Flakstellungen. Die Daten stammten von Radarstationen entlang der Küste und von weiter entfernten Standorten wie Zandvoort und Terschelling. So entstand eine Kette von Beobachtungspunkten, die jede Flugbewegung präzise erfassen konnte.</span></p>
<h3><span>Im Wiederaufbau: Das zukünftige Museum entsteht</span></h3>
<p><span>Drei engagierte Freiwillige arbeiten an der Restaurierung des Bunkers, um ihn in seinen Originalzustand zurückzuversetzen. Ziel ist es, den Kroontjesbunker in ein kleines Museum umzuwandeln. Im Inneren ist noch immer die Atmosphäre einer Kommandozentrale unter hohem Druck spürbar.</span></p>
<h3><span>Kann an ausgewählten Tagen besichtigt werden.</span></h3>
<p><span>Der Bunker ist nur wenige Male im Jahr für die Öffentlichkeit zugänglich. Aktuelle Öffnungszeiten und weitere Informationen finden Sie auf der Facebook-Seite. </span><strong>Flak Gruko</strong><span>. Tipp: Bringen Sie eine Taschenlampe mit, um in dunklen Bereichen eine bessere Sicht zu haben.</span></p>
<h3><span>Achten Sie auf Ihre Route – und auf das Naturschutzgebiet.</span></h3>
<p><span>Der Kroontjesbunker liegt in einem Naturschutzgebiet. Bitte bleiben Sie daher auf den markierten Wanderwegen. Respektieren Sie die Natur und die Stille dieses besonderen Ortes.</span></p>
<h3><span>So erreicht man den Kroontjesbunker</span></h3>
<p><strong>Mit dem Auto:</strong><span> Parken Sie am Fort Kijkduin (Admiraal Verhuellplein 1, 1789 AX Huisduinen). Folgen Sie von dort der Beschilderung zum Bunker.</span></p>
<p><strong>Mit dem Fahrrad oder zu Fuß:</strong><span> Biegen Sie an der Duinweg-Seite (Hausnummer 34, gegenüber dem Hotel The Baron Crown) in die Seitenstraße ein. Auch hier weisen Ihnen Schilder den Weg.</span></p>
<h6><span>Adresse</span></h6>
<p><span>Admiral Verhuellplein 1, Den Helder</span></p>
<h6><span>Öffnungszeiten</span></h6>
<p><span>Samstag, 12. September, 10:00 – 17:00 Uhr</span></p>
<p><span>Sonntag, 13. September. 10:00 – 17:00 Uhr</span></p>
<h6><span>Hintergrundinformationen</span></h6>
<p><span>Denkmaltyp: Verteidigungsanlage</span></p>
<p><span>Ursprüngliche Funktion: Deutsches Luftverteidigungshauptquartier</span></p>
<p><span>Bauzeit: 1944</span></p>
<p><span>Aktuelle Funktion: Kronenbunker</span></p>

<p>Entdecken Sie den Kroontjesbunker in den Dünen von Huisduinen während der Tage des offenen Denkmals.</p>

<!-- This site is optimized with the Yoast SEO Premium plugin v24.7 (Yoast SEO v27.5) - https://yoast.com/product/yoast-seo-premium-wordpress/ -->
<title>Kroontjesbunker Open Monumentendagen - Den Helder Online</title>
<meta name="robots" content="index, follow, max-snippet:-1, max-image-preview:large, max-video-preview:-1" />
<link rel="canonical" href="https://denhelder.online/de/ereignis/crown-bunker-monument-tage-geoffnet/" />
<meta property="og:locale" content="de_DE" />
<meta property="og:type" content="article" />
<meta property="og:title" content="Kroontjesbunker Open Monumentendagen" />
<meta property="og:description" content="Ontdek de Kroontjesbunker in de duinen van Huisduinen tijdens de Open Monumentendagen." />
<meta property="og:url" content="https://denhelder.online/de/ereignis/crown-bunker-monument-tage-geoffnet/" />
<meta property="og:site_name" content="Den Helder Online" />
<meta name="twitter:card" content="summary_large_image" />
<meta name="twitter:label1" content="Geschätzte Lesezeit" />
	<meta name="twitter:data1" content="1 Minute" />
<script type="application/ld+json" class="yoast-schema-graph">{"@context":"https:\/\/schema.org","@graph":[{"@type":"WebPage","@id":"https:\/\/denhelder.online\/evenement\/kroontjesbunker-open-monumentendagen\/","url":"https:\/\/denhelder.online\/evenement\/kroontjesbunker-open-monumentendagen\/","name":"Kroontjesbunker Open Monumentendagen - Den Helder Online","isPartOf":{"@id":"https:\/\/denhelder.online\/#website"},"datePublished":"2026-04-22T15:00:46+00:00","breadcrumb":{"@id":"https:\/\/denhelder.online\/evenement\/kroontjesbunker-open-monumentendagen\/#breadcrumb"},"inLanguage":"de","potentialAction":[{"@type":"ReadAction","target":["https:\/\/denhelder.online\/evenement\/kroontjesbunker-open-monumentendagen\/"]}]},{"@type":"BreadcrumbList","@id":"https:\/\/denhelder.online\/evenement\/kroontjesbunker-open-monumentendagen\/#breadcrumb","itemListElement":[{"@type":"ListItem","position":1,"name":"Home","item":"https:\/\/denhelder.online\/"},{"@type":"ListItem","position":2,"name":"Evenementen","item":"https:\/\/denhelder.online\/en\/event-2\/"},{"@type":"ListItem","position":3,"name":"Kroontjesbunker Open Monumentendagen"}]},{"@type":"WebSite","@id":"https:\/\/denhelder.online\/#website","url":"https:\/\/denhelder.online\/","name":"Den Helder Online","description":"Beleef Den Helder","publisher":{"@id":"https:\/\/denhelder.online\/#organization"},"potentialAction":[{"@type":"SearchAction","target":{"@type":"EntryPoint","urlTemplate":"https:\/\/denhelder.online\/?s={search_term_string}"},"query-input":{"@type":"PropertyValueSpecification","valueRequired":true,"valueName":"search_term_string"}}],"inLanguage":"de"},{"@type":"Organization","@id":"https:\/\/denhelder.online\/#organization","name":"Den Helder Online","url":"https:\/\/denhelder.online\/","logo":{"@type":"ImageObject","inLanguage":"de","@id":"https:\/\/denhelder.online\/#\/schema\/logo\/image\/","url":"https:\/\/denhelder.online\/wp-content\/uploads\/2021\/12\/DitIsDH-Logo-26-tagline.svg","contentUrl":"https:\/\/denhelder.online\/wp-content\/uploads\/2021\/12\/DitIsDH-Logo-26-tagline.svg","width":1717.0999999999999,"height":934.89999999999998,"caption":"Den Helder Online"},"image":{"@id":"https:\/\/denhelder.online\/#\/schema\/logo\/image\/"}}]}</script>
<!-- / Yoast SEO Premium plugin. -->
