{"id":23959,"date":"2026-04-29T11:30:19","date_gmt":"2026-04-29T09:30:19","guid":{"rendered":"https:\/\/denhelder.online\/evenement\/thuissafari-met-fotograaf-thomas-nondh-jansen\/"},"modified":"2026-04-29T11:30:19","modified_gmt":"2026-04-29T09:30:19","slug":"thuissafari-met-fotograaf-thomas-nondh-jansen","status":"publish","type":"evenement","link":"https:\/\/denhelder.online\/de\/evenement\/thuissafari-met-fotograaf-thomas-nondh-jansen\/","title":{"rendered":"Heimsafari mit dem Fotografen Thomas Nondh Jansen"},"content":{"rendered":"<p>Op zaterdag 9 mei om 15.00 uur opent het fotografische werk van Thomas Nondh Jansen feestelijk in Den Helder. Je ziet een overzicht van zijn kleurrijke en speelse fotografie bij Restaurant Kunst&amp;Kitchen en De Kunstuitleen. Tijdens de opening hef je samen het glas. Ook proef je hapjes uit de Egyptische keuken.<\/p>\n<p><strong>Kijk anders naar wat je al kent<\/strong><\/p>\n<p>Thomas maakt stillevenfoto\u2019s vol kleur, humor en verbeelding. Met tape en alledaagse spullen laat hij gewone objecten iets nieuws worden. Denk aan balancerende koffiekopjes, een koelkast vol tomaten en sponsjes als ode aan de afwas. Zo merk je hoe bijzonder het gewone ineens kan voelen.<\/p>\n<p><strong>Ontdek werk met een eigen blik<\/strong><\/p>\n<p>Het thema thuis speelt een grote rol in zijn werk. Sinds zijn adoptie vanuit Thailand en zijn leven in Nederland kijkt Thomas met veel aandacht naar huis, routine en dagelijkse voorwerpen. Die persoonlijke blik voel je in de expositie.<\/p>\n<p><strong>Ervaar een maker met een breed podium<\/strong><\/p>\n<p>Thomas werkt in opdracht van onder meer de Volkskrant en NRC Handelsblad. Zijn werk was ook te zien in Die Zeit, De Morgen, The Financial Times en het Noordhollands Dagblad. Eerder exposeerde hij bij Kunstuitleen Alkmaar en De Kunst10daagse in Bergen. Dat geeft deze tentoonstelling extra lading voor liefhebbers van fotografie.<\/p>","protected":false},"excerpt":{"rendered":"<p>Begeben Sie sich auf eine fantasievolle Heim-Safari und entdecken Sie, wie Alltagsgegenst\u00e4nde Sie pl\u00f6tzlich \u00fcberraschen werden.<\/p>","protected":false},"featured_media":0,"template":"","meta":{"patterndates-bp":null,"singledates-bp":[{"date-timestamp-repeaters":1778284800}],"footnotes":""},"categories":[6377,6373],"tags":[6364,6229,6223],"doelgroep":[],"class_list":["post-23959","evenement","type-evenement","status-publish","hentry","category-tentoonstelling","category-workshop","tag-den-helder","tag-kunst-en-cultuur","tag-uitgaan","marker-toonopdenhelder"],"yoast_head":"<!-- This site is optimized with the Yoast SEO Premium plugin v24.7 (Yoast SEO v27.5) - https:\/\/yoast.com\/product\/yoast-seo-premium-wordpress\/ -->\n<title>Thuissafari met fotograaf Thomas Nondh Jansen - Den Helder Online<\/title>\n<meta name=\"robots\" content=\"index, follow, max-snippet:-1, max-image-preview:large, max-video-preview:-1\" \/>\n<link rel=\"canonical\" href=\"https:\/\/denhelder.online\/de\/ereignis\/thuissafari-met-fotograaf-thomas-nondh-jansen\/\" \/>\n<meta property=\"og:locale\" content=\"de_DE\" \/>\n<meta property=\"og:type\" content=\"article\" \/>\n<meta property=\"og:title\" content=\"Thuissafari met fotograaf Thomas Nondh Jansen\" \/>\n<meta property=\"og:description\" content=\"Stap een fantasierijke thuissafari in en ontdek hoe alledaagse voorwerpen ineens gaan verrassen.\" \/>\n<meta property=\"og:url\" content=\"https:\/\/denhelder.online\/de\/ereignis\/thuissafari-met-fotograaf-thomas-nondh-jansen\/\" \/>\n<meta property=\"og:site_name\" content=\"Den Helder Online\" \/>\n<meta name=\"twitter:card\" content=\"summary_large_image\" \/>\n<meta name=\"twitter:label1\" content=\"Gesch\u00e4tzte Lesezeit\" \/>\n\t<meta name=\"twitter:data1\" content=\"1\u00a0Minute\" \/>\n<script type=\"application\/ld+json\" class=\"yoast-schema-graph\">{\"@context\":\"https:\\\/\\\/schema.org\",\"@graph\":[{\"@type\":\"WebPage\",\"@id\":\"https:\\\/\\\/denhelder.online\\\/evenement\\\/thuissafari-met-fotograaf-thomas-nondh-jansen\\\/\",\"url\":\"https:\\\/\\\/denhelder.online\\\/evenement\\\/thuissafari-met-fotograaf-thomas-nondh-jansen\\\/\",\"name\":\"Thuissafari met fotograaf Thomas Nondh Jansen - Den Helder Online\",\"isPartOf\":{\"@id\":\"https:\\\/\\\/denhelder.online\\\/#website\"},\"datePublished\":\"2026-04-29T09:30:19+00:00\",\"breadcrumb\":{\"@id\":\"https:\\\/\\\/denhelder.online\\\/evenement\\\/thuissafari-met-fotograaf-thomas-nondh-jansen\\\/#breadcrumb\"},\"inLanguage\":\"de\",\"potentialAction\":[{\"@type\":\"ReadAction\",\"target\":[\"https:\\\/\\\/denhelder.online\\\/evenement\\\/thuissafari-met-fotograaf-thomas-nondh-jansen\\\/\"]}]},{\"@type\":\"BreadcrumbList\",\"@id\":\"https:\\\/\\\/denhelder.online\\\/evenement\\\/thuissafari-met-fotograaf-thomas-nondh-jansen\\\/#breadcrumb\",\"itemListElement\":[{\"@type\":\"ListItem\",\"position\":1,\"name\":\"Home\",\"item\":\"https:\\\/\\\/denhelder.online\\\/\"},{\"@type\":\"ListItem\",\"position\":2,\"name\":\"Evenementen\",\"item\":\"https:\\\/\\\/denhelder.online\\\/en\\\/event-2\\\/\"},{\"@type\":\"ListItem\",\"position\":3,\"name\":\"Thuissafari met fotograaf Thomas Nondh Jansen\"}]},{\"@type\":\"WebSite\",\"@id\":\"https:\\\/\\\/denhelder.online\\\/#website\",\"url\":\"https:\\\/\\\/denhelder.online\\\/\",\"name\":\"Den Helder Online\",\"description\":\"Beleef Den Helder\",\"publisher\":{\"@id\":\"https:\\\/\\\/denhelder.online\\\/#organization\"},\"potentialAction\":[{\"@type\":\"SearchAction\",\"target\":{\"@type\":\"EntryPoint\",\"urlTemplate\":\"https:\\\/\\\/denhelder.online\\\/?s={search_term_string}\"},\"query-input\":{\"@type\":\"PropertyValueSpecification\",\"valueRequired\":true,\"valueName\":\"search_term_string\"}}],\"inLanguage\":\"de\"},{\"@type\":\"Organization\",\"@id\":\"https:\\\/\\\/denhelder.online\\\/#organization\",\"name\":\"Den Helder Online\",\"url\":\"https:\\\/\\\/denhelder.online\\\/\",\"logo\":{\"@type\":\"ImageObject\",\"inLanguage\":\"de\",\"@id\":\"https:\\\/\\\/denhelder.online\\\/#\\\/schema\\\/logo\\\/image\\\/\",\"url\":\"https:\\\/\\\/denhelder.online\\\/wp-content\\\/uploads\\\/2021\\\/12\\\/DitIsDH-Logo-26-tagline.svg\",\"contentUrl\":\"https:\\\/\\\/denhelder.online\\\/wp-content\\\/uploads\\\/2021\\\/12\\\/DitIsDH-Logo-26-tagline.svg\",\"width\":1717.0999999999999,\"height\":934.89999999999998,\"caption\":\"Den Helder Online\"},\"image\":{\"@id\":\"https:\\\/\\\/denhelder.online\\\/#\\\/schema\\\/logo\\\/image\\\/\"}}]}<\/script>\n<!-- \/ Yoast SEO Premium plugin. -->","yoast_head_json":{"title":"Thuissafari met fotograaf Thomas Nondh Jansen - Den Helder Online","robots":{"index":"index","follow":"follow","max-snippet":"max-snippet:-1","max-image-preview":"max-image-preview:large","max-video-preview":"max-video-preview:-1"},"canonical":"https:\/\/denhelder.online\/de\/ereignis\/thuissafari-met-fotograaf-thomas-nondh-jansen\/","og_locale":"de_DE","og_type":"article","og_title":"Thuissafari met fotograaf Thomas Nondh Jansen","og_description":"Stap een fantasierijke thuissafari in en ontdek hoe alledaagse voorwerpen ineens gaan verrassen.","og_url":"https:\/\/denhelder.online\/de\/ereignis\/thuissafari-met-fotograaf-thomas-nondh-jansen\/","og_site_name":"Den Helder Online","twitter_card":"summary_large_image","twitter_misc":{"Gesch\u00e4tzte Lesezeit":"1\u00a0Minute"},"schema":{"@context":"https:\/\/schema.org","@graph":[{"@type":"WebPage","@id":"https:\/\/denhelder.online\/evenement\/thuissafari-met-fotograaf-thomas-nondh-jansen\/","url":"https:\/\/denhelder.online\/evenement\/thuissafari-met-fotograaf-thomas-nondh-jansen\/","name":"Thuissafari met fotograaf Thomas Nondh Jansen - Den Helder Online","isPartOf":{"@id":"https:\/\/denhelder.online\/#website"},"datePublished":"2026-04-29T09:30:19+00:00","breadcrumb":{"@id":"https:\/\/denhelder.online\/evenement\/thuissafari-met-fotograaf-thomas-nondh-jansen\/#breadcrumb"},"inLanguage":"de","potentialAction":[{"@type":"ReadAction","target":["https:\/\/denhelder.online\/evenement\/thuissafari-met-fotograaf-thomas-nondh-jansen\/"]}]},{"@type":"BreadcrumbList","@id":"https:\/\/denhelder.online\/evenement\/thuissafari-met-fotograaf-thomas-nondh-jansen\/#breadcrumb","itemListElement":[{"@type":"ListItem","position":1,"name":"Home","item":"https:\/\/denhelder.online\/"},{"@type":"ListItem","position":2,"name":"Evenementen","item":"https:\/\/denhelder.online\/en\/event-2\/"},{"@type":"ListItem","position":3,"name":"Thuissafari met fotograaf Thomas Nondh Jansen"}]},{"@type":"WebSite","@id":"https:\/\/denhelder.online\/#website","url":"https:\/\/denhelder.online\/","name":"Den Helder Online","description":"Erleben Sie Den Helder","publisher":{"@id":"https:\/\/denhelder.online\/#organization"},"potentialAction":[{"@type":"SearchAction","target":{"@type":"EntryPoint","urlTemplate":"https:\/\/denhelder.online\/?s={search_term_string}"},"query-input":{"@type":"PropertyValueSpecification","valueRequired":true,"valueName":"search_term_string"}}],"inLanguage":"de"},{"@type":"Organization","@id":"https:\/\/denhelder.online\/#organization","name":"Den Helder Online","url":"https:\/\/denhelder.online\/","logo":{"@type":"ImageObject","inLanguage":"de","@id":"https:\/\/denhelder.online\/#\/schema\/logo\/image\/","url":"https:\/\/denhelder.online\/wp-content\/uploads\/2021\/12\/DitIsDH-Logo-26-tagline.svg","contentUrl":"https:\/\/denhelder.online\/wp-content\/uploads\/2021\/12\/DitIsDH-Logo-26-tagline.svg","width":1717.0999999999999,"height":934.89999999999998,"caption":"Den Helder Online"},"image":{"@id":"https:\/\/denhelder.online\/#\/schema\/logo\/image\/"}}]}},"_links":{"self":[{"href":"https:\/\/denhelder.online\/de\/wp-json\/wp\/v2\/events\/23959","targetHints":{"allow":["GET"]}}],"collection":[{"href":"https:\/\/denhelder.online\/de\/wp-json\/wp\/v2\/events"}],"about":[{"href":"https:\/\/denhelder.online\/de\/wp-json\/wp\/v2\/types\/evenement"}],"version-history":[{"count":0,"href":"https:\/\/denhelder.online\/de\/wp-json\/wp\/v2\/events\/23959\/revisions"}],"wp:attachment":[{"href":"https:\/\/denhelder.online\/de\/wp-json\/wp\/v2\/media?parent=23959"}],"wp:term":[{"taxonomy":"category","embeddable":true,"href":"https:\/\/denhelder.online\/de\/wp-json\/wp\/v2\/categories?post=23959"},{"taxonomy":"post_tag","embeddable":true,"href":"https:\/\/denhelder.online\/de\/wp-json\/wp\/v2\/tags?post=23959"},{"taxonomy":"doelgroep","embeddable":true,"href":"https:\/\/denhelder.online\/de\/wp-json\/wp\/v2\/doelgroep?post=23959"}],"curies":[{"name":"wp","href":"https:\/\/api.w.org\/{rel}","templated":true}]}}

<p>Begeben Sie sich auf eine fantasievolle Heim-Safari und entdecken Sie, wie Alltagsgegenstände Sie plötzlich überraschen werden.</p>

<!-- This site is optimized with the Yoast SEO Premium plugin v24.7 (Yoast SEO v27.5) - https://yoast.com/product/yoast-seo-premium-wordpress/ -->
<title>Thuissafari met fotograaf Thomas Nondh Jansen - Den Helder Online</title>
<meta name="robots" content="index, follow, max-snippet:-1, max-image-preview:large, max-video-preview:-1" />
<link rel="canonical" href="https://denhelder.online/de/ereignis/thuissafari-met-fotograaf-thomas-nondh-jansen/" />
<meta property="og:locale" content="de_DE" />
<meta property="og:type" content="article" />
<meta property="og:title" content="Thuissafari met fotograaf Thomas Nondh Jansen" />
<meta property="og:description" content="Stap een fantasierijke thuissafari in en ontdek hoe alledaagse voorwerpen ineens gaan verrassen." />
<meta property="og:url" content="https://denhelder.online/de/ereignis/thuissafari-met-fotograaf-thomas-nondh-jansen/" />
<meta property="og:site_name" content="Den Helder Online" />
<meta name="twitter:card" content="summary_large_image" />
<meta name="twitter:label1" content="Geschätzte Lesezeit" />
	<meta name="twitter:data1" content="1 Minute" />
<script type="application/ld+json" class="yoast-schema-graph">{"@context":"https:\/\/schema.org","@graph":[{"@type":"WebPage","@id":"https:\/\/denhelder.online\/evenement\/thuissafari-met-fotograaf-thomas-nondh-jansen\/","url":"https:\/\/denhelder.online\/evenement\/thuissafari-met-fotograaf-thomas-nondh-jansen\/","name":"Thuissafari met fotograaf Thomas Nondh Jansen - Den Helder Online","isPartOf":{"@id":"https:\/\/denhelder.online\/#website"},"datePublished":"2026-04-29T09:30:19+00:00","breadcrumb":{"@id":"https:\/\/denhelder.online\/evenement\/thuissafari-met-fotograaf-thomas-nondh-jansen\/#breadcrumb"},"inLanguage":"de","potentialAction":[{"@type":"ReadAction","target":["https:\/\/denhelder.online\/evenement\/thuissafari-met-fotograaf-thomas-nondh-jansen\/"]}]},{"@type":"BreadcrumbList","@id":"https:\/\/denhelder.online\/evenement\/thuissafari-met-fotograaf-thomas-nondh-jansen\/#breadcrumb","itemListElement":[{"@type":"ListItem","position":1,"name":"Home","item":"https:\/\/denhelder.online\/"},{"@type":"ListItem","position":2,"name":"Evenementen","item":"https:\/\/denhelder.online\/en\/event-2\/"},{"@type":"ListItem","position":3,"name":"Thuissafari met fotograaf Thomas Nondh Jansen"}]},{"@type":"WebSite","@id":"https:\/\/denhelder.online\/#website","url":"https:\/\/denhelder.online\/","name":"Den Helder Online","description":"Beleef Den Helder","publisher":{"@id":"https:\/\/denhelder.online\/#organization"},"potentialAction":[{"@type":"SearchAction","target":{"@type":"EntryPoint","urlTemplate":"https:\/\/denhelder.online\/?s={search_term_string}"},"query-input":{"@type":"PropertyValueSpecification","valueRequired":true,"valueName":"search_term_string"}}],"inLanguage":"de"},{"@type":"Organization","@id":"https:\/\/denhelder.online\/#organization","name":"Den Helder Online","url":"https:\/\/denhelder.online\/","logo":{"@type":"ImageObject","inLanguage":"de","@id":"https:\/\/denhelder.online\/#\/schema\/logo\/image\/","url":"https:\/\/denhelder.online\/wp-content\/uploads\/2021\/12\/DitIsDH-Logo-26-tagline.svg","contentUrl":"https:\/\/denhelder.online\/wp-content\/uploads\/2021\/12\/DitIsDH-Logo-26-tagline.svg","width":1717.0999999999999,"height":934.89999999999998,"caption":"Den Helder Online"},"image":{"@id":"https:\/\/denhelder.online\/#\/schema\/logo\/image\/"}}]}</script>
<!-- / Yoast SEO Premium plugin. -->
