{"id":24444,"date":"2026-05-29T11:47:26","date_gmt":"2026-05-29T09:47:26","guid":{"rendered":"https:\/\/denhelder.online\/evenement\/helders-museum-open-monumentendagen\/"},"modified":"2026-08-21T15:10:13","modified_gmt":"2026-08-21T13:10:13","slug":"tage-des-offenen-denkmals-im-helders-museum","status":"publish","type":"evenement","link":"https:\/\/denhelder.online\/de\/evenement\/helders-museum-open-monumentendagen\/","title":{"rendered":"Museum Helders \u2018Pavillon der Vergangenheit\u2019 | Tage der offenen T\u00fcr"},"content":{"rendered":"<p><span style=\"background-color: rgb(255, 255, 255); color: rgb(51, 51, 51);\">Das Museum Helders befindet sich im alten Musikpavillon des ehemaligen Lyzeums an der Timorlaan. Heute ist dieser Pavillon auch als Pavillon der Vergangenheit bekannt und grenzt an den Timorpark in Den Helder. <\/span><\/p>\n<p><span style=\"background-color: rgb(255, 255, 255); color: rgb(51, 51, 51);\">Es dient heute als Stadtmuseum. <\/span><strong style=\"background-color: rgb(255, 255, 255); color: rgb(51, 51, 51);\">(www.Heldersmuseum.nl)<\/strong><span style=\"background-color: rgb(255, 255, 255); color: rgb(51, 51, 51);\">.<\/span><\/p>\n<p><span style=\"background-color: rgb(255, 255, 255); color: rgb(51, 51, 51);\">Der Pavillon und die Ausstellung k\u00f6nnen kostenlos besucht werden. Im Anschluss an den Besuch k\u00f6nnen Sie sich ein St\u00fcck Kuchen mit einer Tasse Tee oder Kaffee g\u00f6nnen.<\/span><\/p>\n<p><strong style=\"background-color: rgb(255, 255, 255); color: rgb(0, 91, 129);\">\u00d6ffnungszeiten<\/strong><\/p>\n<ol>\n<li data-list=\"bullet\"><span class=\"ql-ui\" contenteditable=\"false\"><\/span><strong style=\"background-color: rgb(255, 255, 255); color: rgb(51, 51, 51);\">Samstag, 12. September: <\/strong><span style=\"background-color: rgb(255, 255, 255); color: rgb(51, 51, 51);\">12:00 \u2013 17:00<\/span><\/li>\n<li data-list=\"bullet\"><span class=\"ql-ui\" contenteditable=\"false\"><\/span><strong style=\"background-color: rgb(255, 255, 255); color: rgb(51, 51, 51);\">Sonntag, 13. September:<\/strong><span style=\"background-color: rgb(255, 255, 255); color: rgb(51, 51, 51);\"> 12:00 \u2013 17:00 <\/span><\/li>\n<\/ol>\n<p><strong style=\"background-color: rgb(255, 255, 255); color: rgb(0, 91, 129);\">Hintergrundinformationen<\/strong><\/p>\n<ol>\n<li data-list=\"bullet\"><span class=\"ql-ui\" contenteditable=\"false\"><\/span><strong style=\"background-color: rgb(255, 255, 255); color: rgb(51, 51, 51);\">Denkmaltyp:<\/strong><span style=\"background-color: rgb(255, 255, 255); color: rgb(51, 51, 51);\"> Denkmal der Entspannung, Museum<\/span><\/li>\n<li data-list=\"bullet\"><span class=\"ql-ui\" contenteditable=\"false\"><\/span><strong style=\"background-color: rgb(255, 255, 255); color: rgb(51, 51, 51);\">Urspr\u00fcngliche Funktion:<\/strong><span style=\"background-color: rgb(255, 255, 255); color: rgb(51, 51, 51);\"> Musikpavillon der High School<\/span><\/li>\n<li data-list=\"bullet\"><span class=\"ql-ui\" contenteditable=\"false\"><\/span><strong style=\"background-color: rgb(255, 255, 255); color: rgb(51, 51, 51);\">Architekt:<\/strong><span style=\"background-color: rgb(255, 255, 255); color: rgb(51, 51, 51);\"> Wieger Bruin<\/span><\/li>\n<li data-list=\"bullet\"><span class=\"ql-ui\" contenteditable=\"false\"><\/span><strong style=\"background-color: rgb(255, 255, 255); color: rgb(51, 51, 51);\">Bauzeit:<\/strong><span style=\"background-color: rgb(255, 255, 255); color: rgb(51, 51, 51);\"> 1956<\/span><\/li>\n<li data-list=\"bullet\"><span class=\"ql-ui\" contenteditable=\"false\"><\/span><strong style=\"background-color: rgb(255, 255, 255); color: rgb(51, 51, 51);\">Aktuelle Position:<\/strong><span style=\"background-color: rgb(255, 255, 255); color: rgb(51, 51, 51);\"> Ausstellungsraum mit Teestube<\/span><\/li>\n<\/ol>","protected":false},"excerpt":{"rendered":"<p>Entdecken Sie das Helders-Museum w\u00e4hrend der Tage der offenen Denkmals.<\/p>","protected":false},"featured_media":0,"template":"","meta":{"patterndates-bp":null,"singledates-bp":[{"date-timestamp-repeaters":1789171200},{"date-timestamp-repeaters":1789257600}],"footnotes":""},"categories":[6370,6367],"tags":[6364,6523],"doelgroep":[],"class_list":["post-24444","evenement","type-evenement","status-publish","hentry","category-evenement","category-open-dag","tag-den-helder","tag-omd","marker-toonopdenhelder","marker-toonopvisitkopvanholland"],"yoast_head":"<!-- This site is optimized with the Yoast SEO Premium plugin v24.7 (Yoast SEO v28.4) - https:\/\/yoast.com\/product\/yoast-seo-premium-wordpress\/ -->\n<title>Helders Museum &#039;Paviljoen Van Toen&#039; | Open Monumentendagen - Den Helder Online<\/title>\n<meta name=\"robots\" content=\"index, follow, max-snippet:-1, max-image-preview:large, max-video-preview:-1\" \/>\n<link rel=\"canonical\" href=\"https:\/\/denhelder.online\/de\/ereignis\/tage-des-offenen-denkmals-im-helders-museum\/\" \/>\n<meta property=\"og:locale\" content=\"de_DE\" \/>\n<meta property=\"og:type\" content=\"article\" \/>\n<meta property=\"og:title\" content=\"Helders Museum &#039;Paviljoen Van Toen&#039; | Open Monumentendagen\" \/>\n<meta property=\"og:description\" content=\"Ontdek het Helders Museum tijdens Open Monumentendagen\" \/>\n<meta property=\"og:url\" content=\"https:\/\/denhelder.online\/de\/ereignis\/tage-des-offenen-denkmals-im-helders-museum\/\" \/>\n<meta property=\"og:site_name\" content=\"Den Helder Online\" \/>\n<meta property=\"article:modified_time\" content=\"2026-08-21T13:10:13+00:00\" \/>\n<meta name=\"twitter:card\" content=\"summary_large_image\" \/>\n<script type=\"application\/ld+json\" class=\"yoast-schema-graph\">{\"@context\":\"https:\\\/\\\/schema.org\",\"@graph\":[{\"@type\":\"WebPage\",\"@id\":\"https:\\\/\\\/denhelder.online\\\/evenement\\\/helders-museum-open-monumentendagen\\\/\",\"url\":\"https:\\\/\\\/denhelder.online\\\/evenement\\\/helders-museum-open-monumentendagen\\\/\",\"name\":\"Helders Museum 'Paviljoen Van Toen' | Open Monumentendagen - Den Helder Online\",\"isPartOf\":{\"@id\":\"https:\\\/\\\/denhelder.online\\\/#website\"},\"datePublished\":\"2026-05-29T09:47:26+00:00\",\"dateModified\":\"2026-08-21T13:10:13+00:00\",\"breadcrumb\":{\"@id\":\"https:\\\/\\\/denhelder.online\\\/evenement\\\/helders-museum-open-monumentendagen\\\/#breadcrumb\"},\"inLanguage\":\"de\",\"potentialAction\":[{\"@type\":\"ReadAction\",\"target\":[\"https:\\\/\\\/denhelder.online\\\/evenement\\\/helders-museum-open-monumentendagen\\\/\"]}]},{\"@type\":\"BreadcrumbList\",\"@id\":\"https:\\\/\\\/denhelder.online\\\/evenement\\\/helders-museum-open-monumentendagen\\\/#breadcrumb\",\"itemListElement\":[{\"@type\":\"ListItem\",\"position\":1,\"name\":\"Home\",\"item\":\"https:\\\/\\\/denhelder.online\\\/\"},{\"@type\":\"ListItem\",\"position\":2,\"name\":\"Evenementen\",\"item\":\"https:\\\/\\\/denhelder.online\\\/en\\\/event-2\\\/\"},{\"@type\":\"ListItem\",\"position\":3,\"name\":\"Helders Museum &#8216;Paviljoen Van Toen&#8217; | Open Monumentendagen\"}]},{\"@type\":\"WebSite\",\"@id\":\"https:\\\/\\\/denhelder.online\\\/#website\",\"url\":\"https:\\\/\\\/denhelder.online\\\/\",\"name\":\"Den Helder Online\",\"description\":\"Beleef Den Helder\",\"publisher\":{\"@id\":\"https:\\\/\\\/denhelder.online\\\/#organization\"},\"potentialAction\":[{\"@type\":\"SearchAction\",\"target\":{\"@type\":\"EntryPoint\",\"urlTemplate\":\"https:\\\/\\\/denhelder.online\\\/?s={search_term_string}\"},\"query-input\":{\"@type\":\"PropertyValueSpecification\",\"valueRequired\":true,\"valueName\":\"search_term_string\"}}],\"inLanguage\":\"de\"},{\"@type\":\"Organization\",\"@id\":\"https:\\\/\\\/denhelder.online\\\/#organization\",\"name\":\"Den Helder Online\",\"url\":\"https:\\\/\\\/denhelder.online\\\/\",\"logo\":{\"@type\":\"ImageObject\",\"inLanguage\":\"de\",\"@id\":\"https:\\\/\\\/denhelder.online\\\/#\\\/schema\\\/logo\\\/image\\\/\",\"url\":\"https:\\\/\\\/denhelder.online\\\/wp-content\\\/uploads\\\/2021\\\/12\\\/DitIsDH-Logo-26-tagline.svg\",\"contentUrl\":\"https:\\\/\\\/denhelder.online\\\/wp-content\\\/uploads\\\/2021\\\/12\\\/DitIsDH-Logo-26-tagline.svg\",\"width\":1717.1,\"height\":934.9,\"caption\":\"Den Helder Online\"},\"image\":{\"@id\":\"https:\\\/\\\/denhelder.online\\\/#\\\/schema\\\/logo\\\/image\\\/\"}}]}<\/script>\n<!-- \/ Yoast SEO Premium plugin. -->","yoast_head_json":{"title":"Helders Museum 'Pavillon der Vergangenheit' | Tage der offenen T\u00fcr \u2013 Den Helder Online","robots":{"index":"index","follow":"follow","max-snippet":"max-snippet:-1","max-image-preview":"max-image-preview:large","max-video-preview":"max-video-preview:-1"},"canonical":"https:\/\/denhelder.online\/de\/ereignis\/tage-des-offenen-denkmals-im-helders-museum\/","og_locale":"de_DE","og_type":"article","og_title":"Helders Museum 'Paviljoen Van Toen' | Open Monumentendagen","og_description":"Ontdek het Helders Museum tijdens Open Monumentendagen","og_url":"https:\/\/denhelder.online\/de\/ereignis\/tage-des-offenen-denkmals-im-helders-museum\/","og_site_name":"Den Helder Online","article_modified_time":"2026-08-21T13:10:13+00:00","twitter_card":"summary_large_image","schema":{"@context":"https:\/\/schema.org","@graph":[{"@type":"WebPage","@id":"https:\/\/denhelder.online\/evenement\/helders-museum-open-monumentendagen\/","url":"https:\/\/denhelder.online\/evenement\/helders-museum-open-monumentendagen\/","name":"Helders Museum 'Pavillon der Vergangenheit' | Tage der offenen T\u00fcr \u2013 Den Helder Online","isPartOf":{"@id":"https:\/\/denhelder.online\/#website"},"datePublished":"2026-05-29T09:47:26+00:00","dateModified":"2026-08-21T13:10:13+00:00","breadcrumb":{"@id":"https:\/\/denhelder.online\/evenement\/helders-museum-open-monumentendagen\/#breadcrumb"},"inLanguage":"de","potentialAction":[{"@type":"ReadAction","target":["https:\/\/denhelder.online\/evenement\/helders-museum-open-monumentendagen\/"]}]},{"@type":"BreadcrumbList","@id":"https:\/\/denhelder.online\/evenement\/helders-museum-open-monumentendagen\/#breadcrumb","itemListElement":[{"@type":"ListItem","position":1,"name":"Home","item":"https:\/\/denhelder.online\/"},{"@type":"ListItem","position":2,"name":"Evenementen","item":"https:\/\/denhelder.online\/en\/event-2\/"},{"@type":"ListItem","position":3,"name":"Helders Museum &#8216;Paviljoen Van Toen&#8217; | Open Monumentendagen"}]},{"@type":"WebSite","@id":"https:\/\/denhelder.online\/#website","url":"https:\/\/denhelder.online\/","name":"Den Helder Online","description":"Erleben Sie Den Helder","publisher":{"@id":"https:\/\/denhelder.online\/#organization"},"potentialAction":[{"@type":"SearchAction","target":{"@type":"EntryPoint","urlTemplate":"https:\/\/denhelder.online\/?s={search_term_string}"},"query-input":{"@type":"PropertyValueSpecification","valueRequired":true,"valueName":"search_term_string"}}],"inLanguage":"de"},{"@type":"Organization","@id":"https:\/\/denhelder.online\/#organization","name":"Den Helder Online","url":"https:\/\/denhelder.online\/","logo":{"@type":"ImageObject","inLanguage":"de","@id":"https:\/\/denhelder.online\/#\/schema\/logo\/image\/","url":"https:\/\/denhelder.online\/wp-content\/uploads\/2021\/12\/DitIsDH-Logo-26-tagline.svg","contentUrl":"https:\/\/denhelder.online\/wp-content\/uploads\/2021\/12\/DitIsDH-Logo-26-tagline.svg","width":1717.1,"height":934.9,"caption":"Den Helder Online"},"image":{"@id":"https:\/\/denhelder.online\/#\/schema\/logo\/image\/"}}]}},"_links":{"self":[{"href":"https:\/\/denhelder.online\/de\/wp-json\/wp\/v2\/events\/24444","targetHints":{"allow":["GET"]}}],"collection":[{"href":"https:\/\/denhelder.online\/de\/wp-json\/wp\/v2\/events"}],"about":[{"href":"https:\/\/denhelder.online\/de\/wp-json\/wp\/v2\/types\/evenement"}],"version-history":[{"count":1,"href":"https:\/\/denhelder.online\/de\/wp-json\/wp\/v2\/events\/24444\/revisions"}],"predecessor-version":[{"id":25795,"href":"https:\/\/denhelder.online\/de\/wp-json\/wp\/v2\/events\/24444\/revisions\/25795"}],"wp:attachment":[{"href":"https:\/\/denhelder.online\/de\/wp-json\/wp\/v2\/media?parent=24444"}],"wp:term":[{"taxonomy":"category","embeddable":true,"href":"https:\/\/denhelder.online\/de\/wp-json\/wp\/v2\/categories?post=24444"},{"taxonomy":"post_tag","embeddable":true,"href":"https:\/\/denhelder.online\/de\/wp-json\/wp\/v2\/tags?post=24444"},{"taxonomy":"doelgroep","embeddable":true,"href":"https:\/\/denhelder.online\/de\/wp-json\/wp\/v2\/doelgroep?post=24444"}],"curies":[{"name":"wp","href":"https:\/\/api.w.org\/{rel}","templated":true}]}}

Museum Helders ‘Pavillon der Vergangenheit’ | Tage der offenen Tür

<p><span style="background-color: rgb(255, 255, 255); color: rgb(51, 51, 51);">Das Museum Helders befindet sich im alten Musikpavillon des ehemaligen Lyzeums an der Timorlaan. Heute ist dieser Pavillon auch als Pavillon der Vergangenheit bekannt und grenzt an den Timorpark in Den Helder. </span></p>
<p><span style="background-color: rgb(255, 255, 255); color: rgb(51, 51, 51);">Es dient heute als Stadtmuseum. </span><strong style="background-color: rgb(255, 255, 255); color: rgb(51, 51, 51);">(www.Heldersmuseum.nl)</strong><span style="background-color: rgb(255, 255, 255); color: rgb(51, 51, 51);">.</span></p>
<p><span style="background-color: rgb(255, 255, 255); color: rgb(51, 51, 51);">Der Pavillon und die Ausstellung können kostenlos besucht werden. Im Anschluss an den Besuch können Sie sich ein Stück Kuchen mit einer Tasse Tee oder Kaffee gönnen.</span></p>
<p><strong style="background-color: rgb(255, 255, 255); color: rgb(0, 91, 129);">Öffnungszeiten</strong></p>
<ol>
<li data-list="bullet"><span class="ql-ui" contenteditable="false"></span><strong style="background-color: rgb(255, 255, 255); color: rgb(51, 51, 51);">Samstag, 12. September: </strong><span style="background-color: rgb(255, 255, 255); color: rgb(51, 51, 51);">12:00 – 17:00</span></li>
<li data-list="bullet"><span class="ql-ui" contenteditable="false"></span><strong style="background-color: rgb(255, 255, 255); color: rgb(51, 51, 51);">Sonntag, 13. September:</strong><span style="background-color: rgb(255, 255, 255); color: rgb(51, 51, 51);"> 12:00 – 17:00 </span></li>
</ol>
<p><strong style="background-color: rgb(255, 255, 255); color: rgb(0, 91, 129);">Hintergrundinformationen</strong></p>
<ol>
<li data-list="bullet"><span class="ql-ui" contenteditable="false"></span><strong style="background-color: rgb(255, 255, 255); color: rgb(51, 51, 51);">Denkmaltyp:</strong><span style="background-color: rgb(255, 255, 255); color: rgb(51, 51, 51);"> Denkmal der Entspannung, Museum</span></li>
<li data-list="bullet"><span class="ql-ui" contenteditable="false"></span><strong style="background-color: rgb(255, 255, 255); color: rgb(51, 51, 51);">Ursprüngliche Funktion:</strong><span style="background-color: rgb(255, 255, 255); color: rgb(51, 51, 51);"> Musikpavillon der High School</span></li>
<li data-list="bullet"><span class="ql-ui" contenteditable="false"></span><strong style="background-color: rgb(255, 255, 255); color: rgb(51, 51, 51);">Architekt:</strong><span style="background-color: rgb(255, 255, 255); color: rgb(51, 51, 51);"> Wieger Bruin</span></li>
<li data-list="bullet"><span class="ql-ui" contenteditable="false"></span><strong style="background-color: rgb(255, 255, 255); color: rgb(51, 51, 51);">Bauzeit:</strong><span style="background-color: rgb(255, 255, 255); color: rgb(51, 51, 51);"> 1956</span></li>
<li data-list="bullet"><span class="ql-ui" contenteditable="false"></span><strong style="background-color: rgb(255, 255, 255); color: rgb(51, 51, 51);">Aktuelle Position:</strong><span style="background-color: rgb(255, 255, 255); color: rgb(51, 51, 51);"> Ausstellungsraum mit Teestube</span></li>
</ol>

<p>Entdecken Sie das Helders-Museum während der Tage der offenen Denkmals.</p>

Helders Museum 'Pavillon der Vergangenheit' | Tage der offenen Tür – Den Helder Online
