{"id":24446,"date":"2026-05-30T00:48:52","date_gmt":"2026-05-29T22:48:52","guid":{"rendered":"https:\/\/denhelder.online\/evenement\/het-carillon-open-monumentendagen\/"},"modified":"2026-08-21T13:14:43","modified_gmt":"2026-08-21T11:14:43","slug":"das-glockenspiel-ist-an-den-tagen-geoffnet-an-denen-das-denkmal-geoffnet-ist","status":"publish","type":"evenement","link":"https:\/\/denhelder.online\/de\/evenement\/het-carillon-open-monumentendagen\/","title":{"rendered":"Carillon \u2013 Nationaldenkmal f\u00fcr den Rettungsdienst | Tage der offenen T\u00fcr"},"content":{"rendered":"<p><strong>Nationaldenkmal<\/strong><\/p>\n<p><span>Besuchen Sie das Nationaldenkmal f\u00fcr den Seenotrettungsdienst am Den Helder w\u00e4hrend des Tages der offenen Denkm\u00e4ler und entdecken Sie die Geschichte der Seenotrettung. Dieses beeindruckende Nationaldenkmal aus den Jahren 1934\u20131935, entworfen im Stil der Amsterdamer Schule, wurde zu Ehren all jener Retter errichtet, die ihr Leben riskierten, um anderen zu helfen.<\/span><\/p>\n<p><strong>Dutzende Uhren<\/strong><\/p>\n<p><span>Das Denkmal beherbergt ein bemerkenswertes Glockenspiel mit Dutzenden von Glocken, das nach dem Zweiten Weltkrieg zur\u00fcckkehrte und wieder \u00fcber der Stadt zu l\u00e4uten begann.<\/span><\/p>\n<p><strong>Restauriert<\/strong><\/p>\n<p><span>Das Denkmal wurde im vergangenen Jahr umfassend restauriert. Durch Witterungseinfl\u00fcsse und das Meer waren Bauteile wie der Glockenbalken und die Glocken besch\u00e4digt worden; dank der j\u00fcngsten Arbeiten befindet sich das Denkmal nun in einem guten Zustand und ist f\u00fcr die Zukunft ger\u00fcstet.<\/span><\/p>\n<p><strong>Schauen Sie genauer hin<\/strong><\/p>\n<p><span>W\u00e4hrend der Er\u00f6ffnung k\u00f6nnen Sie das Denkmal aus n\u00e4chster N\u00e4he betrachten und den Glockenspieler live bei der Arbeit beobachten, wenn das Glockenspiel wieder zum Leben erwacht.<\/span><\/p>\n<p><strong>\u00d6ffnungszeiten<\/strong><\/p>\n<ol>\n<li data-list=\"bullet\"><span class=\"ql-ui\"><\/span><strong>Samstag, 12. September: <\/strong><span>11:00 \u2013 16:00 <\/span><\/li>\n<li data-list=\"bullet\"><span class=\"ql-ui\"><\/span><strong>Sonntag, 13. September: <\/strong><span>11:00 \u2013 16:00 <\/span><\/li>\n<\/ol>\n<p><strong>Hintergrundinformationen<\/strong><\/p>\n<ol>\n<li data-list=\"bullet\"><span class=\"ql-ui\"><\/span><strong>Denkmaltyp: <\/strong><span>Arch\u00e4ologisches Denkmal<\/span><\/li>\n<li data-list=\"bullet\"><span class=\"ql-ui\"><\/span><strong>Urspr\u00fcngliche Funktion:<\/strong><span> Glockenspiel<\/span><\/li>\n<li data-list=\"bullet\"><span class=\"ql-ui\"><\/span><strong>Bauzeit: <\/strong><span>1934 \u2013 1935<\/span><\/li>\n<li data-list=\"bullet\"><span class=\"ql-ui\"><\/span><strong>Aktuelle Position: <\/strong><span>Glockenspiel<\/span><\/li>\n<li data-list=\"bullet\"><span class=\"ql-ui\"><\/span><strong>Denkmalstatus: <\/strong><span>Nationaldenkmal<\/span><\/li>\n<\/ol>\n<p><\/p>\n<p><strong>Aufgrund des komplizierten Zugangs ist das Carillon nicht rollstuhlgerecht und verf\u00fcgt \u00fcber eine steile Treppe.<\/strong><\/p>","protected":false},"excerpt":{"rendered":"<p>Entdecken Sie das Glockenspiel an den Tagen der offenen Denkmals\u00f6ffnung.<\/p>","protected":false},"featured_media":0,"template":"","meta":{"patterndates-bp":null,"singledates-bp":[{"date-timestamp-repeaters":1789171200},{"date-timestamp-repeaters":1789257600}],"footnotes":""},"categories":[6370,6367],"tags":[6364,6523],"doelgroep":[],"class_list":["post-24446","evenement","type-evenement","status-publish","hentry","category-evenement","category-open-dag","tag-den-helder","tag-omd","marker-toonopdenhelder","marker-toonopvisitkopvanholland"],"yoast_head":"<!-- This site is optimized with the Yoast SEO Premium plugin v24.7 (Yoast SEO v28.3) - https:\/\/yoast.com\/product\/yoast-seo-premium-wordpress\/ -->\n<title>Carillon - Rijksmonument voor het Reddingwezen | Open Monumentendagen - Den Helder Online<\/title>\n<meta name=\"robots\" content=\"index, follow, max-snippet:-1, max-image-preview:large, max-video-preview:-1\" \/>\n<link rel=\"canonical\" href=\"https:\/\/denhelder.online\/de\/ereignis\/das-glockenspiel-ist-an-den-tagen-geoffnet-an-denen-das-denkmal-geoffnet-ist\/\" \/>\n<meta property=\"og:locale\" content=\"de_DE\" \/>\n<meta property=\"og:type\" content=\"article\" \/>\n<meta property=\"og:title\" content=\"Carillon - Rijksmonument voor het Reddingwezen | Open Monumentendagen\" \/>\n<meta property=\"og:description\" content=\"Ontdek het Carillon tijdens Open Monumentendagen\" \/>\n<meta property=\"og:url\" content=\"https:\/\/denhelder.online\/de\/ereignis\/das-glockenspiel-ist-an-den-tagen-geoffnet-an-denen-das-denkmal-geoffnet-ist\/\" \/>\n<meta property=\"og:site_name\" content=\"Den Helder Online\" \/>\n<meta property=\"article:modified_time\" content=\"2026-08-21T11:14:43+00:00\" \/>\n<meta name=\"twitter:card\" content=\"summary_large_image\" \/>\n<meta name=\"twitter:label1\" content=\"Gesch\u00e4tzte Lesezeit\" \/>\n\t<meta name=\"twitter:data1\" content=\"1\u00a0Minute\" \/>\n<script type=\"application\/ld+json\" class=\"yoast-schema-graph\">{\"@context\":\"https:\\\/\\\/schema.org\",\"@graph\":[{\"@type\":\"WebPage\",\"@id\":\"https:\\\/\\\/denhelder.online\\\/evenement\\\/het-carillon-open-monumentendagen\\\/\",\"url\":\"https:\\\/\\\/denhelder.online\\\/evenement\\\/het-carillon-open-monumentendagen\\\/\",\"name\":\"Carillon - Rijksmonument voor het Reddingwezen | Open Monumentendagen - Den Helder Online\",\"isPartOf\":{\"@id\":\"https:\\\/\\\/denhelder.online\\\/#website\"},\"datePublished\":\"2026-05-29T22:48:52+00:00\",\"dateModified\":\"2026-08-21T11:14:43+00:00\",\"breadcrumb\":{\"@id\":\"https:\\\/\\\/denhelder.online\\\/evenement\\\/het-carillon-open-monumentendagen\\\/#breadcrumb\"},\"inLanguage\":\"de\",\"potentialAction\":[{\"@type\":\"ReadAction\",\"target\":[\"https:\\\/\\\/denhelder.online\\\/evenement\\\/het-carillon-open-monumentendagen\\\/\"]}]},{\"@type\":\"BreadcrumbList\",\"@id\":\"https:\\\/\\\/denhelder.online\\\/evenement\\\/het-carillon-open-monumentendagen\\\/#breadcrumb\",\"itemListElement\":[{\"@type\":\"ListItem\",\"position\":1,\"name\":\"Home\",\"item\":\"https:\\\/\\\/denhelder.online\\\/\"},{\"@type\":\"ListItem\",\"position\":2,\"name\":\"Evenementen\",\"item\":\"https:\\\/\\\/denhelder.online\\\/en\\\/event-2\\\/\"},{\"@type\":\"ListItem\",\"position\":3,\"name\":\"Carillon &#8211; Rijksmonument voor het Reddingwezen | Open Monumentendagen\"}]},{\"@type\":\"WebSite\",\"@id\":\"https:\\\/\\\/denhelder.online\\\/#website\",\"url\":\"https:\\\/\\\/denhelder.online\\\/\",\"name\":\"Den Helder Online\",\"description\":\"Beleef Den Helder\",\"publisher\":{\"@id\":\"https:\\\/\\\/denhelder.online\\\/#organization\"},\"potentialAction\":[{\"@type\":\"SearchAction\",\"target\":{\"@type\":\"EntryPoint\",\"urlTemplate\":\"https:\\\/\\\/denhelder.online\\\/?s={search_term_string}\"},\"query-input\":{\"@type\":\"PropertyValueSpecification\",\"valueRequired\":true,\"valueName\":\"search_term_string\"}}],\"inLanguage\":\"de\"},{\"@type\":\"Organization\",\"@id\":\"https:\\\/\\\/denhelder.online\\\/#organization\",\"name\":\"Den Helder Online\",\"url\":\"https:\\\/\\\/denhelder.online\\\/\",\"logo\":{\"@type\":\"ImageObject\",\"inLanguage\":\"de\",\"@id\":\"https:\\\/\\\/denhelder.online\\\/#\\\/schema\\\/logo\\\/image\\\/\",\"url\":\"https:\\\/\\\/denhelder.online\\\/wp-content\\\/uploads\\\/2021\\\/12\\\/DitIsDH-Logo-26-tagline.svg\",\"contentUrl\":\"https:\\\/\\\/denhelder.online\\\/wp-content\\\/uploads\\\/2021\\\/12\\\/DitIsDH-Logo-26-tagline.svg\",\"width\":1717.1,\"height\":934.9,\"caption\":\"Den Helder Online\"},\"image\":{\"@id\":\"https:\\\/\\\/denhelder.online\\\/#\\\/schema\\\/logo\\\/image\\\/\"}}]}<\/script>\n<!-- \/ Yoast SEO Premium plugin. -->","yoast_head_json":{"title":"Carillon \u2013 Nationales Denkmal f\u00fcr den Rettungsdienst | Tage der offenen T\u00fcr \u2013 Den Helder Online","robots":{"index":"index","follow":"follow","max-snippet":"max-snippet:-1","max-image-preview":"max-image-preview:large","max-video-preview":"max-video-preview:-1"},"canonical":"https:\/\/denhelder.online\/de\/ereignis\/das-glockenspiel-ist-an-den-tagen-geoffnet-an-denen-das-denkmal-geoffnet-ist\/","og_locale":"de_DE","og_type":"article","og_title":"Carillon - Rijksmonument voor het Reddingwezen | Open Monumentendagen","og_description":"Ontdek het Carillon tijdens Open Monumentendagen","og_url":"https:\/\/denhelder.online\/de\/ereignis\/das-glockenspiel-ist-an-den-tagen-geoffnet-an-denen-das-denkmal-geoffnet-ist\/","og_site_name":"Den Helder Online","article_modified_time":"2026-08-21T11:14:43+00:00","twitter_card":"summary_large_image","twitter_misc":{"Gesch\u00e4tzte Lesezeit":"1\u00a0Minute"},"schema":{"@context":"https:\/\/schema.org","@graph":[{"@type":"WebPage","@id":"https:\/\/denhelder.online\/evenement\/het-carillon-open-monumentendagen\/","url":"https:\/\/denhelder.online\/evenement\/het-carillon-open-monumentendagen\/","name":"Carillon \u2013 Nationales Denkmal f\u00fcr den Rettungsdienst | Tage der offenen T\u00fcr \u2013 Den Helder Online","isPartOf":{"@id":"https:\/\/denhelder.online\/#website"},"datePublished":"2026-05-29T22:48:52+00:00","dateModified":"2026-08-21T11:14:43+00:00","breadcrumb":{"@id":"https:\/\/denhelder.online\/evenement\/het-carillon-open-monumentendagen\/#breadcrumb"},"inLanguage":"de","potentialAction":[{"@type":"ReadAction","target":["https:\/\/denhelder.online\/evenement\/het-carillon-open-monumentendagen\/"]}]},{"@type":"BreadcrumbList","@id":"https:\/\/denhelder.online\/evenement\/het-carillon-open-monumentendagen\/#breadcrumb","itemListElement":[{"@type":"ListItem","position":1,"name":"Home","item":"https:\/\/denhelder.online\/"},{"@type":"ListItem","position":2,"name":"Evenementen","item":"https:\/\/denhelder.online\/en\/event-2\/"},{"@type":"ListItem","position":3,"name":"Carillon &#8211; Rijksmonument voor het Reddingwezen | Open Monumentendagen"}]},{"@type":"WebSite","@id":"https:\/\/denhelder.online\/#website","url":"https:\/\/denhelder.online\/","name":"Den Helder Online","description":"Erleben Sie Den Helder","publisher":{"@id":"https:\/\/denhelder.online\/#organization"},"potentialAction":[{"@type":"SearchAction","target":{"@type":"EntryPoint","urlTemplate":"https:\/\/denhelder.online\/?s={search_term_string}"},"query-input":{"@type":"PropertyValueSpecification","valueRequired":true,"valueName":"search_term_string"}}],"inLanguage":"de"},{"@type":"Organization","@id":"https:\/\/denhelder.online\/#organization","name":"Den Helder Online","url":"https:\/\/denhelder.online\/","logo":{"@type":"ImageObject","inLanguage":"de","@id":"https:\/\/denhelder.online\/#\/schema\/logo\/image\/","url":"https:\/\/denhelder.online\/wp-content\/uploads\/2021\/12\/DitIsDH-Logo-26-tagline.svg","contentUrl":"https:\/\/denhelder.online\/wp-content\/uploads\/2021\/12\/DitIsDH-Logo-26-tagline.svg","width":1717.1,"height":934.9,"caption":"Den Helder Online"},"image":{"@id":"https:\/\/denhelder.online\/#\/schema\/logo\/image\/"}}]}},"_links":{"self":[{"href":"https:\/\/denhelder.online\/de\/wp-json\/wp\/v2\/events\/24446","targetHints":{"allow":["GET"]}}],"collection":[{"href":"https:\/\/denhelder.online\/de\/wp-json\/wp\/v2\/events"}],"about":[{"href":"https:\/\/denhelder.online\/de\/wp-json\/wp\/v2\/types\/evenement"}],"version-history":[{"count":1,"href":"https:\/\/denhelder.online\/de\/wp-json\/wp\/v2\/events\/24446\/revisions"}],"predecessor-version":[{"id":25777,"href":"https:\/\/denhelder.online\/de\/wp-json\/wp\/v2\/events\/24446\/revisions\/25777"}],"wp:attachment":[{"href":"https:\/\/denhelder.online\/de\/wp-json\/wp\/v2\/media?parent=24446"}],"wp:term":[{"taxonomy":"category","embeddable":true,"href":"https:\/\/denhelder.online\/de\/wp-json\/wp\/v2\/categories?post=24446"},{"taxonomy":"post_tag","embeddable":true,"href":"https:\/\/denhelder.online\/de\/wp-json\/wp\/v2\/tags?post=24446"},{"taxonomy":"doelgroep","embeddable":true,"href":"https:\/\/denhelder.online\/de\/wp-json\/wp\/v2\/doelgroep?post=24446"}],"curies":[{"name":"wp","href":"https:\/\/api.w.org\/{rel}","templated":true}]}}

Carillon – Nationaldenkmal für den Rettungsdienst | Tage der offenen Tür

<p><strong>Nationaldenkmal</strong></p>
<p><span>Besuchen Sie das Nationaldenkmal für den Seenotrettungsdienst am Den Helder während des Tages der offenen Denkmäler und entdecken Sie die Geschichte der Seenotrettung. Dieses beeindruckende Nationaldenkmal aus den Jahren 1934–1935, entworfen im Stil der Amsterdamer Schule, wurde zu Ehren all jener Retter errichtet, die ihr Leben riskierten, um anderen zu helfen.</span></p>
<p><strong>Dutzende Uhren</strong></p>
<p><span>Das Denkmal beherbergt ein bemerkenswertes Glockenspiel mit Dutzenden von Glocken, das nach dem Zweiten Weltkrieg zurückkehrte und wieder über der Stadt zu läuten begann.</span></p>
<p><strong>Restauriert</strong></p>
<p><span>Das Denkmal wurde im vergangenen Jahr umfassend restauriert. Durch Witterungseinflüsse und das Meer waren Bauteile wie der Glockenbalken und die Glocken beschädigt worden; dank der jüngsten Arbeiten befindet sich das Denkmal nun in einem guten Zustand und ist für die Zukunft gerüstet.</span></p>
<p><strong>Schauen Sie genauer hin</strong></p>
<p><span>Während der Eröffnung können Sie das Denkmal aus nächster Nähe betrachten und den Glockenspieler live bei der Arbeit beobachten, wenn das Glockenspiel wieder zum Leben erwacht.</span></p>
<p><strong>Öffnungszeiten</strong></p>
<ol>
<li data-list="bullet"><span class="ql-ui"></span><strong>Samstag, 12. September: </strong><span>11:00 – 16:00 </span></li>
<li data-list="bullet"><span class="ql-ui"></span><strong>Sonntag, 13. September: </strong><span>11:00 – 16:00 </span></li>
</ol>
<p><strong>Hintergrundinformationen</strong></p>
<ol>
<li data-list="bullet"><span class="ql-ui"></span><strong>Denkmaltyp: </strong><span>Archäologisches Denkmal</span></li>
<li data-list="bullet"><span class="ql-ui"></span><strong>Ursprüngliche Funktion:</strong><span> Glockenspiel</span></li>
<li data-list="bullet"><span class="ql-ui"></span><strong>Bauzeit: </strong><span>1934 – 1935</span></li>
<li data-list="bullet"><span class="ql-ui"></span><strong>Aktuelle Position: </strong><span>Glockenspiel</span></li>
<li data-list="bullet"><span class="ql-ui"></span><strong>Denkmalstatus: </strong><span>Nationaldenkmal</span></li>
</ol>
<p></p>
<p><strong>Aufgrund des komplizierten Zugangs ist das Carillon nicht rollstuhlgerecht und verfügt über eine steile Treppe.</strong></p>

<p>Entdecken Sie das Glockenspiel an den Tagen der offenen Denkmalsöffnung.</p>

<!-- This site is optimized with the Yoast SEO Premium plugin v24.7 (Yoast SEO v28.3) - https://yoast.com/product/yoast-seo-premium-wordpress/ -->
<title>Carillon - Rijksmonument voor het Reddingwezen | Open Monumentendagen - Den Helder Online</title>
<meta name="robots" content="index, follow, max-snippet:-1, max-image-preview:large, max-video-preview:-1" />
<link rel="canonical" href="https://denhelder.online/de/ereignis/das-glockenspiel-ist-an-den-tagen-geoffnet-an-denen-das-denkmal-geoffnet-ist/" />
<meta property="og:locale" content="de_DE" />
<meta property="og:type" content="article" />
<meta property="og:title" content="Carillon - Rijksmonument voor het Reddingwezen | Open Monumentendagen" />
<meta property="og:description" content="Ontdek het Carillon tijdens Open Monumentendagen" />
<meta property="og:url" content="https://denhelder.online/de/ereignis/das-glockenspiel-ist-an-den-tagen-geoffnet-an-denen-das-denkmal-geoffnet-ist/" />
<meta property="og:site_name" content="Den Helder Online" />
<meta property="article:modified_time" content="2026-08-21T11:14:43+00:00" />
<meta name="twitter:card" content="summary_large_image" />
<meta name="twitter:label1" content="Geschätzte Lesezeit" />
	<meta name="twitter:data1" content="1 Minute" />
<script type="application/ld+json" class="yoast-schema-graph">{"@context":"https:\/\/schema.org","@graph":[{"@type":"WebPage","@id":"https:\/\/denhelder.online\/evenement\/het-carillon-open-monumentendagen\/","url":"https:\/\/denhelder.online\/evenement\/het-carillon-open-monumentendagen\/","name":"Carillon - Rijksmonument voor het Reddingwezen | Open Monumentendagen - Den Helder Online","isPartOf":{"@id":"https:\/\/denhelder.online\/#website"},"datePublished":"2026-05-29T22:48:52+00:00","dateModified":"2026-08-21T11:14:43+00:00","breadcrumb":{"@id":"https:\/\/denhelder.online\/evenement\/het-carillon-open-monumentendagen\/#breadcrumb"},"inLanguage":"de","potentialAction":[{"@type":"ReadAction","target":["https:\/\/denhelder.online\/evenement\/het-carillon-open-monumentendagen\/"]}]},{"@type":"BreadcrumbList","@id":"https:\/\/denhelder.online\/evenement\/het-carillon-open-monumentendagen\/#breadcrumb","itemListElement":[{"@type":"ListItem","position":1,"name":"Home","item":"https:\/\/denhelder.online\/"},{"@type":"ListItem","position":2,"name":"Evenementen","item":"https:\/\/denhelder.online\/en\/event-2\/"},{"@type":"ListItem","position":3,"name":"Carillon &#8211; Rijksmonument voor het Reddingwezen | Open Monumentendagen"}]},{"@type":"WebSite","@id":"https:\/\/denhelder.online\/#website","url":"https:\/\/denhelder.online\/","name":"Den Helder Online","description":"Beleef Den Helder","publisher":{"@id":"https:\/\/denhelder.online\/#organization"},"potentialAction":[{"@type":"SearchAction","target":{"@type":"EntryPoint","urlTemplate":"https:\/\/denhelder.online\/?s={search_term_string}"},"query-input":{"@type":"PropertyValueSpecification","valueRequired":true,"valueName":"search_term_string"}}],"inLanguage":"de"},{"@type":"Organization","@id":"https:\/\/denhelder.online\/#organization","name":"Den Helder Online","url":"https:\/\/denhelder.online\/","logo":{"@type":"ImageObject","inLanguage":"de","@id":"https:\/\/denhelder.online\/#\/schema\/logo\/image\/","url":"https:\/\/denhelder.online\/wp-content\/uploads\/2021\/12\/DitIsDH-Logo-26-tagline.svg","contentUrl":"https:\/\/denhelder.online\/wp-content\/uploads\/2021\/12\/DitIsDH-Logo-26-tagline.svg","width":1717.1,"height":934.9,"caption":"Den Helder Online"},"image":{"@id":"https:\/\/denhelder.online\/#\/schema\/logo\/image\/"}}]}</script>
<!-- / Yoast SEO Premium plugin. -->

Carillon – Nationales Denkmal für den Rettungsdienst | Tage der offenen Tür – Den Helder Online
