{"id":24448,"date":"2026-05-30T00:48:53","date_gmt":"2026-05-29T22:48:53","guid":{"rendered":"https:\/\/denhelder.online\/evenement\/petrus-en-pauluskerk-open-monumentendagen\/"},"modified":"2026-08-21T15:10:15","modified_gmt":"2026-08-21T13:10:15","slug":"st-peter-und-paul-kirche-tage-der-offenen-tur","status":"publish","type":"evenement","link":"https:\/\/denhelder.online\/de\/evenement\/petrus-en-pauluskerk-open-monumentendagen\/","title":{"rendered":"St. Peter und Paul Kirche | Tage der offenen T\u00fcr"},"content":{"rendered":"<p><strong style=\"background-color: rgb(255, 255, 255); color: rgb(0, 91, 129);\">Ein Leuchtfeuer in Den Helder seit 1840<\/strong><\/p>\n<p><span style=\"background-color: rgb(255, 255, 255); color: rgb(51, 51, 51);\">Die St.-Peter-und-Paul-Kirche ist eines der bekanntesten Geb\u00e4ude der Stadt. Seit 1840 dient sie ununterbrochen als religi\u00f6ses Zentrum. Benannt nach den Aposteln Petrus und Paulus, symbolisiert die Kirche Glauben, Gemeinschaft und Kontinuit\u00e4t.<\/span><\/p>\n<p><strong style=\"background-color: rgb(255, 255, 255); color: rgb(0, 91, 129);\">Neugotischer Stolz auf der Kerkgracht<\/strong><\/p>\n<p><span style=\"background-color: rgb(255, 255, 255); color: rgb(51, 51, 51);\">Mit ihrem hohen Turm und dem neugotischen Baustil erhebt sich die Kirche imposant \u00fcber die Stadt. Im Inneren erwarten Sie farbenpr\u00e4chtige Glasfenster, reich verzierte Ornamente und eine beeindruckende Orgel. Alles strahlt Geschichte und handwerkliches K\u00f6nnen aus.<\/span><\/p>\n<p><strong style=\"background-color: rgb(255, 255, 255); color: rgb(0, 91, 129);\">Mehr als nur eine Kirche<\/strong><\/p>\n<p><span style=\"background-color: rgb(255, 255, 255); color: rgb(51, 51, 51);\">Die St.-Peter-und-Paul-Kirche ist nicht nur ein Ort f\u00fcr Gottesdienste. Sie ist auch ein Treffpunkt, an dem Menschen zusammenkommen, um gemeinsam zu musizieren, zu beten und an Aktivit\u00e4ten der Nachbarschaft teilzunehmen. Ein lebendiges Denkmal im Herzen der Gemeinde.<\/span><\/p>\n<p><strong style=\"background-color: rgb(255, 255, 255); color: rgb(0, 91, 129);\">\u00d6ffnungszeiten<\/strong><\/p>\n<ol>\n<li data-list=\"bullet\"><span class=\"ql-ui\" contenteditable=\"false\"><\/span><strong style=\"background-color: rgb(255, 255, 255); color: rgb(51, 51, 51);\">Samstag, 12. September: <\/strong><span style=\"background-color: rgb(255, 255, 255); color: rgb(51, 51, 51);\">11:00 \u2013 15:30<\/span><\/li>\n<li data-list=\"bullet\"><span class=\"ql-ui\" contenteditable=\"false\"><\/span><strong style=\"background-color: rgb(255, 255, 255); color: rgb(51, 51, 51);\">Sonntag, 13. September: <\/strong><span style=\"background-color: rgb(255, 255, 255); color: rgb(51, 51, 51);\">12:30 \u2013 15:30 <\/span><\/li>\n<\/ol>\n<p><strong style=\"background-color: rgb(255, 255, 255); color: rgb(0, 91, 129);\">Hintergrundinformationen<\/strong><\/p>\n<ol>\n<li data-list=\"bullet\"><span class=\"ql-ui\" contenteditable=\"false\"><\/span><strong style=\"background-color: rgb(255, 255, 255); color: rgb(51, 51, 51);\">Denkmaltyp:<\/strong><span style=\"background-color: rgb(255, 255, 255); color: rgb(51, 51, 51);\"> Religi\u00f6ses Erbe<\/span><\/li>\n<li data-list=\"bullet\"><span class=\"ql-ui\" contenteditable=\"false\"><\/span><strong style=\"background-color: rgb(255, 255, 255); color: rgb(51, 51, 51);\">Urspr\u00fcngliche Funktion:<\/strong><span style=\"background-color: rgb(255, 255, 255); color: rgb(51, 51, 51);\"> Kirche<\/span><\/li>\n<li data-list=\"bullet\"><span class=\"ql-ui\" contenteditable=\"false\"><\/span><strong style=\"background-color: rgb(255, 255, 255); color: rgb(51, 51, 51);\">Architekt: <\/strong><span style=\"background-color: rgb(255, 255, 255); color: rgb(51, 51, 51);\">HH Tanzdorf<\/span><\/li>\n<li data-list=\"bullet\"><span class=\"ql-ui\" contenteditable=\"false\"><\/span><strong style=\"background-color: rgb(255, 255, 255); color: rgb(51, 51, 51);\">Bauzeit:<\/strong><span style=\"background-color: rgb(255, 255, 255); color: rgb(51, 51, 51);\"> 1840<\/span><\/li>\n<li data-list=\"bullet\"><span class=\"ql-ui\" contenteditable=\"false\"><\/span><strong style=\"background-color: rgb(255, 255, 255); color: rgb(51, 51, 51);\">Aktuelle Position: <\/strong><span style=\"background-color: rgb(255, 255, 255); color: rgb(51, 51, 51);\">Kirche<\/span><\/li>\n<li data-list=\"bullet\"><span class=\"ql-ui\" contenteditable=\"false\"><\/span><strong style=\"background-color: rgb(255, 255, 255); color: rgb(51, 51, 51);\">Denkmalstatus:<\/strong><span style=\"background-color: rgb(255, 255, 255); color: rgb(51, 51, 51);\"> Nationaldenkmal<\/span><\/li>\n<\/ol>","protected":false},"excerpt":{"rendered":"<p>Entdecken Sie die St.-Peter-und-Paul-Kirche w\u00e4hrend der Tage der offenen Denkm\u00e4ler.<\/p>","protected":false},"featured_media":0,"template":"","meta":{"patterndates-bp":null,"singledates-bp":[{"date-timestamp-repeaters":1789171200},{"date-timestamp-repeaters":1789257600}],"footnotes":""},"categories":[6370,6367],"tags":[6364,6523],"doelgroep":[],"class_list":["post-24448","evenement","type-evenement","status-publish","hentry","category-evenement","category-open-dag","tag-den-helder","tag-omd","marker-toonopdenhelder","marker-toonopvisitkopvanholland"],"yoast_head":"<!-- This site is optimized with the Yoast SEO Premium plugin v24.7 (Yoast SEO v28.4) - https:\/\/yoast.com\/product\/yoast-seo-premium-wordpress\/ -->\n<title>Petrus en Pauluskerk | Open Monumentendagen - Den Helder Online<\/title>\n<meta name=\"robots\" content=\"index, follow, max-snippet:-1, max-image-preview:large, max-video-preview:-1\" \/>\n<link rel=\"canonical\" href=\"https:\/\/denhelder.online\/de\/ereignis\/st-peter-und-paul-kirche-tage-der-offenen-tur\/\" \/>\n<meta property=\"og:locale\" content=\"de_DE\" \/>\n<meta property=\"og:type\" content=\"article\" \/>\n<meta property=\"og:title\" content=\"Petrus en Pauluskerk | Open Monumentendagen\" \/>\n<meta property=\"og:description\" content=\"Ontdek de Petrus en Pauluskerk tijdens Open Monumentendagen\" \/>\n<meta property=\"og:url\" content=\"https:\/\/denhelder.online\/de\/ereignis\/st-peter-und-paul-kirche-tage-der-offenen-tur\/\" \/>\n<meta property=\"og:site_name\" content=\"Den Helder Online\" \/>\n<meta property=\"article:modified_time\" content=\"2026-08-21T13:10:15+00:00\" \/>\n<meta name=\"twitter:card\" content=\"summary_large_image\" \/>\n<meta name=\"twitter:label1\" content=\"Gesch\u00e4tzte Lesezeit\" \/>\n\t<meta name=\"twitter:data1\" content=\"1\u00a0Minute\" \/>\n<script type=\"application\/ld+json\" class=\"yoast-schema-graph\">{\"@context\":\"https:\\\/\\\/schema.org\",\"@graph\":[{\"@type\":\"WebPage\",\"@id\":\"https:\\\/\\\/denhelder.online\\\/evenement\\\/petrus-en-pauluskerk-open-monumentendagen\\\/\",\"url\":\"https:\\\/\\\/denhelder.online\\\/evenement\\\/petrus-en-pauluskerk-open-monumentendagen\\\/\",\"name\":\"Petrus en Pauluskerk | Open Monumentendagen - Den Helder Online\",\"isPartOf\":{\"@id\":\"https:\\\/\\\/denhelder.online\\\/#website\"},\"datePublished\":\"2026-05-29T22:48:53+00:00\",\"dateModified\":\"2026-08-21T13:10:15+00:00\",\"breadcrumb\":{\"@id\":\"https:\\\/\\\/denhelder.online\\\/evenement\\\/petrus-en-pauluskerk-open-monumentendagen\\\/#breadcrumb\"},\"inLanguage\":\"de\",\"potentialAction\":[{\"@type\":\"ReadAction\",\"target\":[\"https:\\\/\\\/denhelder.online\\\/evenement\\\/petrus-en-pauluskerk-open-monumentendagen\\\/\"]}]},{\"@type\":\"BreadcrumbList\",\"@id\":\"https:\\\/\\\/denhelder.online\\\/evenement\\\/petrus-en-pauluskerk-open-monumentendagen\\\/#breadcrumb\",\"itemListElement\":[{\"@type\":\"ListItem\",\"position\":1,\"name\":\"Home\",\"item\":\"https:\\\/\\\/denhelder.online\\\/\"},{\"@type\":\"ListItem\",\"position\":2,\"name\":\"Evenementen\",\"item\":\"https:\\\/\\\/denhelder.online\\\/en\\\/event-2\\\/\"},{\"@type\":\"ListItem\",\"position\":3,\"name\":\"Petrus en Pauluskerk | Open Monumentendagen\"}]},{\"@type\":\"WebSite\",\"@id\":\"https:\\\/\\\/denhelder.online\\\/#website\",\"url\":\"https:\\\/\\\/denhelder.online\\\/\",\"name\":\"Den Helder Online\",\"description\":\"Beleef Den Helder\",\"publisher\":{\"@id\":\"https:\\\/\\\/denhelder.online\\\/#organization\"},\"potentialAction\":[{\"@type\":\"SearchAction\",\"target\":{\"@type\":\"EntryPoint\",\"urlTemplate\":\"https:\\\/\\\/denhelder.online\\\/?s={search_term_string}\"},\"query-input\":{\"@type\":\"PropertyValueSpecification\",\"valueRequired\":true,\"valueName\":\"search_term_string\"}}],\"inLanguage\":\"de\"},{\"@type\":\"Organization\",\"@id\":\"https:\\\/\\\/denhelder.online\\\/#organization\",\"name\":\"Den Helder Online\",\"url\":\"https:\\\/\\\/denhelder.online\\\/\",\"logo\":{\"@type\":\"ImageObject\",\"inLanguage\":\"de\",\"@id\":\"https:\\\/\\\/denhelder.online\\\/#\\\/schema\\\/logo\\\/image\\\/\",\"url\":\"https:\\\/\\\/denhelder.online\\\/wp-content\\\/uploads\\\/2021\\\/12\\\/DitIsDH-Logo-26-tagline.svg\",\"contentUrl\":\"https:\\\/\\\/denhelder.online\\\/wp-content\\\/uploads\\\/2021\\\/12\\\/DitIsDH-Logo-26-tagline.svg\",\"width\":1717.1,\"height\":934.9,\"caption\":\"Den Helder Online\"},\"image\":{\"@id\":\"https:\\\/\\\/denhelder.online\\\/#\\\/schema\\\/logo\\\/image\\\/\"}}]}<\/script>\n<!-- \/ Yoast SEO Premium plugin. -->","yoast_head_json":{"title":"St. Peter und Paul Kirche | Tage der offenen T\u00fcr \u2013 Den Helder Online","robots":{"index":"index","follow":"follow","max-snippet":"max-snippet:-1","max-image-preview":"max-image-preview:large","max-video-preview":"max-video-preview:-1"},"canonical":"https:\/\/denhelder.online\/de\/ereignis\/st-peter-und-paul-kirche-tage-der-offenen-tur\/","og_locale":"de_DE","og_type":"article","og_title":"Petrus en Pauluskerk | Open Monumentendagen","og_description":"Ontdek de Petrus en Pauluskerk tijdens Open Monumentendagen","og_url":"https:\/\/denhelder.online\/de\/ereignis\/st-peter-und-paul-kirche-tage-der-offenen-tur\/","og_site_name":"Den Helder Online","article_modified_time":"2026-08-21T13:10:15+00:00","twitter_card":"summary_large_image","twitter_misc":{"Gesch\u00e4tzte Lesezeit":"1\u00a0Minute"},"schema":{"@context":"https:\/\/schema.org","@graph":[{"@type":"WebPage","@id":"https:\/\/denhelder.online\/evenement\/petrus-en-pauluskerk-open-monumentendagen\/","url":"https:\/\/denhelder.online\/evenement\/petrus-en-pauluskerk-open-monumentendagen\/","name":"St. Peter und Paul Kirche | Tage der offenen T\u00fcr \u2013 Den Helder Online","isPartOf":{"@id":"https:\/\/denhelder.online\/#website"},"datePublished":"2026-05-29T22:48:53+00:00","dateModified":"2026-08-21T13:10:15+00:00","breadcrumb":{"@id":"https:\/\/denhelder.online\/evenement\/petrus-en-pauluskerk-open-monumentendagen\/#breadcrumb"},"inLanguage":"de","potentialAction":[{"@type":"ReadAction","target":["https:\/\/denhelder.online\/evenement\/petrus-en-pauluskerk-open-monumentendagen\/"]}]},{"@type":"BreadcrumbList","@id":"https:\/\/denhelder.online\/evenement\/petrus-en-pauluskerk-open-monumentendagen\/#breadcrumb","itemListElement":[{"@type":"ListItem","position":1,"name":"Home","item":"https:\/\/denhelder.online\/"},{"@type":"ListItem","position":2,"name":"Evenementen","item":"https:\/\/denhelder.online\/en\/event-2\/"},{"@type":"ListItem","position":3,"name":"Petrus en Pauluskerk | Open Monumentendagen"}]},{"@type":"WebSite","@id":"https:\/\/denhelder.online\/#website","url":"https:\/\/denhelder.online\/","name":"Den Helder Online","description":"Erleben Sie Den Helder","publisher":{"@id":"https:\/\/denhelder.online\/#organization"},"potentialAction":[{"@type":"SearchAction","target":{"@type":"EntryPoint","urlTemplate":"https:\/\/denhelder.online\/?s={search_term_string}"},"query-input":{"@type":"PropertyValueSpecification","valueRequired":true,"valueName":"search_term_string"}}],"inLanguage":"de"},{"@type":"Organization","@id":"https:\/\/denhelder.online\/#organization","name":"Den Helder Online","url":"https:\/\/denhelder.online\/","logo":{"@type":"ImageObject","inLanguage":"de","@id":"https:\/\/denhelder.online\/#\/schema\/logo\/image\/","url":"https:\/\/denhelder.online\/wp-content\/uploads\/2021\/12\/DitIsDH-Logo-26-tagline.svg","contentUrl":"https:\/\/denhelder.online\/wp-content\/uploads\/2021\/12\/DitIsDH-Logo-26-tagline.svg","width":1717.1,"height":934.9,"caption":"Den Helder Online"},"image":{"@id":"https:\/\/denhelder.online\/#\/schema\/logo\/image\/"}}]}},"_links":{"self":[{"href":"https:\/\/denhelder.online\/de\/wp-json\/wp\/v2\/events\/24448","targetHints":{"allow":["GET"]}}],"collection":[{"href":"https:\/\/denhelder.online\/de\/wp-json\/wp\/v2\/events"}],"about":[{"href":"https:\/\/denhelder.online\/de\/wp-json\/wp\/v2\/types\/evenement"}],"version-history":[{"count":1,"href":"https:\/\/denhelder.online\/de\/wp-json\/wp\/v2\/events\/24448\/revisions"}],"predecessor-version":[{"id":25798,"href":"https:\/\/denhelder.online\/de\/wp-json\/wp\/v2\/events\/24448\/revisions\/25798"}],"wp:attachment":[{"href":"https:\/\/denhelder.online\/de\/wp-json\/wp\/v2\/media?parent=24448"}],"wp:term":[{"taxonomy":"category","embeddable":true,"href":"https:\/\/denhelder.online\/de\/wp-json\/wp\/v2\/categories?post=24448"},{"taxonomy":"post_tag","embeddable":true,"href":"https:\/\/denhelder.online\/de\/wp-json\/wp\/v2\/tags?post=24448"},{"taxonomy":"doelgroep","embeddable":true,"href":"https:\/\/denhelder.online\/de\/wp-json\/wp\/v2\/doelgroep?post=24448"}],"curies":[{"name":"wp","href":"https:\/\/api.w.org\/{rel}","templated":true}]}}

St. Peter und Paul Kirche | Tage der offenen Tür

<p><strong style="background-color: rgb(255, 255, 255); color: rgb(0, 91, 129);">Ein Leuchtfeuer in Den Helder seit 1840</strong></p>
<p><span style="background-color: rgb(255, 255, 255); color: rgb(51, 51, 51);">Die St.-Peter-und-Paul-Kirche ist eines der bekanntesten Gebäude der Stadt. Seit 1840 dient sie ununterbrochen als religiöses Zentrum. Benannt nach den Aposteln Petrus und Paulus, symbolisiert die Kirche Glauben, Gemeinschaft und Kontinuität.</span></p>
<p><strong style="background-color: rgb(255, 255, 255); color: rgb(0, 91, 129);">Neugotischer Stolz auf der Kerkgracht</strong></p>
<p><span style="background-color: rgb(255, 255, 255); color: rgb(51, 51, 51);">Mit ihrem hohen Turm und dem neugotischen Baustil erhebt sich die Kirche imposant über die Stadt. Im Inneren erwarten Sie farbenprächtige Glasfenster, reich verzierte Ornamente und eine beeindruckende Orgel. Alles strahlt Geschichte und handwerkliches Können aus.</span></p>
<p><strong style="background-color: rgb(255, 255, 255); color: rgb(0, 91, 129);">Mehr als nur eine Kirche</strong></p>
<p><span style="background-color: rgb(255, 255, 255); color: rgb(51, 51, 51);">Die St.-Peter-und-Paul-Kirche ist nicht nur ein Ort für Gottesdienste. Sie ist auch ein Treffpunkt, an dem Menschen zusammenkommen, um gemeinsam zu musizieren, zu beten und an Aktivitäten der Nachbarschaft teilzunehmen. Ein lebendiges Denkmal im Herzen der Gemeinde.</span></p>
<p><strong style="background-color: rgb(255, 255, 255); color: rgb(0, 91, 129);">Öffnungszeiten</strong></p>
<ol>
<li data-list="bullet"><span class="ql-ui" contenteditable="false"></span><strong style="background-color: rgb(255, 255, 255); color: rgb(51, 51, 51);">Samstag, 12. September: </strong><span style="background-color: rgb(255, 255, 255); color: rgb(51, 51, 51);">11:00 – 15:30</span></li>
<li data-list="bullet"><span class="ql-ui" contenteditable="false"></span><strong style="background-color: rgb(255, 255, 255); color: rgb(51, 51, 51);">Sonntag, 13. September: </strong><span style="background-color: rgb(255, 255, 255); color: rgb(51, 51, 51);">12:30 – 15:30 </span></li>
</ol>
<p><strong style="background-color: rgb(255, 255, 255); color: rgb(0, 91, 129);">Hintergrundinformationen</strong></p>
<ol>
<li data-list="bullet"><span class="ql-ui" contenteditable="false"></span><strong style="background-color: rgb(255, 255, 255); color: rgb(51, 51, 51);">Denkmaltyp:</strong><span style="background-color: rgb(255, 255, 255); color: rgb(51, 51, 51);"> Religiöses Erbe</span></li>
<li data-list="bullet"><span class="ql-ui" contenteditable="false"></span><strong style="background-color: rgb(255, 255, 255); color: rgb(51, 51, 51);">Ursprüngliche Funktion:</strong><span style="background-color: rgb(255, 255, 255); color: rgb(51, 51, 51);"> Kirche</span></li>
<li data-list="bullet"><span class="ql-ui" contenteditable="false"></span><strong style="background-color: rgb(255, 255, 255); color: rgb(51, 51, 51);">Architekt: </strong><span style="background-color: rgb(255, 255, 255); color: rgb(51, 51, 51);">HH Tanzdorf</span></li>
<li data-list="bullet"><span class="ql-ui" contenteditable="false"></span><strong style="background-color: rgb(255, 255, 255); color: rgb(51, 51, 51);">Bauzeit:</strong><span style="background-color: rgb(255, 255, 255); color: rgb(51, 51, 51);"> 1840</span></li>
<li data-list="bullet"><span class="ql-ui" contenteditable="false"></span><strong style="background-color: rgb(255, 255, 255); color: rgb(51, 51, 51);">Aktuelle Position: </strong><span style="background-color: rgb(255, 255, 255); color: rgb(51, 51, 51);">Kirche</span></li>
<li data-list="bullet"><span class="ql-ui" contenteditable="false"></span><strong style="background-color: rgb(255, 255, 255); color: rgb(51, 51, 51);">Denkmalstatus:</strong><span style="background-color: rgb(255, 255, 255); color: rgb(51, 51, 51);"> Nationaldenkmal</span></li>
</ol>

<p>Entdecken Sie die St.-Peter-und-Paul-Kirche während der Tage der offenen Denkmäler.</p>

<!-- This site is optimized with the Yoast SEO Premium plugin v24.7 (Yoast SEO v28.4) - https://yoast.com/product/yoast-seo-premium-wordpress/ -->
<title>Petrus en Pauluskerk | Open Monumentendagen - Den Helder Online</title>
<meta name="robots" content="index, follow, max-snippet:-1, max-image-preview:large, max-video-preview:-1" />
<link rel="canonical" href="https://denhelder.online/de/ereignis/st-peter-und-paul-kirche-tage-der-offenen-tur/" />
<meta property="og:locale" content="de_DE" />
<meta property="og:type" content="article" />
<meta property="og:title" content="Petrus en Pauluskerk | Open Monumentendagen" />
<meta property="og:description" content="Ontdek de Petrus en Pauluskerk tijdens Open Monumentendagen" />
<meta property="og:url" content="https://denhelder.online/de/ereignis/st-peter-und-paul-kirche-tage-der-offenen-tur/" />
<meta property="og:site_name" content="Den Helder Online" />
<meta property="article:modified_time" content="2026-08-21T13:10:15+00:00" />
<meta name="twitter:card" content="summary_large_image" />
<meta name="twitter:label1" content="Geschätzte Lesezeit" />
	<meta name="twitter:data1" content="1 Minute" />
<script type="application/ld+json" class="yoast-schema-graph">{"@context":"https:\/\/schema.org","@graph":[{"@type":"WebPage","@id":"https:\/\/denhelder.online\/evenement\/petrus-en-pauluskerk-open-monumentendagen\/","url":"https:\/\/denhelder.online\/evenement\/petrus-en-pauluskerk-open-monumentendagen\/","name":"Petrus en Pauluskerk | Open Monumentendagen - Den Helder Online","isPartOf":{"@id":"https:\/\/denhelder.online\/#website"},"datePublished":"2026-05-29T22:48:53+00:00","dateModified":"2026-08-21T13:10:15+00:00","breadcrumb":{"@id":"https:\/\/denhelder.online\/evenement\/petrus-en-pauluskerk-open-monumentendagen\/#breadcrumb"},"inLanguage":"de","potentialAction":[{"@type":"ReadAction","target":["https:\/\/denhelder.online\/evenement\/petrus-en-pauluskerk-open-monumentendagen\/"]}]},{"@type":"BreadcrumbList","@id":"https:\/\/denhelder.online\/evenement\/petrus-en-pauluskerk-open-monumentendagen\/#breadcrumb","itemListElement":[{"@type":"ListItem","position":1,"name":"Home","item":"https:\/\/denhelder.online\/"},{"@type":"ListItem","position":2,"name":"Evenementen","item":"https:\/\/denhelder.online\/en\/event-2\/"},{"@type":"ListItem","position":3,"name":"Petrus en Pauluskerk | Open Monumentendagen"}]},{"@type":"WebSite","@id":"https:\/\/denhelder.online\/#website","url":"https:\/\/denhelder.online\/","name":"Den Helder Online","description":"Beleef Den Helder","publisher":{"@id":"https:\/\/denhelder.online\/#organization"},"potentialAction":[{"@type":"SearchAction","target":{"@type":"EntryPoint","urlTemplate":"https:\/\/denhelder.online\/?s={search_term_string}"},"query-input":{"@type":"PropertyValueSpecification","valueRequired":true,"valueName":"search_term_string"}}],"inLanguage":"de"},{"@type":"Organization","@id":"https:\/\/denhelder.online\/#organization","name":"Den Helder Online","url":"https:\/\/denhelder.online\/","logo":{"@type":"ImageObject","inLanguage":"de","@id":"https:\/\/denhelder.online\/#\/schema\/logo\/image\/","url":"https:\/\/denhelder.online\/wp-content\/uploads\/2021\/12\/DitIsDH-Logo-26-tagline.svg","contentUrl":"https:\/\/denhelder.online\/wp-content\/uploads\/2021\/12\/DitIsDH-Logo-26-tagline.svg","width":1717.1,"height":934.9,"caption":"Den Helder Online"},"image":{"@id":"https:\/\/denhelder.online\/#\/schema\/logo\/image\/"}}]}</script>
<!-- / Yoast SEO Premium plugin. -->

St. Peter und Paul Kirche | Tage der offenen Tür – Den Helder Online
