{"id":24480,"date":"2026-06-03T11:01:23","date_gmt":"2026-06-03T09:01:23","guid":{"rendered":"https:\/\/denhelder.online\/evenement\/huisduinerkerkje-open-monumentendagen\/"},"modified":"2026-08-21T15:10:03","modified_gmt":"2026-08-21T13:10:03","slug":"huisduinerkirche-tage-der-offenen-denkmals","status":"publish","type":"evenement","link":"https:\/\/denhelder.online\/de\/evenement\/huisduinerkerkje-open-monumentendagen\/","title":{"rendered":"Huisduinerkirche | Tage der offenen Denkmals"},"content":{"rendered":"<p><strong style=\"background-color: rgb(255, 255, 255); color: rgb(0, 91, 129);\">Historisches Herzst\u00fcck von Huisduinen<\/strong><\/p>\n<p><span style=\"background-color: rgb(255, 255, 255); color: rgb(51, 51, 51);\">Die charakteristische Huisduinerkirche steht mitten auf dem Dorfplatz von Huisduinen. Vom nahegelegenen Zeedijk aus genie\u00dft man einen wundersch\u00f6nen Panoramablick \u00fcber Land und Meer. Ein Ort voller Ruhe und Geschichte.<\/span><\/p>\n<p><strong style=\"background-color: rgb(255, 255, 255); color: rgb(0, 91, 129);\">Ein Ort von Bedeutung seit tausend Jahren<\/strong><\/p>\n<p><span style=\"background-color: rgb(255, 255, 255); color: rgb(51, 51, 51);\">Die Urspr\u00fcnge der kleinen Kirche reichen bis etwa ins Jahr 1000 zur\u00fcck, als Huisduinen noch eine Insel war: <\/span><em style=\"background-color: rgb(255, 255, 255); color: rgb(51, 51, 51);\">Husiduna<\/em><span style=\"background-color: rgb(255, 255, 255); color: rgb(51, 51, 51);\">. Im Jahr 1896 wurde auf dem alten Fundament eine kleine Steinkirche errichtet, die die damals dort stehende Holzkirche ersetzte.<\/span><\/p>\n<p><strong style=\"background-color: rgb(255, 255, 255); color: rgb(0, 91, 129);\">Monument mit neuen M\u00f6glichkeiten<\/strong><\/p>\n<p><span style=\"background-color: rgb(255, 255, 255); color: rgb(51, 51, 51);\">Das heutige Geb\u00e4ude steht unter Denkmalschutz gem\u00e4\u00df dem Denkmalschutzgesetz von 1988. Die kleine Kirche ist heute ein stimmungsvoller Veranstaltungsort f\u00fcr Konzerte, Vortr\u00e4ge und Ausstellungen \u2013 ein Ort, an dem Geschichte und Erfahrung aufeinandertreffen.<\/span><\/p>\n<p><strong style=\"background-color: rgb(255, 255, 255); color: rgb(0, 91, 129);\">\u00d6ffnungszeiten<\/strong><\/p>\n<ol>\n<li data-list=\"bullet\"><span class=\"ql-ui\" contenteditable=\"false\"><\/span><strong style=\"background-color: rgb(255, 255, 255); color: rgb(51, 51, 51);\">Samstag, 12. September:<\/strong><span style=\"background-color: rgb(255, 255, 255); color: rgb(51, 51, 51);\"> 10:00 \u2013 17:00<\/span><\/li>\n<li data-list=\"bullet\"><span class=\"ql-ui\" contenteditable=\"false\"><\/span><strong style=\"background-color: rgb(255, 255, 255); color: rgb(51, 51, 51);\">Sonntag, 13. September: <\/strong><span style=\"background-color: rgb(255, 255, 255); color: rgb(51, 51, 51);\">10:00 \u2013 17:00 <\/span><\/li>\n<\/ol>\n<p><strong style=\"background-color: rgb(255, 255, 255); color: rgb(0, 91, 129);\">Hintergrundinformationen<\/strong><\/p>\n<ol>\n<li data-list=\"bullet\"><span class=\"ql-ui\" contenteditable=\"false\"><\/span><strong style=\"background-color: rgb(255, 255, 255); color: rgb(51, 51, 51);\">Denkmaltyp: <\/strong><span style=\"background-color: rgb(255, 255, 255); color: rgb(51, 51, 51);\">Religi\u00f6ses Erbe<\/span><\/li>\n<li data-list=\"bullet\"><span class=\"ql-ui\" contenteditable=\"false\"><\/span><strong style=\"background-color: rgb(255, 255, 255); color: rgb(51, 51, 51);\">Architekt:<\/strong><span style=\"background-color: rgb(255, 255, 255); color: rgb(51, 51, 51);\"> Jacob Hunter<\/span><\/li>\n<li data-list=\"bullet\"><span class=\"ql-ui\" contenteditable=\"false\"><\/span><strong style=\"background-color: rgb(255, 255, 255); color: rgb(51, 51, 51);\">Bauzeit: <\/strong><span style=\"background-color: rgb(255, 255, 255); color: rgb(51, 51, 51);\">1896<\/span><\/li>\n<li data-list=\"bullet\"><span class=\"ql-ui\" contenteditable=\"false\"><\/span><strong style=\"background-color: rgb(255, 255, 255); color: rgb(51, 51, 51);\">Aktuelle Position:<\/strong><span style=\"background-color: rgb(255, 255, 255); color: rgb(51, 51, 51);\"> Kulturzentrum, Hochzeitslocation<\/span><\/li>\n<\/ol>","protected":false},"excerpt":{"rendered":"<p>Entdecken Sie die Huisduinerkirche an den Tagen des offenen Denkmals<\/p>","protected":false},"featured_media":0,"template":"","meta":{"patterndates-bp":null,"singledates-bp":[{"date-timestamp-repeaters":1789171200},{"date-timestamp-repeaters":1789257600}],"footnotes":""},"categories":[6370,6367],"tags":[1482,6523],"doelgroep":[],"class_list":["post-24480","evenement","type-evenement","status-publish","hentry","category-evenement","category-open-dag","tag-huisduinen","tag-omd","marker-toonopdenhelder","marker-toonopvisitkopvanholland"],"yoast_head":"<!-- This site is optimized with the Yoast SEO Premium plugin v24.7 (Yoast SEO v28.4) - https:\/\/yoast.com\/product\/yoast-seo-premium-wordpress\/ -->\n<title>Huisduinerkerkje | Open Monumentendagen - Den Helder Online<\/title>\n<meta name=\"robots\" content=\"index, follow, max-snippet:-1, max-image-preview:large, max-video-preview:-1\" \/>\n<link rel=\"canonical\" href=\"https:\/\/denhelder.online\/de\/ereignis\/huisduinerkirche-tage-der-offenen-denkmals\/\" \/>\n<meta property=\"og:locale\" content=\"de_DE\" \/>\n<meta property=\"og:type\" content=\"article\" \/>\n<meta property=\"og:title\" content=\"Huisduinerkerkje | Open Monumentendagen\" \/>\n<meta property=\"og:description\" content=\"Ontdek het Huisduinerkerkje tijdens Open Monumentendagen\" \/>\n<meta property=\"og:url\" content=\"https:\/\/denhelder.online\/de\/ereignis\/huisduinerkirche-tage-der-offenen-denkmals\/\" \/>\n<meta property=\"og:site_name\" content=\"Den Helder Online\" \/>\n<meta property=\"article:modified_time\" content=\"2026-08-21T13:10:03+00:00\" \/>\n<meta name=\"twitter:card\" content=\"summary_large_image\" \/>\n<meta name=\"twitter:label1\" content=\"Gesch\u00e4tzte Lesezeit\" \/>\n\t<meta name=\"twitter:data1\" content=\"1\u00a0Minute\" \/>\n<script type=\"application\/ld+json\" class=\"yoast-schema-graph\">{\"@context\":\"https:\\\/\\\/schema.org\",\"@graph\":[{\"@type\":\"WebPage\",\"@id\":\"https:\\\/\\\/denhelder.online\\\/evenement\\\/huisduinerkerkje-open-monumentendagen\\\/\",\"url\":\"https:\\\/\\\/denhelder.online\\\/evenement\\\/huisduinerkerkje-open-monumentendagen\\\/\",\"name\":\"Huisduinerkerkje | Open Monumentendagen - Den Helder Online\",\"isPartOf\":{\"@id\":\"https:\\\/\\\/denhelder.online\\\/#website\"},\"datePublished\":\"2026-06-03T09:01:23+00:00\",\"dateModified\":\"2026-08-21T13:10:03+00:00\",\"breadcrumb\":{\"@id\":\"https:\\\/\\\/denhelder.online\\\/evenement\\\/huisduinerkerkje-open-monumentendagen\\\/#breadcrumb\"},\"inLanguage\":\"de\",\"potentialAction\":[{\"@type\":\"ReadAction\",\"target\":[\"https:\\\/\\\/denhelder.online\\\/evenement\\\/huisduinerkerkje-open-monumentendagen\\\/\"]}]},{\"@type\":\"BreadcrumbList\",\"@id\":\"https:\\\/\\\/denhelder.online\\\/evenement\\\/huisduinerkerkje-open-monumentendagen\\\/#breadcrumb\",\"itemListElement\":[{\"@type\":\"ListItem\",\"position\":1,\"name\":\"Home\",\"item\":\"https:\\\/\\\/denhelder.online\\\/\"},{\"@type\":\"ListItem\",\"position\":2,\"name\":\"Evenementen\",\"item\":\"https:\\\/\\\/denhelder.online\\\/en\\\/event-2\\\/\"},{\"@type\":\"ListItem\",\"position\":3,\"name\":\"Huisduinerkerkje | Open Monumentendagen\"}]},{\"@type\":\"WebSite\",\"@id\":\"https:\\\/\\\/denhelder.online\\\/#website\",\"url\":\"https:\\\/\\\/denhelder.online\\\/\",\"name\":\"Den Helder Online\",\"description\":\"Beleef Den Helder\",\"publisher\":{\"@id\":\"https:\\\/\\\/denhelder.online\\\/#organization\"},\"potentialAction\":[{\"@type\":\"SearchAction\",\"target\":{\"@type\":\"EntryPoint\",\"urlTemplate\":\"https:\\\/\\\/denhelder.online\\\/?s={search_term_string}\"},\"query-input\":{\"@type\":\"PropertyValueSpecification\",\"valueRequired\":true,\"valueName\":\"search_term_string\"}}],\"inLanguage\":\"de\"},{\"@type\":\"Organization\",\"@id\":\"https:\\\/\\\/denhelder.online\\\/#organization\",\"name\":\"Den Helder Online\",\"url\":\"https:\\\/\\\/denhelder.online\\\/\",\"logo\":{\"@type\":\"ImageObject\",\"inLanguage\":\"de\",\"@id\":\"https:\\\/\\\/denhelder.online\\\/#\\\/schema\\\/logo\\\/image\\\/\",\"url\":\"https:\\\/\\\/denhelder.online\\\/wp-content\\\/uploads\\\/2021\\\/12\\\/DitIsDH-Logo-26-tagline.svg\",\"contentUrl\":\"https:\\\/\\\/denhelder.online\\\/wp-content\\\/uploads\\\/2021\\\/12\\\/DitIsDH-Logo-26-tagline.svg\",\"width\":1717.1,\"height\":934.9,\"caption\":\"Den Helder Online\"},\"image\":{\"@id\":\"https:\\\/\\\/denhelder.online\\\/#\\\/schema\\\/logo\\\/image\\\/\"}}]}<\/script>\n<!-- \/ Yoast SEO Premium plugin. -->","yoast_head_json":{"title":"Huisduinerkirche | Tage der offenen T\u00fcr \u2013 Den Helder Online","robots":{"index":"index","follow":"follow","max-snippet":"max-snippet:-1","max-image-preview":"max-image-preview:large","max-video-preview":"max-video-preview:-1"},"canonical":"https:\/\/denhelder.online\/de\/ereignis\/huisduinerkirche-tage-der-offenen-denkmals\/","og_locale":"de_DE","og_type":"article","og_title":"Huisduinerkerkje | Open Monumentendagen","og_description":"Ontdek het Huisduinerkerkje tijdens Open Monumentendagen","og_url":"https:\/\/denhelder.online\/de\/ereignis\/huisduinerkirche-tage-der-offenen-denkmals\/","og_site_name":"Den Helder Online","article_modified_time":"2026-08-21T13:10:03+00:00","twitter_card":"summary_large_image","twitter_misc":{"Gesch\u00e4tzte Lesezeit":"1\u00a0Minute"},"schema":{"@context":"https:\/\/schema.org","@graph":[{"@type":"WebPage","@id":"https:\/\/denhelder.online\/evenement\/huisduinerkerkje-open-monumentendagen\/","url":"https:\/\/denhelder.online\/evenement\/huisduinerkerkje-open-monumentendagen\/","name":"Huisduinerkirche | Tage der offenen T\u00fcr \u2013 Den Helder Online","isPartOf":{"@id":"https:\/\/denhelder.online\/#website"},"datePublished":"2026-06-03T09:01:23+00:00","dateModified":"2026-08-21T13:10:03+00:00","breadcrumb":{"@id":"https:\/\/denhelder.online\/evenement\/huisduinerkerkje-open-monumentendagen\/#breadcrumb"},"inLanguage":"de","potentialAction":[{"@type":"ReadAction","target":["https:\/\/denhelder.online\/evenement\/huisduinerkerkje-open-monumentendagen\/"]}]},{"@type":"BreadcrumbList","@id":"https:\/\/denhelder.online\/evenement\/huisduinerkerkje-open-monumentendagen\/#breadcrumb","itemListElement":[{"@type":"ListItem","position":1,"name":"Home","item":"https:\/\/denhelder.online\/"},{"@type":"ListItem","position":2,"name":"Evenementen","item":"https:\/\/denhelder.online\/en\/event-2\/"},{"@type":"ListItem","position":3,"name":"Huisduinerkerkje | Open Monumentendagen"}]},{"@type":"WebSite","@id":"https:\/\/denhelder.online\/#website","url":"https:\/\/denhelder.online\/","name":"Den Helder Online","description":"Erleben Sie Den Helder","publisher":{"@id":"https:\/\/denhelder.online\/#organization"},"potentialAction":[{"@type":"SearchAction","target":{"@type":"EntryPoint","urlTemplate":"https:\/\/denhelder.online\/?s={search_term_string}"},"query-input":{"@type":"PropertyValueSpecification","valueRequired":true,"valueName":"search_term_string"}}],"inLanguage":"de"},{"@type":"Organization","@id":"https:\/\/denhelder.online\/#organization","name":"Den Helder Online","url":"https:\/\/denhelder.online\/","logo":{"@type":"ImageObject","inLanguage":"de","@id":"https:\/\/denhelder.online\/#\/schema\/logo\/image\/","url":"https:\/\/denhelder.online\/wp-content\/uploads\/2021\/12\/DitIsDH-Logo-26-tagline.svg","contentUrl":"https:\/\/denhelder.online\/wp-content\/uploads\/2021\/12\/DitIsDH-Logo-26-tagline.svg","width":1717.1,"height":934.9,"caption":"Den Helder Online"},"image":{"@id":"https:\/\/denhelder.online\/#\/schema\/logo\/image\/"}}]}},"_links":{"self":[{"href":"https:\/\/denhelder.online\/de\/wp-json\/wp\/v2\/events\/24480","targetHints":{"allow":["GET"]}}],"collection":[{"href":"https:\/\/denhelder.online\/de\/wp-json\/wp\/v2\/events"}],"about":[{"href":"https:\/\/denhelder.online\/de\/wp-json\/wp\/v2\/types\/evenement"}],"version-history":[{"count":1,"href":"https:\/\/denhelder.online\/de\/wp-json\/wp\/v2\/events\/24480\/revisions"}],"predecessor-version":[{"id":25780,"href":"https:\/\/denhelder.online\/de\/wp-json\/wp\/v2\/events\/24480\/revisions\/25780"}],"wp:attachment":[{"href":"https:\/\/denhelder.online\/de\/wp-json\/wp\/v2\/media?parent=24480"}],"wp:term":[{"taxonomy":"category","embeddable":true,"href":"https:\/\/denhelder.online\/de\/wp-json\/wp\/v2\/categories?post=24480"},{"taxonomy":"post_tag","embeddable":true,"href":"https:\/\/denhelder.online\/de\/wp-json\/wp\/v2\/tags?post=24480"},{"taxonomy":"doelgroep","embeddable":true,"href":"https:\/\/denhelder.online\/de\/wp-json\/wp\/v2\/doelgroep?post=24480"}],"curies":[{"name":"wp","href":"https:\/\/api.w.org\/{rel}","templated":true}]}}

<p><strong style="background-color: rgb(255, 255, 255); color: rgb(0, 91, 129);">Historisches Herzstück von Huisduinen</strong></p>
<p><span style="background-color: rgb(255, 255, 255); color: rgb(51, 51, 51);">Die charakteristische Huisduinerkirche steht mitten auf dem Dorfplatz von Huisduinen. Vom nahegelegenen Zeedijk aus genießt man einen wunderschönen Panoramablick über Land und Meer. Ein Ort voller Ruhe und Geschichte.</span></p>
<p><strong style="background-color: rgb(255, 255, 255); color: rgb(0, 91, 129);">Ein Ort von Bedeutung seit tausend Jahren</strong></p>
<p><span style="background-color: rgb(255, 255, 255); color: rgb(51, 51, 51);">Die Ursprünge der kleinen Kirche reichen bis etwa ins Jahr 1000 zurück, als Huisduinen noch eine Insel war: </span><em style="background-color: rgb(255, 255, 255); color: rgb(51, 51, 51);">Husiduna</em><span style="background-color: rgb(255, 255, 255); color: rgb(51, 51, 51);">. Im Jahr 1896 wurde auf dem alten Fundament eine kleine Steinkirche errichtet, die die damals dort stehende Holzkirche ersetzte.</span></p>
<p><strong style="background-color: rgb(255, 255, 255); color: rgb(0, 91, 129);">Monument mit neuen Möglichkeiten</strong></p>
<p><span style="background-color: rgb(255, 255, 255); color: rgb(51, 51, 51);">Das heutige Gebäude steht unter Denkmalschutz gemäß dem Denkmalschutzgesetz von 1988. Die kleine Kirche ist heute ein stimmungsvoller Veranstaltungsort für Konzerte, Vorträge und Ausstellungen – ein Ort, an dem Geschichte und Erfahrung aufeinandertreffen.</span></p>
<p><strong style="background-color: rgb(255, 255, 255); color: rgb(0, 91, 129);">Öffnungszeiten</strong></p>
<ol>
<li data-list="bullet"><span class="ql-ui" contenteditable="false"></span><strong style="background-color: rgb(255, 255, 255); color: rgb(51, 51, 51);">Samstag, 12. September:</strong><span style="background-color: rgb(255, 255, 255); color: rgb(51, 51, 51);"> 10:00 – 17:00</span></li>
<li data-list="bullet"><span class="ql-ui" contenteditable="false"></span><strong style="background-color: rgb(255, 255, 255); color: rgb(51, 51, 51);">Sonntag, 13. September: </strong><span style="background-color: rgb(255, 255, 255); color: rgb(51, 51, 51);">10:00 – 17:00 </span></li>
</ol>
<p><strong style="background-color: rgb(255, 255, 255); color: rgb(0, 91, 129);">Hintergrundinformationen</strong></p>
<ol>
<li data-list="bullet"><span class="ql-ui" contenteditable="false"></span><strong style="background-color: rgb(255, 255, 255); color: rgb(51, 51, 51);">Denkmaltyp: </strong><span style="background-color: rgb(255, 255, 255); color: rgb(51, 51, 51);">Religiöses Erbe</span></li>
<li data-list="bullet"><span class="ql-ui" contenteditable="false"></span><strong style="background-color: rgb(255, 255, 255); color: rgb(51, 51, 51);">Architekt:</strong><span style="background-color: rgb(255, 255, 255); color: rgb(51, 51, 51);"> Jacob Hunter</span></li>
<li data-list="bullet"><span class="ql-ui" contenteditable="false"></span><strong style="background-color: rgb(255, 255, 255); color: rgb(51, 51, 51);">Bauzeit: </strong><span style="background-color: rgb(255, 255, 255); color: rgb(51, 51, 51);">1896</span></li>
<li data-list="bullet"><span class="ql-ui" contenteditable="false"></span><strong style="background-color: rgb(255, 255, 255); color: rgb(51, 51, 51);">Aktuelle Position:</strong><span style="background-color: rgb(255, 255, 255); color: rgb(51, 51, 51);"> Kulturzentrum, Hochzeitslocation</span></li>
</ol>

<!-- This site is optimized with the Yoast SEO Premium plugin v24.7 (Yoast SEO v28.4) - https://yoast.com/product/yoast-seo-premium-wordpress/ -->
<title>Huisduinerkerkje | Open Monumentendagen - Den Helder Online</title>
<meta name="robots" content="index, follow, max-snippet:-1, max-image-preview:large, max-video-preview:-1" />
<link rel="canonical" href="https://denhelder.online/de/ereignis/huisduinerkirche-tage-der-offenen-denkmals/" />
<meta property="og:locale" content="de_DE" />
<meta property="og:type" content="article" />
<meta property="og:title" content="Huisduinerkerkje | Open Monumentendagen" />
<meta property="og:description" content="Ontdek het Huisduinerkerkje tijdens Open Monumentendagen" />
<meta property="og:url" content="https://denhelder.online/de/ereignis/huisduinerkirche-tage-der-offenen-denkmals/" />
<meta property="og:site_name" content="Den Helder Online" />
<meta property="article:modified_time" content="2026-08-21T13:10:03+00:00" />
<meta name="twitter:card" content="summary_large_image" />
<meta name="twitter:label1" content="Geschätzte Lesezeit" />
	<meta name="twitter:data1" content="1 Minute" />
<script type="application/ld+json" class="yoast-schema-graph">{"@context":"https:\/\/schema.org","@graph":[{"@type":"WebPage","@id":"https:\/\/denhelder.online\/evenement\/huisduinerkerkje-open-monumentendagen\/","url":"https:\/\/denhelder.online\/evenement\/huisduinerkerkje-open-monumentendagen\/","name":"Huisduinerkerkje | Open Monumentendagen - Den Helder Online","isPartOf":{"@id":"https:\/\/denhelder.online\/#website"},"datePublished":"2026-06-03T09:01:23+00:00","dateModified":"2026-08-21T13:10:03+00:00","breadcrumb":{"@id":"https:\/\/denhelder.online\/evenement\/huisduinerkerkje-open-monumentendagen\/#breadcrumb"},"inLanguage":"de","potentialAction":[{"@type":"ReadAction","target":["https:\/\/denhelder.online\/evenement\/huisduinerkerkje-open-monumentendagen\/"]}]},{"@type":"BreadcrumbList","@id":"https:\/\/denhelder.online\/evenement\/huisduinerkerkje-open-monumentendagen\/#breadcrumb","itemListElement":[{"@type":"ListItem","position":1,"name":"Home","item":"https:\/\/denhelder.online\/"},{"@type":"ListItem","position":2,"name":"Evenementen","item":"https:\/\/denhelder.online\/en\/event-2\/"},{"@type":"ListItem","position":3,"name":"Huisduinerkerkje | Open Monumentendagen"}]},{"@type":"WebSite","@id":"https:\/\/denhelder.online\/#website","url":"https:\/\/denhelder.online\/","name":"Den Helder Online","description":"Beleef Den Helder","publisher":{"@id":"https:\/\/denhelder.online\/#organization"},"potentialAction":[{"@type":"SearchAction","target":{"@type":"EntryPoint","urlTemplate":"https:\/\/denhelder.online\/?s={search_term_string}"},"query-input":{"@type":"PropertyValueSpecification","valueRequired":true,"valueName":"search_term_string"}}],"inLanguage":"de"},{"@type":"Organization","@id":"https:\/\/denhelder.online\/#organization","name":"Den Helder Online","url":"https:\/\/denhelder.online\/","logo":{"@type":"ImageObject","inLanguage":"de","@id":"https:\/\/denhelder.online\/#\/schema\/logo\/image\/","url":"https:\/\/denhelder.online\/wp-content\/uploads\/2021\/12\/DitIsDH-Logo-26-tagline.svg","contentUrl":"https:\/\/denhelder.online\/wp-content\/uploads\/2021\/12\/DitIsDH-Logo-26-tagline.svg","width":1717.1,"height":934.9,"caption":"Den Helder Online"},"image":{"@id":"https:\/\/denhelder.online\/#\/schema\/logo\/image\/"}}]}</script>
<!-- / Yoast SEO Premium plugin. -->

Huisduinerkirche | Tage der offenen Tür – Den Helder Online
