{"id":24503,"date":"2026-06-06T00:07:46","date_gmt":"2026-06-05T22:07:46","guid":{"rendered":"https:\/\/denhelder.online\/evenement\/helderse-molen-de-goede-verwachting-open-monumentendagen\/"},"modified":"2026-08-21T15:10:04","modified_gmt":"2026-08-21T13:10:04","slug":"helderse-mill-de-goede-verwachting-tage-des-offenen-denkmals","status":"publish","type":"evenement","link":"https:\/\/denhelder.online\/de\/evenement\/helderse-molen-de-goede-verwachting-open-monumentendagen\/","title":{"rendered":"Helderse Windm\u00fchle &#039;De Goede Verwachting&#039; | Tage des offenen Denkmals"},"content":{"rendered":"<p><strong style=\"color: rgb(0, 91, 129); background-color: rgb(255, 255, 255);\">Die M\u00fchle in Den Helder<\/strong><\/p>\n<p><span style=\"color: rgb(51, 51, 51); background-color: rgb(255, 255, 255);\">In Den Helder gab es einst mehrere Windm\u00fchlen. Stra\u00dfennamen wie Molengracht, Molenstraat und Molensloot erinnern noch heute an diese Zeit. Dank des Engagements der Windm\u00fchlenstiftung \u2018De Onderneming\u2019 aus Helderse hat die Stadt nun wieder eine Windm\u00fchle: De Goede Verwachting.<\/span><\/p>\n<p><strong style=\"color: rgb(0, 91, 129); background-color: rgb(255, 255, 255);\">Erleben Sie das Handwerk hautnah<\/strong><\/p>\n<p><span style=\"color: rgb(51, 51, 51); background-color: rgb(255, 255, 255);\">Im Inneren der M\u00fchle erh\u00e4lt man einen Eindruck von den vielen Windm\u00fchlen, die einst in Den Helder und Julianadorp standen.<\/span><\/p>\n<p><strong style=\"color: rgb(0, 91, 129); background-color: rgb(255, 255, 255);\">Besuchen Sie dieses Jahr die Windm\u00fchle \u2018De Goede Verwachting\u2019.\u2019<\/strong><\/p>\n<p><span style=\"color: rgb(51, 51, 51); background-color: rgb(255, 255, 255);\">Obwohl die M\u00fchle noch nicht ganz fertiggestellt ist, gibt es mehr zu sehen als im letzten Jahr (und hoffentlich kann man nun auch die Aussichtsplattform besichtigen). Bei gen\u00fcgend Wind dreht sich die M\u00fchle. Im Inneren der M\u00fchle erh\u00e4lt man einen guten Eindruck von den vielen M\u00fchlen, die einst in Den Helder und Julianadorp standen, und die M\u00fcller f\u00fchren Besucher gerne durch den Mahlprozess.<\/span><\/p>\n<p><strong style=\"color: rgb(0, 91, 129); background-color: rgb(255, 255, 255);\">\u00d6ffnungszeiten<\/strong><\/p>\n<ol>\n<li data-list=\"bullet\"><span class=\"ql-ui\" contenteditable=\"false\"><\/span><strong style=\"color: rgb(51, 51, 51); background-color: rgb(255, 255, 255);\">Samstag, 12. September: <\/strong><span style=\"color: rgb(51, 51, 51); background-color: rgb(255, 255, 255);\">11:00 \u2013 16:00 <\/span><\/li>\n<li data-list=\"bullet\"><span class=\"ql-ui\" contenteditable=\"false\"><\/span><strong style=\"color: rgb(51, 51, 51); background-color: rgb(255, 255, 255);\">Sonntag, 13. September: <\/strong><span style=\"color: rgb(51, 51, 51); background-color: rgb(255, 255, 255);\">11:00 \u2013 16:00 <\/span><\/li>\n<\/ol>\n<p><strong style=\"color: rgb(0, 91, 129); background-color: rgb(255, 255, 255);\">Hintergrundinformationen<\/strong><\/p>\n<ol>\n<li data-list=\"bullet\"><span class=\"ql-ui\" contenteditable=\"false\"><\/span><strong style=\"color: rgb(51, 51, 51); background-color: rgb(255, 255, 255);\">Denkmaltyp:<\/strong><span style=\"color: rgb(51, 51, 51); background-color: rgb(255, 255, 255);\"> M\u00fchle<\/span><\/li>\n<li data-list=\"bullet\"><span class=\"ql-ui\" contenteditable=\"false\"><\/span><strong style=\"color: rgb(51, 51, 51); background-color: rgb(255, 255, 255);\">Bauzeit:<\/strong><span style=\"color: rgb(51, 51, 51); background-color: rgb(255, 255, 255);\"> 2023 \u2013 2025<\/span><\/li>\n<li data-list=\"bullet\"><span class=\"ql-ui\" contenteditable=\"false\"><\/span><strong style=\"color: rgb(51, 51, 51); background-color: rgb(255, 255, 255);\">Aktuelle Position:<\/strong><span style=\"color: rgb(51, 51, 51); background-color: rgb(255, 255, 255);\"> Getreidemahlen, demn\u00e4chst auf freiwilliger Basis. Bed &amp; Breakfast<\/span><\/li>\n<\/ol>\n<p><\/p>\n<p><strong style=\"color: rgb(51, 51, 51); background-color: rgb(255, 255, 255);\">Foto: <\/strong><span style=\"color: rgb(51, 51, 51); background-color: rgb(255, 255, 255);\">Hans Verhoef<\/span><\/p>","protected":false},"excerpt":{"rendered":"<p>Entdecken Sie die Helderse-M\u00fchle w\u00e4hrend der Tage der offenen T\u00fcr!<\/p>","protected":false},"featured_media":0,"template":"","meta":{"patterndates-bp":null,"singledates-bp":[{"date-timestamp-repeaters":1789171200},{"date-timestamp-repeaters":1789257600}],"footnotes":""},"categories":[6370,6367],"tags":[6364,6523],"doelgroep":[],"class_list":["post-24503","evenement","type-evenement","status-publish","hentry","category-evenement","category-open-dag","tag-den-helder","tag-omd","marker-toonopdenhelder","marker-toonopvisitkopvanholland"],"yoast_head":"<!-- This site is optimized with the Yoast SEO Premium plugin v24.7 (Yoast SEO v28.4) - https:\/\/yoast.com\/product\/yoast-seo-premium-wordpress\/ -->\n<title>Helderse molen &#039;De Goede Verwachting&#039; | Open Monumentendagen - Den Helder Online<\/title>\n<meta name=\"robots\" content=\"index, follow, max-snippet:-1, max-image-preview:large, max-video-preview:-1\" \/>\n<link rel=\"canonical\" href=\"https:\/\/denhelder.online\/de\/ereignis\/helderse-mill-de-goede-verwachting-tage-des-offenen-denkmals\/\" \/>\n<meta property=\"og:locale\" content=\"de_DE\" \/>\n<meta property=\"og:type\" content=\"article\" \/>\n<meta property=\"og:title\" content=\"Helderse molen &#039;De Goede Verwachting&#039; | Open Monumentendagen\" \/>\n<meta property=\"og:description\" content=\"Ontdek de Helderse molen tijdens Open Monumentendagen\" \/>\n<meta property=\"og:url\" content=\"https:\/\/denhelder.online\/de\/ereignis\/helderse-mill-de-goede-verwachting-tage-des-offenen-denkmals\/\" \/>\n<meta property=\"og:site_name\" content=\"Den Helder Online\" \/>\n<meta property=\"article:modified_time\" content=\"2026-08-21T13:10:04+00:00\" \/>\n<meta name=\"twitter:card\" content=\"summary_large_image\" \/>\n<meta name=\"twitter:label1\" content=\"Gesch\u00e4tzte Lesezeit\" \/>\n\t<meta name=\"twitter:data1\" content=\"1\u00a0Minute\" \/>\n<script type=\"application\/ld+json\" class=\"yoast-schema-graph\">{\"@context\":\"https:\\\/\\\/schema.org\",\"@graph\":[{\"@type\":\"WebPage\",\"@id\":\"https:\\\/\\\/denhelder.online\\\/evenement\\\/helderse-molen-de-goede-verwachting-open-monumentendagen\\\/\",\"url\":\"https:\\\/\\\/denhelder.online\\\/evenement\\\/helderse-molen-de-goede-verwachting-open-monumentendagen\\\/\",\"name\":\"Helderse molen 'De Goede Verwachting' | Open Monumentendagen - Den Helder Online\",\"isPartOf\":{\"@id\":\"https:\\\/\\\/denhelder.online\\\/#website\"},\"datePublished\":\"2026-06-05T22:07:46+00:00\",\"dateModified\":\"2026-08-21T13:10:04+00:00\",\"breadcrumb\":{\"@id\":\"https:\\\/\\\/denhelder.online\\\/evenement\\\/helderse-molen-de-goede-verwachting-open-monumentendagen\\\/#breadcrumb\"},\"inLanguage\":\"de\",\"potentialAction\":[{\"@type\":\"ReadAction\",\"target\":[\"https:\\\/\\\/denhelder.online\\\/evenement\\\/helderse-molen-de-goede-verwachting-open-monumentendagen\\\/\"]}]},{\"@type\":\"BreadcrumbList\",\"@id\":\"https:\\\/\\\/denhelder.online\\\/evenement\\\/helderse-molen-de-goede-verwachting-open-monumentendagen\\\/#breadcrumb\",\"itemListElement\":[{\"@type\":\"ListItem\",\"position\":1,\"name\":\"Home\",\"item\":\"https:\\\/\\\/denhelder.online\\\/\"},{\"@type\":\"ListItem\",\"position\":2,\"name\":\"Evenementen\",\"item\":\"https:\\\/\\\/denhelder.online\\\/en\\\/event-2\\\/\"},{\"@type\":\"ListItem\",\"position\":3,\"name\":\"Helderse molen &#8216;De Goede Verwachting&#8217; | Open Monumentendagen\"}]},{\"@type\":\"WebSite\",\"@id\":\"https:\\\/\\\/denhelder.online\\\/#website\",\"url\":\"https:\\\/\\\/denhelder.online\\\/\",\"name\":\"Den Helder Online\",\"description\":\"Beleef Den Helder\",\"publisher\":{\"@id\":\"https:\\\/\\\/denhelder.online\\\/#organization\"},\"potentialAction\":[{\"@type\":\"SearchAction\",\"target\":{\"@type\":\"EntryPoint\",\"urlTemplate\":\"https:\\\/\\\/denhelder.online\\\/?s={search_term_string}\"},\"query-input\":{\"@type\":\"PropertyValueSpecification\",\"valueRequired\":true,\"valueName\":\"search_term_string\"}}],\"inLanguage\":\"de\"},{\"@type\":\"Organization\",\"@id\":\"https:\\\/\\\/denhelder.online\\\/#organization\",\"name\":\"Den Helder Online\",\"url\":\"https:\\\/\\\/denhelder.online\\\/\",\"logo\":{\"@type\":\"ImageObject\",\"inLanguage\":\"de\",\"@id\":\"https:\\\/\\\/denhelder.online\\\/#\\\/schema\\\/logo\\\/image\\\/\",\"url\":\"https:\\\/\\\/denhelder.online\\\/wp-content\\\/uploads\\\/2021\\\/12\\\/DitIsDH-Logo-26-tagline.svg\",\"contentUrl\":\"https:\\\/\\\/denhelder.online\\\/wp-content\\\/uploads\\\/2021\\\/12\\\/DitIsDH-Logo-26-tagline.svg\",\"width\":1717.1,\"height\":934.9,\"caption\":\"Den Helder Online\"},\"image\":{\"@id\":\"https:\\\/\\\/denhelder.online\\\/#\\\/schema\\\/logo\\\/image\\\/\"}}]}<\/script>\n<!-- \/ Yoast SEO Premium plugin. -->","yoast_head_json":{"title":"Helderse Windm\u00fchle &#039;De Goede Verwachting&#039; | Tage des offenen Denkmals - Den Helder Online","robots":{"index":"index","follow":"follow","max-snippet":"max-snippet:-1","max-image-preview":"max-image-preview:large","max-video-preview":"max-video-preview:-1"},"canonical":"https:\/\/denhelder.online\/de\/ereignis\/helderse-mill-de-goede-verwachting-tage-des-offenen-denkmals\/","og_locale":"de_DE","og_type":"article","og_title":"Helderse molen 'De Goede Verwachting' | Open Monumentendagen","og_description":"Ontdek de Helderse molen tijdens Open Monumentendagen","og_url":"https:\/\/denhelder.online\/de\/ereignis\/helderse-mill-de-goede-verwachting-tage-des-offenen-denkmals\/","og_site_name":"Den Helder Online","article_modified_time":"2026-08-21T13:10:04+00:00","twitter_card":"summary_large_image","twitter_misc":{"Gesch\u00e4tzte Lesezeit":"1\u00a0Minute"},"schema":{"@context":"https:\/\/schema.org","@graph":[{"@type":"WebPage","@id":"https:\/\/denhelder.online\/evenement\/helderse-molen-de-goede-verwachting-open-monumentendagen\/","url":"https:\/\/denhelder.online\/evenement\/helderse-molen-de-goede-verwachting-open-monumentendagen\/","name":"Helderse Windm\u00fchle &#039;De Goede Verwachting&#039; | Tage des offenen Denkmals - Den Helder Online","isPartOf":{"@id":"https:\/\/denhelder.online\/#website"},"datePublished":"2026-06-05T22:07:46+00:00","dateModified":"2026-08-21T13:10:04+00:00","breadcrumb":{"@id":"https:\/\/denhelder.online\/evenement\/helderse-molen-de-goede-verwachting-open-monumentendagen\/#breadcrumb"},"inLanguage":"de","potentialAction":[{"@type":"ReadAction","target":["https:\/\/denhelder.online\/evenement\/helderse-molen-de-goede-verwachting-open-monumentendagen\/"]}]},{"@type":"BreadcrumbList","@id":"https:\/\/denhelder.online\/evenement\/helderse-molen-de-goede-verwachting-open-monumentendagen\/#breadcrumb","itemListElement":[{"@type":"ListItem","position":1,"name":"Home","item":"https:\/\/denhelder.online\/"},{"@type":"ListItem","position":2,"name":"Evenementen","item":"https:\/\/denhelder.online\/en\/event-2\/"},{"@type":"ListItem","position":3,"name":"Helderse molen &#8216;De Goede Verwachting&#8217; | Open Monumentendagen"}]},{"@type":"WebSite","@id":"https:\/\/denhelder.online\/#website","url":"https:\/\/denhelder.online\/","name":"Den Helder Online","description":"Erleben Sie Den Helder","publisher":{"@id":"https:\/\/denhelder.online\/#organization"},"potentialAction":[{"@type":"SearchAction","target":{"@type":"EntryPoint","urlTemplate":"https:\/\/denhelder.online\/?s={search_term_string}"},"query-input":{"@type":"PropertyValueSpecification","valueRequired":true,"valueName":"search_term_string"}}],"inLanguage":"de"},{"@type":"Organization","@id":"https:\/\/denhelder.online\/#organization","name":"Den Helder Online","url":"https:\/\/denhelder.online\/","logo":{"@type":"ImageObject","inLanguage":"de","@id":"https:\/\/denhelder.online\/#\/schema\/logo\/image\/","url":"https:\/\/denhelder.online\/wp-content\/uploads\/2021\/12\/DitIsDH-Logo-26-tagline.svg","contentUrl":"https:\/\/denhelder.online\/wp-content\/uploads\/2021\/12\/DitIsDH-Logo-26-tagline.svg","width":1717.1,"height":934.9,"caption":"Den Helder Online"},"image":{"@id":"https:\/\/denhelder.online\/#\/schema\/logo\/image\/"}}]}},"_links":{"self":[{"href":"https:\/\/denhelder.online\/de\/wp-json\/wp\/v2\/events\/24503","targetHints":{"allow":["GET"]}}],"collection":[{"href":"https:\/\/denhelder.online\/de\/wp-json\/wp\/v2\/events"}],"about":[{"href":"https:\/\/denhelder.online\/de\/wp-json\/wp\/v2\/types\/evenement"}],"version-history":[{"count":1,"href":"https:\/\/denhelder.online\/de\/wp-json\/wp\/v2\/events\/24503\/revisions"}],"predecessor-version":[{"id":25781,"href":"https:\/\/denhelder.online\/de\/wp-json\/wp\/v2\/events\/24503\/revisions\/25781"}],"wp:attachment":[{"href":"https:\/\/denhelder.online\/de\/wp-json\/wp\/v2\/media?parent=24503"}],"wp:term":[{"taxonomy":"category","embeddable":true,"href":"https:\/\/denhelder.online\/de\/wp-json\/wp\/v2\/categories?post=24503"},{"taxonomy":"post_tag","embeddable":true,"href":"https:\/\/denhelder.online\/de\/wp-json\/wp\/v2\/tags?post=24503"},{"taxonomy":"doelgroep","embeddable":true,"href":"https:\/\/denhelder.online\/de\/wp-json\/wp\/v2\/doelgroep?post=24503"}],"curies":[{"name":"wp","href":"https:\/\/api.w.org\/{rel}","templated":true}]}}

Helderse Windmühle &#039;De Goede Verwachting&#039; | Tage des offenen Denkmals

<p><strong style="color: rgb(0, 91, 129); background-color: rgb(255, 255, 255);">Die Mühle in Den Helder</strong></p>
<p><span style="color: rgb(51, 51, 51); background-color: rgb(255, 255, 255);">In Den Helder gab es einst mehrere Windmühlen. Straßennamen wie Molengracht, Molenstraat und Molensloot erinnern noch heute an diese Zeit. Dank des Engagements der Windmühlenstiftung ‘De Onderneming’ aus Helderse hat die Stadt nun wieder eine Windmühle: De Goede Verwachting.</span></p>
<p><strong style="color: rgb(0, 91, 129); background-color: rgb(255, 255, 255);">Erleben Sie das Handwerk hautnah</strong></p>
<p><span style="color: rgb(51, 51, 51); background-color: rgb(255, 255, 255);">Im Inneren der Mühle erhält man einen Eindruck von den vielen Windmühlen, die einst in Den Helder und Julianadorp standen.</span></p>
<p><strong style="color: rgb(0, 91, 129); background-color: rgb(255, 255, 255);">Besuchen Sie dieses Jahr die Windmühle ‘De Goede Verwachting’.’</strong></p>
<p><span style="color: rgb(51, 51, 51); background-color: rgb(255, 255, 255);">Obwohl die Mühle noch nicht ganz fertiggestellt ist, gibt es mehr zu sehen als im letzten Jahr (und hoffentlich kann man nun auch die Aussichtsplattform besichtigen). Bei genügend Wind dreht sich die Mühle. Im Inneren der Mühle erhält man einen guten Eindruck von den vielen Mühlen, die einst in Den Helder und Julianadorp standen, und die Müller führen Besucher gerne durch den Mahlprozess.</span></p>
<p><strong style="color: rgb(0, 91, 129); background-color: rgb(255, 255, 255);">Öffnungszeiten</strong></p>
<ol>
<li data-list="bullet"><span class="ql-ui" contenteditable="false"></span><strong style="color: rgb(51, 51, 51); background-color: rgb(255, 255, 255);">Samstag, 12. September: </strong><span style="color: rgb(51, 51, 51); background-color: rgb(255, 255, 255);">11:00 – 16:00 </span></li>
<li data-list="bullet"><span class="ql-ui" contenteditable="false"></span><strong style="color: rgb(51, 51, 51); background-color: rgb(255, 255, 255);">Sonntag, 13. September: </strong><span style="color: rgb(51, 51, 51); background-color: rgb(255, 255, 255);">11:00 – 16:00 </span></li>
</ol>
<p><strong style="color: rgb(0, 91, 129); background-color: rgb(255, 255, 255);">Hintergrundinformationen</strong></p>
<ol>
<li data-list="bullet"><span class="ql-ui" contenteditable="false"></span><strong style="color: rgb(51, 51, 51); background-color: rgb(255, 255, 255);">Denkmaltyp:</strong><span style="color: rgb(51, 51, 51); background-color: rgb(255, 255, 255);"> Mühle</span></li>
<li data-list="bullet"><span class="ql-ui" contenteditable="false"></span><strong style="color: rgb(51, 51, 51); background-color: rgb(255, 255, 255);">Bauzeit:</strong><span style="color: rgb(51, 51, 51); background-color: rgb(255, 255, 255);"> 2023 – 2025</span></li>
<li data-list="bullet"><span class="ql-ui" contenteditable="false"></span><strong style="color: rgb(51, 51, 51); background-color: rgb(255, 255, 255);">Aktuelle Position:</strong><span style="color: rgb(51, 51, 51); background-color: rgb(255, 255, 255);"> Getreidemahlen, demnächst auf freiwilliger Basis. Bed &amp; Breakfast</span></li>
</ol>
<p></p>
<p><strong style="color: rgb(51, 51, 51); background-color: rgb(255, 255, 255);">Foto: </strong><span style="color: rgb(51, 51, 51); background-color: rgb(255, 255, 255);">Hans Verhoef</span></p>

<p>Entdecken Sie die Helderse-Mühle während der Tage der offenen Tür!</p>

<!-- This site is optimized with the Yoast SEO Premium plugin v24.7 (Yoast SEO v28.4) - https://yoast.com/product/yoast-seo-premium-wordpress/ -->
<title>Helderse molen &#039;De Goede Verwachting&#039; | Open Monumentendagen - Den Helder Online</title>
<meta name="robots" content="index, follow, max-snippet:-1, max-image-preview:large, max-video-preview:-1" />
<link rel="canonical" href="https://denhelder.online/de/ereignis/helderse-mill-de-goede-verwachting-tage-des-offenen-denkmals/" />
<meta property="og:locale" content="de_DE" />
<meta property="og:type" content="article" />
<meta property="og:title" content="Helderse molen &#039;De Goede Verwachting&#039; | Open Monumentendagen" />
<meta property="og:description" content="Ontdek de Helderse molen tijdens Open Monumentendagen" />
<meta property="og:url" content="https://denhelder.online/de/ereignis/helderse-mill-de-goede-verwachting-tage-des-offenen-denkmals/" />
<meta property="og:site_name" content="Den Helder Online" />
<meta property="article:modified_time" content="2026-08-21T13:10:04+00:00" />
<meta name="twitter:card" content="summary_large_image" />
<meta name="twitter:label1" content="Geschätzte Lesezeit" />
	<meta name="twitter:data1" content="1 Minute" />
<script type="application/ld+json" class="yoast-schema-graph">{"@context":"https:\/\/schema.org","@graph":[{"@type":"WebPage","@id":"https:\/\/denhelder.online\/evenement\/helderse-molen-de-goede-verwachting-open-monumentendagen\/","url":"https:\/\/denhelder.online\/evenement\/helderse-molen-de-goede-verwachting-open-monumentendagen\/","name":"Helderse molen 'De Goede Verwachting' | Open Monumentendagen - Den Helder Online","isPartOf":{"@id":"https:\/\/denhelder.online\/#website"},"datePublished":"2026-06-05T22:07:46+00:00","dateModified":"2026-08-21T13:10:04+00:00","breadcrumb":{"@id":"https:\/\/denhelder.online\/evenement\/helderse-molen-de-goede-verwachting-open-monumentendagen\/#breadcrumb"},"inLanguage":"de","potentialAction":[{"@type":"ReadAction","target":["https:\/\/denhelder.online\/evenement\/helderse-molen-de-goede-verwachting-open-monumentendagen\/"]}]},{"@type":"BreadcrumbList","@id":"https:\/\/denhelder.online\/evenement\/helderse-molen-de-goede-verwachting-open-monumentendagen\/#breadcrumb","itemListElement":[{"@type":"ListItem","position":1,"name":"Home","item":"https:\/\/denhelder.online\/"},{"@type":"ListItem","position":2,"name":"Evenementen","item":"https:\/\/denhelder.online\/en\/event-2\/"},{"@type":"ListItem","position":3,"name":"Helderse molen &#8216;De Goede Verwachting&#8217; | Open Monumentendagen"}]},{"@type":"WebSite","@id":"https:\/\/denhelder.online\/#website","url":"https:\/\/denhelder.online\/","name":"Den Helder Online","description":"Beleef Den Helder","publisher":{"@id":"https:\/\/denhelder.online\/#organization"},"potentialAction":[{"@type":"SearchAction","target":{"@type":"EntryPoint","urlTemplate":"https:\/\/denhelder.online\/?s={search_term_string}"},"query-input":{"@type":"PropertyValueSpecification","valueRequired":true,"valueName":"search_term_string"}}],"inLanguage":"de"},{"@type":"Organization","@id":"https:\/\/denhelder.online\/#organization","name":"Den Helder Online","url":"https:\/\/denhelder.online\/","logo":{"@type":"ImageObject","inLanguage":"de","@id":"https:\/\/denhelder.online\/#\/schema\/logo\/image\/","url":"https:\/\/denhelder.online\/wp-content\/uploads\/2021\/12\/DitIsDH-Logo-26-tagline.svg","contentUrl":"https:\/\/denhelder.online\/wp-content\/uploads\/2021\/12\/DitIsDH-Logo-26-tagline.svg","width":1717.1,"height":934.9,"caption":"Den Helder Online"},"image":{"@id":"https:\/\/denhelder.online\/#\/schema\/logo\/image\/"}}]}</script>
<!-- / Yoast SEO Premium plugin. -->

Helderse Windmühle &#039;De Goede Verwachting&#039; | Tage des offenen Denkmals - Den Helder Online
