{"id":24504,"date":"2026-06-06T00:07:46","date_gmt":"2026-06-05T22:07:46","guid":{"rendered":"https:\/\/denhelder.online\/evenement\/kunsthal-45-open-monumentendagen\/"},"modified":"2026-08-21T13:14:39","modified_gmt":"2026-08-21T11:14:39","slug":"kunstgalerie-45-tage-geoffnet","status":"publish","type":"evenement","link":"https:\/\/denhelder.online\/de\/evenement\/kunsthal-45-open-monumentendagen\/","title":{"rendered":"Kunsthalle 45 | Tage des offenen Denkmals"},"content":{"rendered":"<p><strong>Kunst an einem unerwarteten Ort<\/strong><\/p>\n<p><span>Am Rande des Den Helder-Zentrums, in einem Gebiet, in dem die Stadterneuerung noch nicht begonnen hat, befindet sich die Kunsthal 45. Ein \u00fcberraschender Ort f\u00fcr alle, die Kunst lieben, die anregt und \u00fcberrascht.<\/span><\/p>\n<p><strong>Modern, eigensinnig und immer in Bewegung<\/strong><\/p>\n<p><span>Die Kunsthal 45 pr\u00e4sentiert f\u00fcnfmal j\u00e4hrlich Ausstellungen zeitgen\u00f6ssischer K\u00fcnstler \u2013 sowohl etablierter Namen als auch neuer Talente. Jede Ausstellung ist einzigartig und mit Blick auf Qualit\u00e4t und Aktualit\u00e4t kuratiert. Hier erleben Sie Kunst, die zum Nachdenken anregt, in einer zugleich authentischen und inspirierenden Atmosph\u00e4re.<\/span><\/p>\n<p><strong>Mehr als nur hinschauen<\/strong><\/p>\n<p><span>Rund um jede Ausstellung werden zus\u00e4tzliche Aktivit\u00e4ten organisiert. Dazu geh\u00f6ren Vortr\u00e4ge, Workshops oder K\u00fcnstlergespr\u00e4che. So entsteht Raum f\u00fcr Begegnung, vertiefende Auseinandersetzung und \u00dcberraschungen \u2013 sowohl f\u00fcr Einheimische als auch f\u00fcr Besucher von au\u00dferhalb der Stadt.<\/span><\/p>\n<p><strong>Praktisch<\/strong><\/p>\n<p><span>Die aktuellen \u00d6ffnungszeiten und das Programm werden in K\u00fcrze bekannt gegeben. Weitere Informationen finden Sie auf unseren Kan\u00e4len.<\/span><\/p>\n<p><strong>\u00d6ffnungszeiten<\/strong><\/p>\n<ol>\n<li data-list=\"bullet\"><span class=\"ql-ui\"><\/span><strong>Samstag, 12. September: <\/strong><span>13:00 \u2013 17:00 <\/span><\/li>\n<li data-list=\"bullet\"><span class=\"ql-ui\"><\/span><strong>Sonntag, 13. September: <\/strong><span>13:00 \u2013 17:00 <\/span><\/li>\n<\/ol>\n<p><strong>Hintergrundinformationen<\/strong><\/p>\n<ol>\n<li data-list=\"bullet\"><span class=\"ql-ui\"><\/span><strong>Denkmaltyp:<\/strong><span> \u00d6ffentliches Geb\u00e4ude<\/span><\/li>\n<li data-list=\"bullet\"><span class=\"ql-ui\"><\/span><strong>Urspr\u00fcngliche Funktion:<\/strong><span> Gesch\u00e4ft<\/span><\/li>\n<li data-list=\"bullet\"><span class=\"ql-ui\"><\/span><strong>Bauzeit: <\/strong><span>Ende der 1990er Jahre<\/span><\/li>\n<li data-list=\"bullet\"><span class=\"ql-ui\"><\/span><strong>Aktuelle Position: <\/strong><span>Kirche<\/span><\/li>\n<li data-list=\"bullet\"><span class=\"ql-ui\"><\/span><strong>Denkmalstatus:<\/strong><span> St\u00e4dtisches Denkmal<\/span><\/li>\n<\/ol>","protected":false},"excerpt":{"rendered":"<p>Entdecken Sie die Kunsthal 45 an den Tagen des offenen Denkmals.<\/p>","protected":false},"featured_media":0,"template":"","meta":{"patterndates-bp":null,"singledates-bp":[{"date-timestamp-repeaters":1789171200},{"date-timestamp-repeaters":1789257600}],"footnotes":""},"categories":[6370,6367],"tags":[6364,6523],"doelgroep":[],"class_list":["post-24504","evenement","type-evenement","status-publish","hentry","category-evenement","category-open-dag","tag-den-helder","tag-omd","marker-toonopdenhelder","marker-toonopvisitkopvanholland"],"yoast_head":"<!-- This site is optimized with the Yoast SEO Premium plugin v24.7 (Yoast SEO v28.4) - https:\/\/yoast.com\/product\/yoast-seo-premium-wordpress\/ -->\n<title>Kunsthal 45 | Open Monumentendagen - Den Helder Online<\/title>\n<meta name=\"robots\" content=\"index, follow, max-snippet:-1, max-image-preview:large, max-video-preview:-1\" \/>\n<link rel=\"canonical\" href=\"https:\/\/denhelder.online\/de\/ereignis\/kunstgalerie-45-tage-geoffnet\/\" \/>\n<meta property=\"og:locale\" content=\"de_DE\" \/>\n<meta property=\"og:type\" content=\"article\" \/>\n<meta property=\"og:title\" content=\"Kunsthal 45 | Open Monumentendagen\" \/>\n<meta property=\"og:description\" content=\"Ontdek Kunsthal 45 tijdens Open Monumentendagen\" \/>\n<meta property=\"og:url\" content=\"https:\/\/denhelder.online\/de\/ereignis\/kunstgalerie-45-tage-geoffnet\/\" \/>\n<meta property=\"og:site_name\" content=\"Den Helder Online\" \/>\n<meta property=\"article:modified_time\" content=\"2026-08-21T11:14:39+00:00\" \/>\n<meta name=\"twitter:card\" content=\"summary_large_image\" \/>\n<meta name=\"twitter:label1\" content=\"Gesch\u00e4tzte Lesezeit\" \/>\n\t<meta name=\"twitter:data1\" content=\"1\u00a0Minute\" \/>\n<script type=\"application\/ld+json\" class=\"yoast-schema-graph\">{\"@context\":\"https:\\\/\\\/schema.org\",\"@graph\":[{\"@type\":\"WebPage\",\"@id\":\"https:\\\/\\\/denhelder.online\\\/evenement\\\/kunsthal-45-open-monumentendagen\\\/\",\"url\":\"https:\\\/\\\/denhelder.online\\\/evenement\\\/kunsthal-45-open-monumentendagen\\\/\",\"name\":\"Kunsthal 45 | Open Monumentendagen - Den Helder Online\",\"isPartOf\":{\"@id\":\"https:\\\/\\\/denhelder.online\\\/#website\"},\"datePublished\":\"2026-06-05T22:07:46+00:00\",\"dateModified\":\"2026-08-21T11:14:39+00:00\",\"breadcrumb\":{\"@id\":\"https:\\\/\\\/denhelder.online\\\/evenement\\\/kunsthal-45-open-monumentendagen\\\/#breadcrumb\"},\"inLanguage\":\"de\",\"potentialAction\":[{\"@type\":\"ReadAction\",\"target\":[\"https:\\\/\\\/denhelder.online\\\/evenement\\\/kunsthal-45-open-monumentendagen\\\/\"]}]},{\"@type\":\"BreadcrumbList\",\"@id\":\"https:\\\/\\\/denhelder.online\\\/evenement\\\/kunsthal-45-open-monumentendagen\\\/#breadcrumb\",\"itemListElement\":[{\"@type\":\"ListItem\",\"position\":1,\"name\":\"Home\",\"item\":\"https:\\\/\\\/denhelder.online\\\/\"},{\"@type\":\"ListItem\",\"position\":2,\"name\":\"Evenementen\",\"item\":\"https:\\\/\\\/denhelder.online\\\/en\\\/event-2\\\/\"},{\"@type\":\"ListItem\",\"position\":3,\"name\":\"Kunsthal 45 | Open Monumentendagen\"}]},{\"@type\":\"WebSite\",\"@id\":\"https:\\\/\\\/denhelder.online\\\/#website\",\"url\":\"https:\\\/\\\/denhelder.online\\\/\",\"name\":\"Den Helder Online\",\"description\":\"Beleef Den Helder\",\"publisher\":{\"@id\":\"https:\\\/\\\/denhelder.online\\\/#organization\"},\"potentialAction\":[{\"@type\":\"SearchAction\",\"target\":{\"@type\":\"EntryPoint\",\"urlTemplate\":\"https:\\\/\\\/denhelder.online\\\/?s={search_term_string}\"},\"query-input\":{\"@type\":\"PropertyValueSpecification\",\"valueRequired\":true,\"valueName\":\"search_term_string\"}}],\"inLanguage\":\"de\"},{\"@type\":\"Organization\",\"@id\":\"https:\\\/\\\/denhelder.online\\\/#organization\",\"name\":\"Den Helder Online\",\"url\":\"https:\\\/\\\/denhelder.online\\\/\",\"logo\":{\"@type\":\"ImageObject\",\"inLanguage\":\"de\",\"@id\":\"https:\\\/\\\/denhelder.online\\\/#\\\/schema\\\/logo\\\/image\\\/\",\"url\":\"https:\\\/\\\/denhelder.online\\\/wp-content\\\/uploads\\\/2021\\\/12\\\/DitIsDH-Logo-26-tagline.svg\",\"contentUrl\":\"https:\\\/\\\/denhelder.online\\\/wp-content\\\/uploads\\\/2021\\\/12\\\/DitIsDH-Logo-26-tagline.svg\",\"width\":1717.1,\"height\":934.9,\"caption\":\"Den Helder Online\"},\"image\":{\"@id\":\"https:\\\/\\\/denhelder.online\\\/#\\\/schema\\\/logo\\\/image\\\/\"}}]}<\/script>\n<!-- \/ Yoast SEO Premium plugin. -->","yoast_head_json":{"title":"Kunsthal 45 | Tage der offenen T\u00fcr \u2013 Den Helder Online","robots":{"index":"index","follow":"follow","max-snippet":"max-snippet:-1","max-image-preview":"max-image-preview:large","max-video-preview":"max-video-preview:-1"},"canonical":"https:\/\/denhelder.online\/de\/ereignis\/kunstgalerie-45-tage-geoffnet\/","og_locale":"de_DE","og_type":"article","og_title":"Kunsthal 45 | Open Monumentendagen","og_description":"Ontdek Kunsthal 45 tijdens Open Monumentendagen","og_url":"https:\/\/denhelder.online\/de\/ereignis\/kunstgalerie-45-tage-geoffnet\/","og_site_name":"Den Helder Online","article_modified_time":"2026-08-21T11:14:39+00:00","twitter_card":"summary_large_image","twitter_misc":{"Gesch\u00e4tzte Lesezeit":"1\u00a0Minute"},"schema":{"@context":"https:\/\/schema.org","@graph":[{"@type":"WebPage","@id":"https:\/\/denhelder.online\/evenement\/kunsthal-45-open-monumentendagen\/","url":"https:\/\/denhelder.online\/evenement\/kunsthal-45-open-monumentendagen\/","name":"Kunsthal 45 | Tage der offenen T\u00fcr \u2013 Den Helder Online","isPartOf":{"@id":"https:\/\/denhelder.online\/#website"},"datePublished":"2026-06-05T22:07:46+00:00","dateModified":"2026-08-21T11:14:39+00:00","breadcrumb":{"@id":"https:\/\/denhelder.online\/evenement\/kunsthal-45-open-monumentendagen\/#breadcrumb"},"inLanguage":"de","potentialAction":[{"@type":"ReadAction","target":["https:\/\/denhelder.online\/evenement\/kunsthal-45-open-monumentendagen\/"]}]},{"@type":"BreadcrumbList","@id":"https:\/\/denhelder.online\/evenement\/kunsthal-45-open-monumentendagen\/#breadcrumb","itemListElement":[{"@type":"ListItem","position":1,"name":"Home","item":"https:\/\/denhelder.online\/"},{"@type":"ListItem","position":2,"name":"Evenementen","item":"https:\/\/denhelder.online\/en\/event-2\/"},{"@type":"ListItem","position":3,"name":"Kunsthal 45 | Open Monumentendagen"}]},{"@type":"WebSite","@id":"https:\/\/denhelder.online\/#website","url":"https:\/\/denhelder.online\/","name":"Den Helder Online","description":"Erleben Sie Den Helder","publisher":{"@id":"https:\/\/denhelder.online\/#organization"},"potentialAction":[{"@type":"SearchAction","target":{"@type":"EntryPoint","urlTemplate":"https:\/\/denhelder.online\/?s={search_term_string}"},"query-input":{"@type":"PropertyValueSpecification","valueRequired":true,"valueName":"search_term_string"}}],"inLanguage":"de"},{"@type":"Organization","@id":"https:\/\/denhelder.online\/#organization","name":"Den Helder Online","url":"https:\/\/denhelder.online\/","logo":{"@type":"ImageObject","inLanguage":"de","@id":"https:\/\/denhelder.online\/#\/schema\/logo\/image\/","url":"https:\/\/denhelder.online\/wp-content\/uploads\/2021\/12\/DitIsDH-Logo-26-tagline.svg","contentUrl":"https:\/\/denhelder.online\/wp-content\/uploads\/2021\/12\/DitIsDH-Logo-26-tagline.svg","width":1717.1,"height":934.9,"caption":"Den Helder Online"},"image":{"@id":"https:\/\/denhelder.online\/#\/schema\/logo\/image\/"}}]}},"_links":{"self":[{"href":"https:\/\/denhelder.online\/de\/wp-json\/wp\/v2\/events\/24504","targetHints":{"allow":["GET"]}}],"collection":[{"href":"https:\/\/denhelder.online\/de\/wp-json\/wp\/v2\/events"}],"about":[{"href":"https:\/\/denhelder.online\/de\/wp-json\/wp\/v2\/types\/evenement"}],"version-history":[{"count":2,"href":"https:\/\/denhelder.online\/de\/wp-json\/wp\/v2\/events\/24504\/revisions"}],"predecessor-version":[{"id":25770,"href":"https:\/\/denhelder.online\/de\/wp-json\/wp\/v2\/events\/24504\/revisions\/25770"}],"wp:attachment":[{"href":"https:\/\/denhelder.online\/de\/wp-json\/wp\/v2\/media?parent=24504"}],"wp:term":[{"taxonomy":"category","embeddable":true,"href":"https:\/\/denhelder.online\/de\/wp-json\/wp\/v2\/categories?post=24504"},{"taxonomy":"post_tag","embeddable":true,"href":"https:\/\/denhelder.online\/de\/wp-json\/wp\/v2\/tags?post=24504"},{"taxonomy":"doelgroep","embeddable":true,"href":"https:\/\/denhelder.online\/de\/wp-json\/wp\/v2\/doelgroep?post=24504"}],"curies":[{"name":"wp","href":"https:\/\/api.w.org\/{rel}","templated":true}]}}

<p><strong>Kunst an einem unerwarteten Ort</strong></p>
<p><span>Am Rande des Den Helder-Zentrums, in einem Gebiet, in dem die Stadterneuerung noch nicht begonnen hat, befindet sich die Kunsthal 45. Ein überraschender Ort für alle, die Kunst lieben, die anregt und überrascht.</span></p>
<p><strong>Modern, eigensinnig und immer in Bewegung</strong></p>
<p><span>Die Kunsthal 45 präsentiert fünfmal jährlich Ausstellungen zeitgenössischer Künstler – sowohl etablierter Namen als auch neuer Talente. Jede Ausstellung ist einzigartig und mit Blick auf Qualität und Aktualität kuratiert. Hier erleben Sie Kunst, die zum Nachdenken anregt, in einer zugleich authentischen und inspirierenden Atmosphäre.</span></p>
<p><strong>Mehr als nur hinschauen</strong></p>
<p><span>Rund um jede Ausstellung werden zusätzliche Aktivitäten organisiert. Dazu gehören Vorträge, Workshops oder Künstlergespräche. So entsteht Raum für Begegnung, vertiefende Auseinandersetzung und Überraschungen – sowohl für Einheimische als auch für Besucher von außerhalb der Stadt.</span></p>
<p><strong>Praktisch</strong></p>
<p><span>Die aktuellen Öffnungszeiten und das Programm werden in Kürze bekannt gegeben. Weitere Informationen finden Sie auf unseren Kanälen.</span></p>
<p><strong>Öffnungszeiten</strong></p>
<ol>
<li data-list="bullet"><span class="ql-ui"></span><strong>Samstag, 12. September: </strong><span>13:00 – 17:00 </span></li>
<li data-list="bullet"><span class="ql-ui"></span><strong>Sonntag, 13. September: </strong><span>13:00 – 17:00 </span></li>
</ol>
<p><strong>Hintergrundinformationen</strong></p>
<ol>
<li data-list="bullet"><span class="ql-ui"></span><strong>Denkmaltyp:</strong><span> Öffentliches Gebäude</span></li>
<li data-list="bullet"><span class="ql-ui"></span><strong>Ursprüngliche Funktion:</strong><span> Geschäft</span></li>
<li data-list="bullet"><span class="ql-ui"></span><strong>Bauzeit: </strong><span>Ende der 1990er Jahre</span></li>
<li data-list="bullet"><span class="ql-ui"></span><strong>Aktuelle Position: </strong><span>Kirche</span></li>
<li data-list="bullet"><span class="ql-ui"></span><strong>Denkmalstatus:</strong><span> Städtisches Denkmal</span></li>
</ol>

<!-- This site is optimized with the Yoast SEO Premium plugin v24.7 (Yoast SEO v28.4) - https://yoast.com/product/yoast-seo-premium-wordpress/ -->
<title>Kunsthal 45 | Open Monumentendagen - Den Helder Online</title>
<meta name="robots" content="index, follow, max-snippet:-1, max-image-preview:large, max-video-preview:-1" />
<link rel="canonical" href="https://denhelder.online/de/ereignis/kunstgalerie-45-tage-geoffnet/" />
<meta property="og:locale" content="de_DE" />
<meta property="og:type" content="article" />
<meta property="og:title" content="Kunsthal 45 | Open Monumentendagen" />
<meta property="og:description" content="Ontdek Kunsthal 45 tijdens Open Monumentendagen" />
<meta property="og:url" content="https://denhelder.online/de/ereignis/kunstgalerie-45-tage-geoffnet/" />
<meta property="og:site_name" content="Den Helder Online" />
<meta property="article:modified_time" content="2026-08-21T11:14:39+00:00" />
<meta name="twitter:card" content="summary_large_image" />
<meta name="twitter:label1" content="Geschätzte Lesezeit" />
	<meta name="twitter:data1" content="1 Minute" />
<script type="application/ld+json" class="yoast-schema-graph">{"@context":"https:\/\/schema.org","@graph":[{"@type":"WebPage","@id":"https:\/\/denhelder.online\/evenement\/kunsthal-45-open-monumentendagen\/","url":"https:\/\/denhelder.online\/evenement\/kunsthal-45-open-monumentendagen\/","name":"Kunsthal 45 | Open Monumentendagen - Den Helder Online","isPartOf":{"@id":"https:\/\/denhelder.online\/#website"},"datePublished":"2026-06-05T22:07:46+00:00","dateModified":"2026-08-21T11:14:39+00:00","breadcrumb":{"@id":"https:\/\/denhelder.online\/evenement\/kunsthal-45-open-monumentendagen\/#breadcrumb"},"inLanguage":"de","potentialAction":[{"@type":"ReadAction","target":["https:\/\/denhelder.online\/evenement\/kunsthal-45-open-monumentendagen\/"]}]},{"@type":"BreadcrumbList","@id":"https:\/\/denhelder.online\/evenement\/kunsthal-45-open-monumentendagen\/#breadcrumb","itemListElement":[{"@type":"ListItem","position":1,"name":"Home","item":"https:\/\/denhelder.online\/"},{"@type":"ListItem","position":2,"name":"Evenementen","item":"https:\/\/denhelder.online\/en\/event-2\/"},{"@type":"ListItem","position":3,"name":"Kunsthal 45 | Open Monumentendagen"}]},{"@type":"WebSite","@id":"https:\/\/denhelder.online\/#website","url":"https:\/\/denhelder.online\/","name":"Den Helder Online","description":"Beleef Den Helder","publisher":{"@id":"https:\/\/denhelder.online\/#organization"},"potentialAction":[{"@type":"SearchAction","target":{"@type":"EntryPoint","urlTemplate":"https:\/\/denhelder.online\/?s={search_term_string}"},"query-input":{"@type":"PropertyValueSpecification","valueRequired":true,"valueName":"search_term_string"}}],"inLanguage":"de"},{"@type":"Organization","@id":"https:\/\/denhelder.online\/#organization","name":"Den Helder Online","url":"https:\/\/denhelder.online\/","logo":{"@type":"ImageObject","inLanguage":"de","@id":"https:\/\/denhelder.online\/#\/schema\/logo\/image\/","url":"https:\/\/denhelder.online\/wp-content\/uploads\/2021\/12\/DitIsDH-Logo-26-tagline.svg","contentUrl":"https:\/\/denhelder.online\/wp-content\/uploads\/2021\/12\/DitIsDH-Logo-26-tagline.svg","width":1717.1,"height":934.9,"caption":"Den Helder Online"},"image":{"@id":"https:\/\/denhelder.online\/#\/schema\/logo\/image\/"}}]}</script>
<!-- / Yoast SEO Premium plugin. -->

Kunsthal 45 | Tage der offenen Tür – Den Helder Online
