{"id":24527,"date":"2026-06-08T12:10:16","date_gmt":"2026-06-08T10:10:16","guid":{"rendered":"https:\/\/denhelder.online\/evenement\/kunst-en-natuurproject-de-nollen-open-monumentendagen\/"},"modified":"2026-09-01T23:02:46","modified_gmt":"2026-09-01T21:02:46","slug":"kunst-und-naturprojekt-de-nollen-tage-des-offenen-denkmals","status":"publish","type":"evenement","link":"https:\/\/denhelder.online\/de\/evenement\/kunst-en-natuurproject-de-nollen-open-monumentendagen\/","title":{"rendered":"Kunst- und Naturprojekt De Nollen | Tage des offenen Denkmals"},"content":{"rendered":"<p><strong>Eine Landschaft der Fantasie und Stille<\/strong><\/p>\n<p><span>Nur einen Steinwurf vom Bahnhof Den Helder Zuid entfernt liegt De Nollen \u2013 eine Kunstlandschaft, die alle Sinne anspricht. Hier wirkte der K\u00fcnstler Ruud van de Wint (1942\u20132006) 25 Jahre lang an seinem Lebenswerk.<\/span><\/p>\n<p><strong>Von den Museumshallen bis zum D\u00fcnengebiet<\/strong><\/p>\n<p><span>Nach einer erfolgreichen Karriere in europ\u00e4ischen Museen zog sich Van de Wint 1980 in das vernachl\u00e4ssigte D\u00fcnengebiet De Nollen im Landesinneren zur\u00fcck. Hier fand er die Freiheit, im Einklang mit der Landschaft zu malen, zu bauen und Bildhauerei zu betreiben.<\/span><\/p>\n<p><strong>Bekannt f\u00fcr seine nationale Arbeit, die auf Den Helder basiert<\/strong><\/p>\n<p><span>Van de Wint schuf unter anderem die Deckengem\u00e4lde im Schloss Noordeinde und im Rathaus von Groningen und arbeitete an Kunstprojekten im Abgeordnetenhaus. Dennoch w\u00e4hlte er diesen Ort bewusst, da er dort Raum f\u00fcr seine Ideen zu Licht, Farbe, Raum und Zeit fand.<\/span><\/p>\n<p><strong>Erleben Sie das Ganze: Kunst und Natur als eine Einheit<\/strong><\/p>\n<p><span>De Nollen ist kein gew\u00f6hnliches Museum, sondern ein Gesamterlebnis. Ein Spaziergang durch dieses Areal ist eine Reise durch Farben, Formen und Fantasie. Alles ist miteinander verbunden: die Objekte, die Landschaft und Ihre eigenen Eindr\u00fccke.<\/span><\/p>\n<p><strong>Praktische Information: Nur F\u00fchrung<\/strong><\/p>\n<p><span>De Nollen kann im Rahmen einer F\u00fchrung um 11:00, 13:00 oder 15:00 Uhr besichtigt werden. Eine vorherige Anmeldung ist erforderlich. Bitte seien Sie p\u00fcnktlich und nehmen Sie sich ausreichend Zeit zum Schauen, Zuh\u00f6ren und Genie\u00dfen.<\/span><\/p>\n<p><strong>\u00d6ffnungszeiten<\/strong><\/p>\n<ol>\n<li data-list=\"bullet\"><span class=\"ql-ui\"><\/span><strong>Samstag, 12. September: <\/strong><span>12:00 \u2013 17:00<\/span><\/li>\n<li data-list=\"bullet\"><span class=\"ql-ui\"><\/span><strong>Sonntag, 13. September: <\/strong><span>12:00 \u2013 17:00 <\/span><\/li>\n<\/ol>\n<p><strong>Hintergrundinformationen<\/strong><\/p>\n<ol>\n<li data-list=\"bullet\"><span class=\"ql-ui\"><\/span><strong>Denkmaltyp: <\/strong><span>Museum<\/span><\/li>\n<li data-list=\"bullet\"><span class=\"ql-ui\"><\/span><strong>Urspr\u00fcngliche Funktion: <\/strong><span>Binnend\u00fcnengebiet<\/span><\/li>\n<li data-list=\"bullet\"><span class=\"ql-ui\"><\/span><strong>Architekt:<\/strong><span> Reindert Wepko (Ruud) van de Wint<\/span><\/li>\n<li data-list=\"bullet\"><span class=\"ql-ui\"><\/span><strong>Bauzeit:<\/strong><span> Entstanden nach der letzten Eiszeit<\/span><\/li>\n<li data-list=\"bullet\"><span class=\"ql-ui\"><\/span><strong>Aktuelle Position:<\/strong><span> Kunstprojekt und Naturprojekt<\/span><\/li>\n<\/ol>\n<p><\/p>\n<p><strong>Eine F\u00fchrung \u00fcber das Gel\u00e4nde ist erforderlich \u2013 eine vorherige Reservierung ist notwendig. F\u00fchrungen finden um 11:00, 13:00 und 15:00 Uhr statt.<\/strong><\/p>","protected":false},"excerpt":{"rendered":"<p>Entdecken Sie das Kunst- und Naturprojekt De Nollen w\u00e4hrend der Tage des offenen Denkmals<\/p>","protected":false},"featured_media":0,"template":"","meta":{"patterndates-bp":null,"singledates-bp":[{"date-timestamp-repeaters":1789171200},{"date-timestamp-repeaters":1789257600}],"footnotes":""},"categories":[6370,6367],"tags":[6364,6523],"doelgroep":[],"class_list":["post-24527","evenement","type-evenement","status-publish","hentry","category-evenement","category-open-dag","tag-den-helder","tag-omd","marker-toonopdenhelder","marker-toonopvisitkopvanholland"],"yoast_head":"<!-- This site is optimized with the Yoast SEO Premium plugin v24.7 (Yoast SEO v28.4) - https:\/\/yoast.com\/product\/yoast-seo-premium-wordpress\/ -->\n<title>Kunst-en Natuurproject De Nollen | Open Monumentendagen - Den Helder Online<\/title>\n<meta name=\"robots\" content=\"index, follow, max-snippet:-1, max-image-preview:large, max-video-preview:-1\" \/>\n<link rel=\"canonical\" href=\"https:\/\/denhelder.online\/de\/ereignis\/kunst-und-naturprojekt-de-nollen-tage-des-offenen-denkmals\/\" \/>\n<meta property=\"og:locale\" content=\"de_DE\" \/>\n<meta property=\"og:type\" content=\"article\" \/>\n<meta property=\"og:title\" content=\"Kunst-en Natuurproject De Nollen | Open Monumentendagen\" \/>\n<meta property=\"og:description\" content=\"Ontdek Kunst- en Natuurproject De Nollen tijdens Open Monumentendagen\" \/>\n<meta property=\"og:url\" content=\"https:\/\/denhelder.online\/de\/ereignis\/kunst-und-naturprojekt-de-nollen-tage-des-offenen-denkmals\/\" \/>\n<meta property=\"og:site_name\" content=\"Den Helder Online\" \/>\n<meta property=\"article:modified_time\" content=\"2026-09-01T21:02:46+00:00\" \/>\n<meta name=\"twitter:card\" content=\"summary_large_image\" \/>\n<meta name=\"twitter:label1\" content=\"Gesch\u00e4tzte Lesezeit\" \/>\n\t<meta name=\"twitter:data1\" content=\"1\u00a0Minute\" \/>\n<script type=\"application\/ld+json\" class=\"yoast-schema-graph\">{\"@context\":\"https:\\\/\\\/schema.org\",\"@graph\":[{\"@type\":\"WebPage\",\"@id\":\"https:\\\/\\\/denhelder.online\\\/evenement\\\/kunst-en-natuurproject-de-nollen-open-monumentendagen\\\/\",\"url\":\"https:\\\/\\\/denhelder.online\\\/evenement\\\/kunst-en-natuurproject-de-nollen-open-monumentendagen\\\/\",\"name\":\"Kunst-en Natuurproject De Nollen | Open Monumentendagen - Den Helder Online\",\"isPartOf\":{\"@id\":\"https:\\\/\\\/denhelder.online\\\/#website\"},\"datePublished\":\"2026-06-08T10:10:16+00:00\",\"dateModified\":\"2026-09-01T21:02:46+00:00\",\"breadcrumb\":{\"@id\":\"https:\\\/\\\/denhelder.online\\\/evenement\\\/kunst-en-natuurproject-de-nollen-open-monumentendagen\\\/#breadcrumb\"},\"inLanguage\":\"de\",\"potentialAction\":[{\"@type\":\"ReadAction\",\"target\":[\"https:\\\/\\\/denhelder.online\\\/evenement\\\/kunst-en-natuurproject-de-nollen-open-monumentendagen\\\/\"]}]},{\"@type\":\"BreadcrumbList\",\"@id\":\"https:\\\/\\\/denhelder.online\\\/evenement\\\/kunst-en-natuurproject-de-nollen-open-monumentendagen\\\/#breadcrumb\",\"itemListElement\":[{\"@type\":\"ListItem\",\"position\":1,\"name\":\"Home\",\"item\":\"https:\\\/\\\/denhelder.online\\\/\"},{\"@type\":\"ListItem\",\"position\":2,\"name\":\"Evenementen\",\"item\":\"https:\\\/\\\/denhelder.online\\\/en\\\/event-2\\\/\"},{\"@type\":\"ListItem\",\"position\":3,\"name\":\"Kunst-en Natuurproject De Nollen | Open Monumentendagen\"}]},{\"@type\":\"WebSite\",\"@id\":\"https:\\\/\\\/denhelder.online\\\/#website\",\"url\":\"https:\\\/\\\/denhelder.online\\\/\",\"name\":\"Den Helder Online\",\"description\":\"Beleef Den Helder\",\"publisher\":{\"@id\":\"https:\\\/\\\/denhelder.online\\\/#organization\"},\"potentialAction\":[{\"@type\":\"SearchAction\",\"target\":{\"@type\":\"EntryPoint\",\"urlTemplate\":\"https:\\\/\\\/denhelder.online\\\/?s={search_term_string}\"},\"query-input\":{\"@type\":\"PropertyValueSpecification\",\"valueRequired\":true,\"valueName\":\"search_term_string\"}}],\"inLanguage\":\"de\"},{\"@type\":\"Organization\",\"@id\":\"https:\\\/\\\/denhelder.online\\\/#organization\",\"name\":\"Den Helder Online\",\"url\":\"https:\\\/\\\/denhelder.online\\\/\",\"logo\":{\"@type\":\"ImageObject\",\"inLanguage\":\"de\",\"@id\":\"https:\\\/\\\/denhelder.online\\\/#\\\/schema\\\/logo\\\/image\\\/\",\"url\":\"https:\\\/\\\/denhelder.online\\\/wp-content\\\/uploads\\\/2021\\\/12\\\/DitIsDH-Logo-26-tagline.svg\",\"contentUrl\":\"https:\\\/\\\/denhelder.online\\\/wp-content\\\/uploads\\\/2021\\\/12\\\/DitIsDH-Logo-26-tagline.svg\",\"width\":1717.1,\"height\":934.9,\"caption\":\"Den Helder Online\"},\"image\":{\"@id\":\"https:\\\/\\\/denhelder.online\\\/#\\\/schema\\\/logo\\\/image\\\/\"}}]}<\/script>\n<!-- \/ Yoast SEO Premium plugin. -->","yoast_head_json":{"title":"Kunst- und Naturprojekt De Nollen | Tage des offenen Denkmals - Den Helder Online","robots":{"index":"index","follow":"follow","max-snippet":"max-snippet:-1","max-image-preview":"max-image-preview:large","max-video-preview":"max-video-preview:-1"},"canonical":"https:\/\/denhelder.online\/de\/ereignis\/kunst-und-naturprojekt-de-nollen-tage-des-offenen-denkmals\/","og_locale":"de_DE","og_type":"article","og_title":"Kunst-en Natuurproject De Nollen | Open Monumentendagen","og_description":"Ontdek Kunst- en Natuurproject De Nollen tijdens Open Monumentendagen","og_url":"https:\/\/denhelder.online\/de\/ereignis\/kunst-und-naturprojekt-de-nollen-tage-des-offenen-denkmals\/","og_site_name":"Den Helder Online","article_modified_time":"2026-09-01T21:02:46+00:00","twitter_card":"summary_large_image","twitter_misc":{"Gesch\u00e4tzte Lesezeit":"1\u00a0Minute"},"schema":{"@context":"https:\/\/schema.org","@graph":[{"@type":"WebPage","@id":"https:\/\/denhelder.online\/evenement\/kunst-en-natuurproject-de-nollen-open-monumentendagen\/","url":"https:\/\/denhelder.online\/evenement\/kunst-en-natuurproject-de-nollen-open-monumentendagen\/","name":"Kunst- und Naturprojekt De Nollen | Tage des offenen Denkmals - Den Helder Online","isPartOf":{"@id":"https:\/\/denhelder.online\/#website"},"datePublished":"2026-06-08T10:10:16+00:00","dateModified":"2026-09-01T21:02:46+00:00","breadcrumb":{"@id":"https:\/\/denhelder.online\/evenement\/kunst-en-natuurproject-de-nollen-open-monumentendagen\/#breadcrumb"},"inLanguage":"de","potentialAction":[{"@type":"ReadAction","target":["https:\/\/denhelder.online\/evenement\/kunst-en-natuurproject-de-nollen-open-monumentendagen\/"]}]},{"@type":"BreadcrumbList","@id":"https:\/\/denhelder.online\/evenement\/kunst-en-natuurproject-de-nollen-open-monumentendagen\/#breadcrumb","itemListElement":[{"@type":"ListItem","position":1,"name":"Home","item":"https:\/\/denhelder.online\/"},{"@type":"ListItem","position":2,"name":"Evenementen","item":"https:\/\/denhelder.online\/en\/event-2\/"},{"@type":"ListItem","position":3,"name":"Kunst-en Natuurproject De Nollen | Open Monumentendagen"}]},{"@type":"WebSite","@id":"https:\/\/denhelder.online\/#website","url":"https:\/\/denhelder.online\/","name":"Den Helder Online","description":"Erleben Sie Den Helder","publisher":{"@id":"https:\/\/denhelder.online\/#organization"},"potentialAction":[{"@type":"SearchAction","target":{"@type":"EntryPoint","urlTemplate":"https:\/\/denhelder.online\/?s={search_term_string}"},"query-input":{"@type":"PropertyValueSpecification","valueRequired":true,"valueName":"search_term_string"}}],"inLanguage":"de"},{"@type":"Organization","@id":"https:\/\/denhelder.online\/#organization","name":"Den Helder Online","url":"https:\/\/denhelder.online\/","logo":{"@type":"ImageObject","inLanguage":"de","@id":"https:\/\/denhelder.online\/#\/schema\/logo\/image\/","url":"https:\/\/denhelder.online\/wp-content\/uploads\/2021\/12\/DitIsDH-Logo-26-tagline.svg","contentUrl":"https:\/\/denhelder.online\/wp-content\/uploads\/2021\/12\/DitIsDH-Logo-26-tagline.svg","width":1717.1,"height":934.9,"caption":"Den Helder Online"},"image":{"@id":"https:\/\/denhelder.online\/#\/schema\/logo\/image\/"}}]}},"_links":{"self":[{"href":"https:\/\/denhelder.online\/de\/wp-json\/wp\/v2\/events\/24527","targetHints":{"allow":["GET"]}}],"collection":[{"href":"https:\/\/denhelder.online\/de\/wp-json\/wp\/v2\/events"}],"about":[{"href":"https:\/\/denhelder.online\/de\/wp-json\/wp\/v2\/types\/evenement"}],"version-history":[{"count":2,"href":"https:\/\/denhelder.online\/de\/wp-json\/wp\/v2\/events\/24527\/revisions"}],"predecessor-version":[{"id":25934,"href":"https:\/\/denhelder.online\/de\/wp-json\/wp\/v2\/events\/24527\/revisions\/25934"}],"wp:attachment":[{"href":"https:\/\/denhelder.online\/de\/wp-json\/wp\/v2\/media?parent=24527"}],"wp:term":[{"taxonomy":"category","embeddable":true,"href":"https:\/\/denhelder.online\/de\/wp-json\/wp\/v2\/categories?post=24527"},{"taxonomy":"post_tag","embeddable":true,"href":"https:\/\/denhelder.online\/de\/wp-json\/wp\/v2\/tags?post=24527"},{"taxonomy":"doelgroep","embeddable":true,"href":"https:\/\/denhelder.online\/de\/wp-json\/wp\/v2\/doelgroep?post=24527"}],"curies":[{"name":"wp","href":"https:\/\/api.w.org\/{rel}","templated":true}]}}

<p><strong>Eine Landschaft der Fantasie und Stille</strong></p>
<p><span>Nur einen Steinwurf vom Bahnhof Den Helder Zuid entfernt liegt De Nollen – eine Kunstlandschaft, die alle Sinne anspricht. Hier wirkte der Künstler Ruud van de Wint (1942–2006) 25 Jahre lang an seinem Lebenswerk.</span></p>
<p><strong>Von den Museumshallen bis zum Dünengebiet</strong></p>
<p><span>Nach einer erfolgreichen Karriere in europäischen Museen zog sich Van de Wint 1980 in das vernachlässigte Dünengebiet De Nollen im Landesinneren zurück. Hier fand er die Freiheit, im Einklang mit der Landschaft zu malen, zu bauen und Bildhauerei zu betreiben.</span></p>
<p><strong>Bekannt für seine nationale Arbeit, die auf Den Helder basiert</strong></p>
<p><span>Van de Wint schuf unter anderem die Deckengemälde im Schloss Noordeinde und im Rathaus von Groningen und arbeitete an Kunstprojekten im Abgeordnetenhaus. Dennoch wählte er diesen Ort bewusst, da er dort Raum für seine Ideen zu Licht, Farbe, Raum und Zeit fand.</span></p>
<p><strong>Erleben Sie das Ganze: Kunst und Natur als eine Einheit</strong></p>
<p><span>De Nollen ist kein gewöhnliches Museum, sondern ein Gesamterlebnis. Ein Spaziergang durch dieses Areal ist eine Reise durch Farben, Formen und Fantasie. Alles ist miteinander verbunden: die Objekte, die Landschaft und Ihre eigenen Eindrücke.</span></p>
<p><strong>Praktische Information: Nur Führung</strong></p>
<p><span>De Nollen kann im Rahmen einer Führung um 11:00, 13:00 oder 15:00 Uhr besichtigt werden. Eine vorherige Anmeldung ist erforderlich. Bitte seien Sie pünktlich und nehmen Sie sich ausreichend Zeit zum Schauen, Zuhören und Genießen.</span></p>
<p><strong>Öffnungszeiten</strong></p>
<ol>
<li data-list="bullet"><span class="ql-ui"></span><strong>Samstag, 12. September: </strong><span>12:00 – 17:00</span></li>
<li data-list="bullet"><span class="ql-ui"></span><strong>Sonntag, 13. September: </strong><span>12:00 – 17:00 </span></li>
</ol>
<p><strong>Hintergrundinformationen</strong></p>
<ol>
<li data-list="bullet"><span class="ql-ui"></span><strong>Denkmaltyp: </strong><span>Museum</span></li>
<li data-list="bullet"><span class="ql-ui"></span><strong>Ursprüngliche Funktion: </strong><span>Binnendünengebiet</span></li>
<li data-list="bullet"><span class="ql-ui"></span><strong>Architekt:</strong><span> Reindert Wepko (Ruud) van de Wint</span></li>
<li data-list="bullet"><span class="ql-ui"></span><strong>Bauzeit:</strong><span> Entstanden nach der letzten Eiszeit</span></li>
<li data-list="bullet"><span class="ql-ui"></span><strong>Aktuelle Position:</strong><span> Kunstprojekt und Naturprojekt</span></li>
</ol>
<p></p>
<p><strong>Eine Führung über das Gelände ist erforderlich – eine vorherige Reservierung ist notwendig. Führungen finden um 11:00, 13:00 und 15:00 Uhr statt.</strong></p>

<p>Entdecken Sie das Kunst- und Naturprojekt De Nollen während der Tage des offenen Denkmals</p>

<!-- This site is optimized with the Yoast SEO Premium plugin v24.7 (Yoast SEO v28.4) - https://yoast.com/product/yoast-seo-premium-wordpress/ -->
<title>Kunst-en Natuurproject De Nollen | Open Monumentendagen - Den Helder Online</title>
<meta name="robots" content="index, follow, max-snippet:-1, max-image-preview:large, max-video-preview:-1" />
<link rel="canonical" href="https://denhelder.online/de/ereignis/kunst-und-naturprojekt-de-nollen-tage-des-offenen-denkmals/" />
<meta property="og:locale" content="de_DE" />
<meta property="og:type" content="article" />
<meta property="og:title" content="Kunst-en Natuurproject De Nollen | Open Monumentendagen" />
<meta property="og:description" content="Ontdek Kunst- en Natuurproject De Nollen tijdens Open Monumentendagen" />
<meta property="og:url" content="https://denhelder.online/de/ereignis/kunst-und-naturprojekt-de-nollen-tage-des-offenen-denkmals/" />
<meta property="og:site_name" content="Den Helder Online" />
<meta property="article:modified_time" content="2026-09-01T21:02:46+00:00" />
<meta name="twitter:card" content="summary_large_image" />
<meta name="twitter:label1" content="Geschätzte Lesezeit" />
	<meta name="twitter:data1" content="1 Minute" />
<script type="application/ld+json" class="yoast-schema-graph">{"@context":"https:\/\/schema.org","@graph":[{"@type":"WebPage","@id":"https:\/\/denhelder.online\/evenement\/kunst-en-natuurproject-de-nollen-open-monumentendagen\/","url":"https:\/\/denhelder.online\/evenement\/kunst-en-natuurproject-de-nollen-open-monumentendagen\/","name":"Kunst-en Natuurproject De Nollen | Open Monumentendagen - Den Helder Online","isPartOf":{"@id":"https:\/\/denhelder.online\/#website"},"datePublished":"2026-06-08T10:10:16+00:00","dateModified":"2026-09-01T21:02:46+00:00","breadcrumb":{"@id":"https:\/\/denhelder.online\/evenement\/kunst-en-natuurproject-de-nollen-open-monumentendagen\/#breadcrumb"},"inLanguage":"de","potentialAction":[{"@type":"ReadAction","target":["https:\/\/denhelder.online\/evenement\/kunst-en-natuurproject-de-nollen-open-monumentendagen\/"]}]},{"@type":"BreadcrumbList","@id":"https:\/\/denhelder.online\/evenement\/kunst-en-natuurproject-de-nollen-open-monumentendagen\/#breadcrumb","itemListElement":[{"@type":"ListItem","position":1,"name":"Home","item":"https:\/\/denhelder.online\/"},{"@type":"ListItem","position":2,"name":"Evenementen","item":"https:\/\/denhelder.online\/en\/event-2\/"},{"@type":"ListItem","position":3,"name":"Kunst-en Natuurproject De Nollen | Open Monumentendagen"}]},{"@type":"WebSite","@id":"https:\/\/denhelder.online\/#website","url":"https:\/\/denhelder.online\/","name":"Den Helder Online","description":"Beleef Den Helder","publisher":{"@id":"https:\/\/denhelder.online\/#organization"},"potentialAction":[{"@type":"SearchAction","target":{"@type":"EntryPoint","urlTemplate":"https:\/\/denhelder.online\/?s={search_term_string}"},"query-input":{"@type":"PropertyValueSpecification","valueRequired":true,"valueName":"search_term_string"}}],"inLanguage":"de"},{"@type":"Organization","@id":"https:\/\/denhelder.online\/#organization","name":"Den Helder Online","url":"https:\/\/denhelder.online\/","logo":{"@type":"ImageObject","inLanguage":"de","@id":"https:\/\/denhelder.online\/#\/schema\/logo\/image\/","url":"https:\/\/denhelder.online\/wp-content\/uploads\/2021\/12\/DitIsDH-Logo-26-tagline.svg","contentUrl":"https:\/\/denhelder.online\/wp-content\/uploads\/2021\/12\/DitIsDH-Logo-26-tagline.svg","width":1717.1,"height":934.9,"caption":"Den Helder Online"},"image":{"@id":"https:\/\/denhelder.online\/#\/schema\/logo\/image\/"}}]}</script>
<!-- / Yoast SEO Premium plugin. -->
