{"id":24602,"date":"2026-06-16T23:09:17","date_gmt":"2026-06-16T21:09:17","guid":{"rendered":"https:\/\/denhelder.online\/evenement\/medemblikkerloods-open-monumentendagen\/"},"modified":"2026-08-21T15:10:08","modified_gmt":"2026-08-21T13:10:08","slug":"tage-des-offenen-denkmals-von-medemblikkerloods","status":"publish","type":"evenement","link":"https:\/\/denhelder.online\/de\/evenement\/medemblikkerloods-open-monumentendagen\/","title":{"rendered":"Medemblik Schuppen &#039;Helderse Botters&#039; | Tage des offenen Denkmals"},"content":{"rendered":"<p><strong style=\"background-color: rgb(255, 255, 255); color: rgb(0, 91, 129);\">Willemsoord Shipyard Foundation (Medemblikkerloods)<\/strong><\/p>\n<p><span style=\"background-color: rgb(255, 255, 255); color: rgb(51, 51, 51);\">Die Medemblikkerloods, urspr\u00fcnglich 1833 erbaut, dienten als Trockenplatz f\u00fcr Holz, das zuvor in den Mastenloods verarbeitet worden war. Erfahrene Zimmerleute aus Medemblik wurden f\u00fcr die k\u00f6nigliche Werft Willemsoord angeworben, und ihre Handwerkskunst verlieh der Halle ihren besonderen Charakter \u2013 daher der Name. In den 1980er Jahren war die urspr\u00fcngliche Holzhalle in einem so schlechten Zustand, dass sie 1983 abgerissen wurde.<\/span><\/p>\n<p><span style=\"background-color: rgb(255, 255, 255); color: rgb(51, 51, 51);\">Im Jahr 2003 wurde die Medemblikkerloods originalgetreu wiederaufgebaut. Seitdem spielt die Werft eine wichtige Rolle bei der Erhaltung und Instandhaltung von Bottern, Lastk\u00e4hnen, Schaluppen und Masten. All dies tr\u00e4gt zum Erhalt der Schiffe im Museumshafen Willemsoord bei.<\/span><\/p>\n<p><strong style=\"background-color: rgb(255, 255, 255); color: rgb(0, 91, 129);\">\u00d6ffnungszeiten<\/strong><\/p>\n<ol>\n<li data-list=\"bullet\"><span class=\"ql-ui\" contenteditable=\"false\"><\/span><strong style=\"background-color: rgb(255, 255, 255); color: rgb(51, 51, 51);\">Samstag, 12. September:<\/strong><span style=\"background-color: rgb(255, 255, 255); color: rgb(51, 51, 51);\"> 10:00 \u2013 16:00 <\/span><\/li>\n<\/ol>\n<p><strong style=\"background-color: rgb(255, 255, 255); color: rgb(0, 91, 129);\">Hintergrundinformationen<\/strong><\/p>\n<ol>\n<li data-list=\"bullet\"><span class=\"ql-ui\" contenteditable=\"false\"><\/span><strong style=\"background-color: rgb(255, 255, 255); color: rgb(51, 51, 51);\">Denkmaltyp: <\/strong><span style=\"background-color: rgb(255, 255, 255); color: rgb(51, 51, 51);\">Mobiles\/Industrielles Erbe<\/span><\/li>\n<li data-list=\"bullet\"><span class=\"ql-ui\" contenteditable=\"false\"><\/span><strong style=\"background-color: rgb(255, 255, 255); color: rgb(51, 51, 51);\">Urspr\u00fcngliche Funktion:<\/strong><span style=\"background-color: rgb(255, 255, 255); color: rgb(51, 51, 51);\"> Werft<\/span><\/li>\n<li data-list=\"bullet\"><span class=\"ql-ui\" contenteditable=\"false\"><\/span><strong style=\"background-color: rgb(255, 255, 255); color: rgb(51, 51, 51);\">Bauzeit: <\/strong><span style=\"background-color: rgb(255, 255, 255); color: rgb(51, 51, 51);\">1833<\/span><\/li>\n<li data-list=\"bullet\"><span class=\"ql-ui\" contenteditable=\"false\"><\/span><strong style=\"background-color: rgb(255, 255, 255); color: rgb(51, 51, 51);\">Aktuelle Position: <\/strong><span style=\"background-color: rgb(255, 255, 255); color: rgb(51, 51, 51);\">Werft<\/span><\/li>\n<\/ol>","protected":false},"excerpt":{"rendered":"<p>Entdecken Sie Medemblikkerloods w\u00e4hrend der Tage des offenen Denkmals<\/p>","protected":false},"featured_media":0,"template":"","meta":{"patterndates-bp":null,"singledates-bp":[{"date-timestamp-repeaters":1789171200}],"footnotes":""},"categories":[6370,6367],"tags":[6523,6238],"doelgroep":[],"class_list":["post-24602","evenement","type-evenement","status-publish","hentry","category-evenement","category-open-dag","tag-omd","tag-willemsoord","marker-toonopdenhelder","marker-toonopvisitkopvanholland"],"yoast_head":"<!-- This site is optimized with the Yoast SEO Premium plugin v24.7 (Yoast SEO v28.4) - https:\/\/yoast.com\/product\/yoast-seo-premium-wordpress\/ -->\n<title>Medemblikkerloods &#039;Helderse Botters&#039; | Open Monumentendagen - Den Helder Online<\/title>\n<meta name=\"robots\" content=\"index, follow, max-snippet:-1, max-image-preview:large, max-video-preview:-1\" \/>\n<link rel=\"canonical\" href=\"https:\/\/denhelder.online\/de\/ereignis\/tage-des-offenen-denkmals-von-medemblikkerloods\/\" \/>\n<meta property=\"og:locale\" content=\"de_DE\" \/>\n<meta property=\"og:type\" content=\"article\" \/>\n<meta property=\"og:title\" content=\"Medemblikkerloods &#039;Helderse Botters&#039; | Open Monumentendagen\" \/>\n<meta property=\"og:description\" content=\"Ontdek Medemblikkerloods tijdens Open Monumentendagen\" \/>\n<meta property=\"og:url\" content=\"https:\/\/denhelder.online\/de\/ereignis\/tage-des-offenen-denkmals-von-medemblikkerloods\/\" \/>\n<meta property=\"og:site_name\" content=\"Den Helder Online\" \/>\n<meta property=\"article:modified_time\" content=\"2026-08-21T13:10:08+00:00\" \/>\n<meta name=\"twitter:card\" content=\"summary_large_image\" \/>\n<meta name=\"twitter:label1\" content=\"Gesch\u00e4tzte Lesezeit\" \/>\n\t<meta name=\"twitter:data1\" content=\"1\u00a0Minute\" \/>\n<script type=\"application\/ld+json\" class=\"yoast-schema-graph\">{\"@context\":\"https:\\\/\\\/schema.org\",\"@graph\":[{\"@type\":\"WebPage\",\"@id\":\"https:\\\/\\\/denhelder.online\\\/evenement\\\/medemblikkerloods-open-monumentendagen\\\/\",\"url\":\"https:\\\/\\\/denhelder.online\\\/evenement\\\/medemblikkerloods-open-monumentendagen\\\/\",\"name\":\"Medemblikkerloods 'Helderse Botters' | Open Monumentendagen - Den Helder Online\",\"isPartOf\":{\"@id\":\"https:\\\/\\\/denhelder.online\\\/#website\"},\"datePublished\":\"2026-06-16T21:09:17+00:00\",\"dateModified\":\"2026-08-21T13:10:08+00:00\",\"breadcrumb\":{\"@id\":\"https:\\\/\\\/denhelder.online\\\/evenement\\\/medemblikkerloods-open-monumentendagen\\\/#breadcrumb\"},\"inLanguage\":\"de\",\"potentialAction\":[{\"@type\":\"ReadAction\",\"target\":[\"https:\\\/\\\/denhelder.online\\\/evenement\\\/medemblikkerloods-open-monumentendagen\\\/\"]}]},{\"@type\":\"BreadcrumbList\",\"@id\":\"https:\\\/\\\/denhelder.online\\\/evenement\\\/medemblikkerloods-open-monumentendagen\\\/#breadcrumb\",\"itemListElement\":[{\"@type\":\"ListItem\",\"position\":1,\"name\":\"Home\",\"item\":\"https:\\\/\\\/denhelder.online\\\/\"},{\"@type\":\"ListItem\",\"position\":2,\"name\":\"Evenementen\",\"item\":\"https:\\\/\\\/denhelder.online\\\/en\\\/event-2\\\/\"},{\"@type\":\"ListItem\",\"position\":3,\"name\":\"Medemblikkerloods &#8216;Helderse Botters&#8217; | Open Monumentendagen\"}]},{\"@type\":\"WebSite\",\"@id\":\"https:\\\/\\\/denhelder.online\\\/#website\",\"url\":\"https:\\\/\\\/denhelder.online\\\/\",\"name\":\"Den Helder Online\",\"description\":\"Beleef Den Helder\",\"publisher\":{\"@id\":\"https:\\\/\\\/denhelder.online\\\/#organization\"},\"potentialAction\":[{\"@type\":\"SearchAction\",\"target\":{\"@type\":\"EntryPoint\",\"urlTemplate\":\"https:\\\/\\\/denhelder.online\\\/?s={search_term_string}\"},\"query-input\":{\"@type\":\"PropertyValueSpecification\",\"valueRequired\":true,\"valueName\":\"search_term_string\"}}],\"inLanguage\":\"de\"},{\"@type\":\"Organization\",\"@id\":\"https:\\\/\\\/denhelder.online\\\/#organization\",\"name\":\"Den Helder Online\",\"url\":\"https:\\\/\\\/denhelder.online\\\/\",\"logo\":{\"@type\":\"ImageObject\",\"inLanguage\":\"de\",\"@id\":\"https:\\\/\\\/denhelder.online\\\/#\\\/schema\\\/logo\\\/image\\\/\",\"url\":\"https:\\\/\\\/denhelder.online\\\/wp-content\\\/uploads\\\/2021\\\/12\\\/DitIsDH-Logo-26-tagline.svg\",\"contentUrl\":\"https:\\\/\\\/denhelder.online\\\/wp-content\\\/uploads\\\/2021\\\/12\\\/DitIsDH-Logo-26-tagline.svg\",\"width\":1717.1,\"height\":934.9,\"caption\":\"Den Helder Online\"},\"image\":{\"@id\":\"https:\\\/\\\/denhelder.online\\\/#\\\/schema\\\/logo\\\/image\\\/\"}}]}<\/script>\n<!-- \/ Yoast SEO Premium plugin. -->","yoast_head_json":{"title":"Medemblik Shed 'Helderse Botters' | Tage der offenen T\u00fcr am Monument \u2013 Den Helder Online","robots":{"index":"index","follow":"follow","max-snippet":"max-snippet:-1","max-image-preview":"max-image-preview:large","max-video-preview":"max-video-preview:-1"},"canonical":"https:\/\/denhelder.online\/de\/ereignis\/tage-des-offenen-denkmals-von-medemblikkerloods\/","og_locale":"de_DE","og_type":"article","og_title":"Medemblikkerloods 'Helderse Botters' | Open Monumentendagen","og_description":"Ontdek Medemblikkerloods tijdens Open Monumentendagen","og_url":"https:\/\/denhelder.online\/de\/ereignis\/tage-des-offenen-denkmals-von-medemblikkerloods\/","og_site_name":"Den Helder Online","article_modified_time":"2026-08-21T13:10:08+00:00","twitter_card":"summary_large_image","twitter_misc":{"Gesch\u00e4tzte Lesezeit":"1\u00a0Minute"},"schema":{"@context":"https:\/\/schema.org","@graph":[{"@type":"WebPage","@id":"https:\/\/denhelder.online\/evenement\/medemblikkerloods-open-monumentendagen\/","url":"https:\/\/denhelder.online\/evenement\/medemblikkerloods-open-monumentendagen\/","name":"Medemblik Shed 'Helderse Botters' | Tage der offenen T\u00fcr am Monument \u2013 Den Helder Online","isPartOf":{"@id":"https:\/\/denhelder.online\/#website"},"datePublished":"2026-06-16T21:09:17+00:00","dateModified":"2026-08-21T13:10:08+00:00","breadcrumb":{"@id":"https:\/\/denhelder.online\/evenement\/medemblikkerloods-open-monumentendagen\/#breadcrumb"},"inLanguage":"de","potentialAction":[{"@type":"ReadAction","target":["https:\/\/denhelder.online\/evenement\/medemblikkerloods-open-monumentendagen\/"]}]},{"@type":"BreadcrumbList","@id":"https:\/\/denhelder.online\/evenement\/medemblikkerloods-open-monumentendagen\/#breadcrumb","itemListElement":[{"@type":"ListItem","position":1,"name":"Home","item":"https:\/\/denhelder.online\/"},{"@type":"ListItem","position":2,"name":"Evenementen","item":"https:\/\/denhelder.online\/en\/event-2\/"},{"@type":"ListItem","position":3,"name":"Medemblikkerloods &#8216;Helderse Botters&#8217; | Open Monumentendagen"}]},{"@type":"WebSite","@id":"https:\/\/denhelder.online\/#website","url":"https:\/\/denhelder.online\/","name":"Den Helder Online","description":"Erleben Sie Den Helder","publisher":{"@id":"https:\/\/denhelder.online\/#organization"},"potentialAction":[{"@type":"SearchAction","target":{"@type":"EntryPoint","urlTemplate":"https:\/\/denhelder.online\/?s={search_term_string}"},"query-input":{"@type":"PropertyValueSpecification","valueRequired":true,"valueName":"search_term_string"}}],"inLanguage":"de"},{"@type":"Organization","@id":"https:\/\/denhelder.online\/#organization","name":"Den Helder Online","url":"https:\/\/denhelder.online\/","logo":{"@type":"ImageObject","inLanguage":"de","@id":"https:\/\/denhelder.online\/#\/schema\/logo\/image\/","url":"https:\/\/denhelder.online\/wp-content\/uploads\/2021\/12\/DitIsDH-Logo-26-tagline.svg","contentUrl":"https:\/\/denhelder.online\/wp-content\/uploads\/2021\/12\/DitIsDH-Logo-26-tagline.svg","width":1717.1,"height":934.9,"caption":"Den Helder Online"},"image":{"@id":"https:\/\/denhelder.online\/#\/schema\/logo\/image\/"}}]}},"_links":{"self":[{"href":"https:\/\/denhelder.online\/de\/wp-json\/wp\/v2\/events\/24602","targetHints":{"allow":["GET"]}}],"collection":[{"href":"https:\/\/denhelder.online\/de\/wp-json\/wp\/v2\/events"}],"about":[{"href":"https:\/\/denhelder.online\/de\/wp-json\/wp\/v2\/types\/evenement"}],"version-history":[{"count":1,"href":"https:\/\/denhelder.online\/de\/wp-json\/wp\/v2\/events\/24602\/revisions"}],"predecessor-version":[{"id":25787,"href":"https:\/\/denhelder.online\/de\/wp-json\/wp\/v2\/events\/24602\/revisions\/25787"}],"wp:attachment":[{"href":"https:\/\/denhelder.online\/de\/wp-json\/wp\/v2\/media?parent=24602"}],"wp:term":[{"taxonomy":"category","embeddable":true,"href":"https:\/\/denhelder.online\/de\/wp-json\/wp\/v2\/categories?post=24602"},{"taxonomy":"post_tag","embeddable":true,"href":"https:\/\/denhelder.online\/de\/wp-json\/wp\/v2\/tags?post=24602"},{"taxonomy":"doelgroep","embeddable":true,"href":"https:\/\/denhelder.online\/de\/wp-json\/wp\/v2\/doelgroep?post=24602"}],"curies":[{"name":"wp","href":"https:\/\/api.w.org\/{rel}","templated":true}]}}

<p><strong style="background-color: rgb(255, 255, 255); color: rgb(0, 91, 129);">Willemsoord Shipyard Foundation (Medemblikkerloods)</strong></p>
<p><span style="background-color: rgb(255, 255, 255); color: rgb(51, 51, 51);">Die Medemblikkerloods, ursprünglich 1833 erbaut, dienten als Trockenplatz für Holz, das zuvor in den Mastenloods verarbeitet worden war. Erfahrene Zimmerleute aus Medemblik wurden für die königliche Werft Willemsoord angeworben, und ihre Handwerkskunst verlieh der Halle ihren besonderen Charakter – daher der Name. In den 1980er Jahren war die ursprüngliche Holzhalle in einem so schlechten Zustand, dass sie 1983 abgerissen wurde.</span></p>
<p><span style="background-color: rgb(255, 255, 255); color: rgb(51, 51, 51);">Im Jahr 2003 wurde die Medemblikkerloods originalgetreu wiederaufgebaut. Seitdem spielt die Werft eine wichtige Rolle bei der Erhaltung und Instandhaltung von Bottern, Lastkähnen, Schaluppen und Masten. All dies trägt zum Erhalt der Schiffe im Museumshafen Willemsoord bei.</span></p>
<p><strong style="background-color: rgb(255, 255, 255); color: rgb(0, 91, 129);">Öffnungszeiten</strong></p>
<ol>
<li data-list="bullet"><span class="ql-ui" contenteditable="false"></span><strong style="background-color: rgb(255, 255, 255); color: rgb(51, 51, 51);">Samstag, 12. September:</strong><span style="background-color: rgb(255, 255, 255); color: rgb(51, 51, 51);"> 10:00 – 16:00 </span></li>
</ol>
<p><strong style="background-color: rgb(255, 255, 255); color: rgb(0, 91, 129);">Hintergrundinformationen</strong></p>
<ol>
<li data-list="bullet"><span class="ql-ui" contenteditable="false"></span><strong style="background-color: rgb(255, 255, 255); color: rgb(51, 51, 51);">Denkmaltyp: </strong><span style="background-color: rgb(255, 255, 255); color: rgb(51, 51, 51);">Mobiles/Industrielles Erbe</span></li>
<li data-list="bullet"><span class="ql-ui" contenteditable="false"></span><strong style="background-color: rgb(255, 255, 255); color: rgb(51, 51, 51);">Ursprüngliche Funktion:</strong><span style="background-color: rgb(255, 255, 255); color: rgb(51, 51, 51);"> Werft</span></li>
<li data-list="bullet"><span class="ql-ui" contenteditable="false"></span><strong style="background-color: rgb(255, 255, 255); color: rgb(51, 51, 51);">Bauzeit: </strong><span style="background-color: rgb(255, 255, 255); color: rgb(51, 51, 51);">1833</span></li>
<li data-list="bullet"><span class="ql-ui" contenteditable="false"></span><strong style="background-color: rgb(255, 255, 255); color: rgb(51, 51, 51);">Aktuelle Position: </strong><span style="background-color: rgb(255, 255, 255); color: rgb(51, 51, 51);">Werft</span></li>
</ol>

<p>Entdecken Sie Medemblikkerloods während der Tage des offenen Denkmals</p>

<!-- This site is optimized with the Yoast SEO Premium plugin v24.7 (Yoast SEO v28.4) - https://yoast.com/product/yoast-seo-premium-wordpress/ -->
<title>Medemblikkerloods &#039;Helderse Botters&#039; | Open Monumentendagen - Den Helder Online</title>
<meta name="robots" content="index, follow, max-snippet:-1, max-image-preview:large, max-video-preview:-1" />
<link rel="canonical" href="https://denhelder.online/de/ereignis/tage-des-offenen-denkmals-von-medemblikkerloods/" />
<meta property="og:locale" content="de_DE" />
<meta property="og:type" content="article" />
<meta property="og:title" content="Medemblikkerloods &#039;Helderse Botters&#039; | Open Monumentendagen" />
<meta property="og:description" content="Ontdek Medemblikkerloods tijdens Open Monumentendagen" />
<meta property="og:url" content="https://denhelder.online/de/ereignis/tage-des-offenen-denkmals-von-medemblikkerloods/" />
<meta property="og:site_name" content="Den Helder Online" />
<meta property="article:modified_time" content="2026-08-21T13:10:08+00:00" />
<meta name="twitter:card" content="summary_large_image" />
<meta name="twitter:label1" content="Geschätzte Lesezeit" />
	<meta name="twitter:data1" content="1 Minute" />
<script type="application/ld+json" class="yoast-schema-graph">{"@context":"https:\/\/schema.org","@graph":[{"@type":"WebPage","@id":"https:\/\/denhelder.online\/evenement\/medemblikkerloods-open-monumentendagen\/","url":"https:\/\/denhelder.online\/evenement\/medemblikkerloods-open-monumentendagen\/","name":"Medemblikkerloods 'Helderse Botters' | Open Monumentendagen - Den Helder Online","isPartOf":{"@id":"https:\/\/denhelder.online\/#website"},"datePublished":"2026-06-16T21:09:17+00:00","dateModified":"2026-08-21T13:10:08+00:00","breadcrumb":{"@id":"https:\/\/denhelder.online\/evenement\/medemblikkerloods-open-monumentendagen\/#breadcrumb"},"inLanguage":"de","potentialAction":[{"@type":"ReadAction","target":["https:\/\/denhelder.online\/evenement\/medemblikkerloods-open-monumentendagen\/"]}]},{"@type":"BreadcrumbList","@id":"https:\/\/denhelder.online\/evenement\/medemblikkerloods-open-monumentendagen\/#breadcrumb","itemListElement":[{"@type":"ListItem","position":1,"name":"Home","item":"https:\/\/denhelder.online\/"},{"@type":"ListItem","position":2,"name":"Evenementen","item":"https:\/\/denhelder.online\/en\/event-2\/"},{"@type":"ListItem","position":3,"name":"Medemblikkerloods &#8216;Helderse Botters&#8217; | Open Monumentendagen"}]},{"@type":"WebSite","@id":"https:\/\/denhelder.online\/#website","url":"https:\/\/denhelder.online\/","name":"Den Helder Online","description":"Beleef Den Helder","publisher":{"@id":"https:\/\/denhelder.online\/#organization"},"potentialAction":[{"@type":"SearchAction","target":{"@type":"EntryPoint","urlTemplate":"https:\/\/denhelder.online\/?s={search_term_string}"},"query-input":{"@type":"PropertyValueSpecification","valueRequired":true,"valueName":"search_term_string"}}],"inLanguage":"de"},{"@type":"Organization","@id":"https:\/\/denhelder.online\/#organization","name":"Den Helder Online","url":"https:\/\/denhelder.online\/","logo":{"@type":"ImageObject","inLanguage":"de","@id":"https:\/\/denhelder.online\/#\/schema\/logo\/image\/","url":"https:\/\/denhelder.online\/wp-content\/uploads\/2021\/12\/DitIsDH-Logo-26-tagline.svg","contentUrl":"https:\/\/denhelder.online\/wp-content\/uploads\/2021\/12\/DitIsDH-Logo-26-tagline.svg","width":1717.1,"height":934.9,"caption":"Den Helder Online"},"image":{"@id":"https:\/\/denhelder.online\/#\/schema\/logo\/image\/"}}]}</script>
<!-- / Yoast SEO Premium plugin. -->

Medemblik Shed 'Helderse Botters' | Tage der offenen Tür am Monument – Den Helder Online
