{"id":24611,"date":"2026-06-17T23:11:05","date_gmt":"2026-06-17T21:11:05","guid":{"rendered":"https:\/\/denhelder.online\/evenement\/bunkerrondleiding-open-monumentendagen\/"},"modified":"2026-08-25T15:14:31","modified_gmt":"2026-08-25T13:14:31","slug":"bunkerfuhrung-tage-der-offenen-tur","status":"publish","type":"evenement","link":"https:\/\/denhelder.online\/de\/evenement\/bunkerrondleiding-open-monumentendagen\/","title":{"rendered":"Bunker-Tour ge\u00f6ffnet an Tagen der Monumenten"},"content":{"rendered":"<p><strong>Bunkerf\u00fchrungen in Willemsoord<\/strong><\/p>\n<p><span>Am Samstag, dem 12. September, k\u00f6nnen Sie um 10:00 Uhr oder 14:00 Uhr an einer interessanten Bunkerf\u00fchrung durch die erhaltenen Bunker in Willemsoord teilnehmen. Der Historiker Paul Schaap wird \u00fcber den Zweiten Weltkrieg, die K\u00f6nigliche Werft und die Schutzr\u00e4ume sprechen, in denen die Werftarbeiter w\u00e4hrend der zahlreichen Bombardierungen auf Den Helder Zuflucht suchten. W\u00e4hrend der F\u00fchrung erhalten Sie einen einzigartigen Einblick in gleich zwei Bunker. <\/span><\/p>\n<p><span>F\u00fcr die Tour ist eine Reservierung erforderlich. Sie k\u00f6nnen unter der Telefonnummer 0223 616100 reservieren. Maximal 25 Personen pro Tour. <\/span><\/p>\n<h3><span>Daten:<\/span><\/h3>\n<p><span>Samstag, 12. September:<\/span> 10:00 Uhr und <span>14:00 Uhr<\/span><\/p>","protected":false},"excerpt":{"rendered":"<p>Entdecken Sie die Bunker-Tour w\u00e4hrend der Tage der offenen T\u00fcr.<\/p>","protected":false},"featured_media":0,"template":"","meta":{"patterndates-bp":null,"singledates-bp":[{"date-timestamp-repeaters":1789171200}],"footnotes":""},"categories":[6370,6367],"tags":[6523,6238],"doelgroep":[],"class_list":["post-24611","evenement","type-evenement","status-publish","hentry","category-evenement","category-open-dag","tag-omd","tag-willemsoord","marker-toonopdenhelder"],"yoast_head":"<!-- This site is optimized with the Yoast SEO Premium plugin v24.7 (Yoast SEO v28.4) - https:\/\/yoast.com\/product\/yoast-seo-premium-wordpress\/ -->\n<title>Bunkerrondleiding Open Monumentendagen - Den Helder Online<\/title>\n<meta name=\"robots\" content=\"index, follow, max-snippet:-1, max-image-preview:large, max-video-preview:-1\" \/>\n<link rel=\"canonical\" href=\"https:\/\/denhelder.online\/de\/ereignis\/bunkerfuhrung-tage-der-offenen-tur\/\" \/>\n<meta property=\"og:locale\" content=\"de_DE\" \/>\n<meta property=\"og:type\" content=\"article\" \/>\n<meta property=\"og:title\" content=\"Bunkerrondleiding Open Monumentendagen\" \/>\n<meta property=\"og:description\" content=\"Ontdek de Bunkerrondleiding tijdens Open Monumentendagen.\" \/>\n<meta property=\"og:url\" content=\"https:\/\/denhelder.online\/de\/ereignis\/bunkerfuhrung-tage-der-offenen-tur\/\" \/>\n<meta property=\"og:site_name\" content=\"Den Helder Online\" \/>\n<meta property=\"article:modified_time\" content=\"2026-08-25T13:14:31+00:00\" \/>\n<meta name=\"twitter:card\" content=\"summary_large_image\" \/>\n<script type=\"application\/ld+json\" class=\"yoast-schema-graph\">{\"@context\":\"https:\\\/\\\/schema.org\",\"@graph\":[{\"@type\":\"WebPage\",\"@id\":\"https:\\\/\\\/denhelder.online\\\/evenement\\\/bunkerrondleiding-open-monumentendagen\\\/\",\"url\":\"https:\\\/\\\/denhelder.online\\\/evenement\\\/bunkerrondleiding-open-monumentendagen\\\/\",\"name\":\"Bunkerrondleiding Open Monumentendagen - Den Helder Online\",\"isPartOf\":{\"@id\":\"https:\\\/\\\/denhelder.online\\\/#website\"},\"datePublished\":\"2026-06-17T21:11:05+00:00\",\"dateModified\":\"2026-08-25T13:14:31+00:00\",\"breadcrumb\":{\"@id\":\"https:\\\/\\\/denhelder.online\\\/evenement\\\/bunkerrondleiding-open-monumentendagen\\\/#breadcrumb\"},\"inLanguage\":\"de\",\"potentialAction\":[{\"@type\":\"ReadAction\",\"target\":[\"https:\\\/\\\/denhelder.online\\\/evenement\\\/bunkerrondleiding-open-monumentendagen\\\/\"]}]},{\"@type\":\"BreadcrumbList\",\"@id\":\"https:\\\/\\\/denhelder.online\\\/evenement\\\/bunkerrondleiding-open-monumentendagen\\\/#breadcrumb\",\"itemListElement\":[{\"@type\":\"ListItem\",\"position\":1,\"name\":\"Home\",\"item\":\"https:\\\/\\\/denhelder.online\\\/\"},{\"@type\":\"ListItem\",\"position\":2,\"name\":\"Evenementen\",\"item\":\"https:\\\/\\\/denhelder.online\\\/en\\\/event-2\\\/\"},{\"@type\":\"ListItem\",\"position\":3,\"name\":\"Bunkerrondleiding Open Monumentendagen\"}]},{\"@type\":\"WebSite\",\"@id\":\"https:\\\/\\\/denhelder.online\\\/#website\",\"url\":\"https:\\\/\\\/denhelder.online\\\/\",\"name\":\"Den Helder Online\",\"description\":\"Beleef Den Helder\",\"publisher\":{\"@id\":\"https:\\\/\\\/denhelder.online\\\/#organization\"},\"potentialAction\":[{\"@type\":\"SearchAction\",\"target\":{\"@type\":\"EntryPoint\",\"urlTemplate\":\"https:\\\/\\\/denhelder.online\\\/?s={search_term_string}\"},\"query-input\":{\"@type\":\"PropertyValueSpecification\",\"valueRequired\":true,\"valueName\":\"search_term_string\"}}],\"inLanguage\":\"de\"},{\"@type\":\"Organization\",\"@id\":\"https:\\\/\\\/denhelder.online\\\/#organization\",\"name\":\"Den Helder Online\",\"url\":\"https:\\\/\\\/denhelder.online\\\/\",\"logo\":{\"@type\":\"ImageObject\",\"inLanguage\":\"de\",\"@id\":\"https:\\\/\\\/denhelder.online\\\/#\\\/schema\\\/logo\\\/image\\\/\",\"url\":\"https:\\\/\\\/denhelder.online\\\/wp-content\\\/uploads\\\/2021\\\/12\\\/DitIsDH-Logo-26-tagline.svg\",\"contentUrl\":\"https:\\\/\\\/denhelder.online\\\/wp-content\\\/uploads\\\/2021\\\/12\\\/DitIsDH-Logo-26-tagline.svg\",\"width\":1717.1,\"height\":934.9,\"caption\":\"Den Helder Online\"},\"image\":{\"@id\":\"https:\\\/\\\/denhelder.online\\\/#\\\/schema\\\/logo\\\/image\\\/\"}}]}<\/script>\n<!-- \/ Yoast SEO Premium plugin. -->","yoast_head_json":{"title":"Bunker-Tour an offenen Denkmaltagen - Den Helder Online","robots":{"index":"index","follow":"follow","max-snippet":"max-snippet:-1","max-image-preview":"max-image-preview:large","max-video-preview":"max-video-preview:-1"},"canonical":"https:\/\/denhelder.online\/de\/ereignis\/bunkerfuhrung-tage-der-offenen-tur\/","og_locale":"de_DE","og_type":"article","og_title":"Bunkerrondleiding Open Monumentendagen","og_description":"Ontdek de Bunkerrondleiding tijdens Open Monumentendagen.","og_url":"https:\/\/denhelder.online\/de\/ereignis\/bunkerfuhrung-tage-der-offenen-tur\/","og_site_name":"Den Helder Online","article_modified_time":"2026-08-25T13:14:31+00:00","twitter_card":"summary_large_image","schema":{"@context":"https:\/\/schema.org","@graph":[{"@type":"WebPage","@id":"https:\/\/denhelder.online\/evenement\/bunkerrondleiding-open-monumentendagen\/","url":"https:\/\/denhelder.online\/evenement\/bunkerrondleiding-open-monumentendagen\/","name":"Bunker-Tour an offenen Denkmaltagen - Den Helder Online","isPartOf":{"@id":"https:\/\/denhelder.online\/#website"},"datePublished":"2026-06-17T21:11:05+00:00","dateModified":"2026-08-25T13:14:31+00:00","breadcrumb":{"@id":"https:\/\/denhelder.online\/evenement\/bunkerrondleiding-open-monumentendagen\/#breadcrumb"},"inLanguage":"de","potentialAction":[{"@type":"ReadAction","target":["https:\/\/denhelder.online\/evenement\/bunkerrondleiding-open-monumentendagen\/"]}]},{"@type":"BreadcrumbList","@id":"https:\/\/denhelder.online\/evenement\/bunkerrondleiding-open-monumentendagen\/#breadcrumb","itemListElement":[{"@type":"ListItem","position":1,"name":"Home","item":"https:\/\/denhelder.online\/"},{"@type":"ListItem","position":2,"name":"Evenementen","item":"https:\/\/denhelder.online\/en\/event-2\/"},{"@type":"ListItem","position":3,"name":"Bunkerrondleiding Open Monumentendagen"}]},{"@type":"WebSite","@id":"https:\/\/denhelder.online\/#website","url":"https:\/\/denhelder.online\/","name":"Den Helder Online","description":"Erleben Sie Den Helder","publisher":{"@id":"https:\/\/denhelder.online\/#organization"},"potentialAction":[{"@type":"SearchAction","target":{"@type":"EntryPoint","urlTemplate":"https:\/\/denhelder.online\/?s={search_term_string}"},"query-input":{"@type":"PropertyValueSpecification","valueRequired":true,"valueName":"search_term_string"}}],"inLanguage":"de"},{"@type":"Organization","@id":"https:\/\/denhelder.online\/#organization","name":"Den Helder Online","url":"https:\/\/denhelder.online\/","logo":{"@type":"ImageObject","inLanguage":"de","@id":"https:\/\/denhelder.online\/#\/schema\/logo\/image\/","url":"https:\/\/denhelder.online\/wp-content\/uploads\/2021\/12\/DitIsDH-Logo-26-tagline.svg","contentUrl":"https:\/\/denhelder.online\/wp-content\/uploads\/2021\/12\/DitIsDH-Logo-26-tagline.svg","width":1717.1,"height":934.9,"caption":"Den Helder Online"},"image":{"@id":"https:\/\/denhelder.online\/#\/schema\/logo\/image\/"}}]}},"_links":{"self":[{"href":"https:\/\/denhelder.online\/de\/wp-json\/wp\/v2\/events\/24611","targetHints":{"allow":["GET"]}}],"collection":[{"href":"https:\/\/denhelder.online\/de\/wp-json\/wp\/v2\/events"}],"about":[{"href":"https:\/\/denhelder.online\/de\/wp-json\/wp\/v2\/types\/evenement"}],"version-history":[{"count":3,"href":"https:\/\/denhelder.online\/de\/wp-json\/wp\/v2\/events\/24611\/revisions"}],"predecessor-version":[{"id":25838,"href":"https:\/\/denhelder.online\/de\/wp-json\/wp\/v2\/events\/24611\/revisions\/25838"}],"wp:attachment":[{"href":"https:\/\/denhelder.online\/de\/wp-json\/wp\/v2\/media?parent=24611"}],"wp:term":[{"taxonomy":"category","embeddable":true,"href":"https:\/\/denhelder.online\/de\/wp-json\/wp\/v2\/categories?post=24611"},{"taxonomy":"post_tag","embeddable":true,"href":"https:\/\/denhelder.online\/de\/wp-json\/wp\/v2\/tags?post=24611"},{"taxonomy":"doelgroep","embeddable":true,"href":"https:\/\/denhelder.online\/de\/wp-json\/wp\/v2\/doelgroep?post=24611"}],"curies":[{"name":"wp","href":"https:\/\/api.w.org\/{rel}","templated":true}]}}

Bunker-Tour geöffnet an Tagen der Monumenten

<p><strong>Bunkerführungen in Willemsoord</strong></p>
<p><span>Am Samstag, dem 12. September, können Sie um 10:00 Uhr oder 14:00 Uhr an einer interessanten Bunkerführung durch die erhaltenen Bunker in Willemsoord teilnehmen. Der Historiker Paul Schaap wird über den Zweiten Weltkrieg, die Königliche Werft und die Schutzräume sprechen, in denen die Werftarbeiter während der zahlreichen Bombardierungen auf Den Helder Zuflucht suchten. Während der Führung erhalten Sie einen einzigartigen Einblick in gleich zwei Bunker. </span></p>
<p><span>Für die Tour ist eine Reservierung erforderlich. Sie können unter der Telefonnummer 0223 616100 reservieren. Maximal 25 Personen pro Tour. </span></p>
<h3><span>Daten:</span></h3>
<p><span>Samstag, 12. September:</span> 10:00 Uhr und <span>14:00 Uhr</span></p>

<p>Entdecken Sie die Bunker-Tour während der Tage der offenen Tür.</p>
