{"id":25447,"date":"2026-08-06T15:49:23","date_gmt":"2026-08-06T13:49:23","guid":{"rendered":"https:\/\/denhelder.online\/evenement\/fred-van-leer-ik-weet-het-eigenlijk-niet-reprise\/"},"modified":"2026-08-06T15:49:23","modified_gmt":"2026-08-06T13:49:23","slug":"fred-van-leer-ich-weis-es-eigentlich-nicht-reprise","status":"publish","type":"evenement","link":"https:\/\/denhelder.online\/de\/evenement\/fred-van-leer-ik-weet-het-eigenlijk-niet-reprise\/","title":{"rendered":"Fred van Leer \u2013 Ich wei\u00df es eigentlich nicht (Reprise)"},"content":{"rendered":"<p><span>Fred beginnt seine Theatershow mit der Behauptung, er wisse es nicht. Doch in Wahrheit wei\u00df er es sehr wohl; er wei\u00df sogar alles glasklar. Zum Beispiel wei\u00df er genau, wie sein Traummann sein muss. Wie er selbst sagt: Man muss die Messlatte hoch ansetzen und darf sich nicht verbiegen. Auf seiner Suche nach diesem Traummann nimmt er das Publikum mit auf seine Reise, durch seine Gedanken und Anekdoten. Nach diesem Abend werden Sie nie wieder normal Pizza bestellen, Sie werden Ihren Duschabfluss mit anderen Augen sehen und Sie werden sich f\u00fcr einen Mundharmonika-Kurs anmelden.<\/span><\/p>\n<p><\/p>\n<p><span>Fred van Leer hat \u00fcber 1,7 Millionen Follower in den sozialen Medien und ist regelm\u00e4\u00dfig im Fernsehen zu sehen, unter anderem in den Sendungen \u2018Say Yes to the Dress\u2019 auf TLC und \u201eMake Up Your Mind\u201c auf RTL. Au\u00dferdem kann er auf sechs ausverkaufte \u201eFred and Friends\u201c-Shows im AHOY zur\u00fcckblicken. Am 2. September 2025 erschien sein Buch \u201eNiets is wat het lijkt \u2013 depressie in de spotlight\u201c, das sich zum Bestseller entwickelte.<\/span><\/p>","protected":false},"excerpt":{"rendered":"<p>In der Theatersaison 2025\/2026 waren alle Vorstellungen von \u2018Ik weet het eigenlijk niet\u2019 restlos ausverkauft, auch bei Den Helder! Teilweise aus diesem Grund und vor allem, weil er sich darauf freut, ist Fred in der Saison 2026\/2027 mit seiner Theatershow \u2018Ik weet het eigenlijk niet\u2019 zur\u00fcck.<\/p>","protected":false},"featured_media":0,"template":"","meta":{"patterndates-bp":null,"singledates-bp":[{"date-timestamp-repeaters":1790812800}],"footnotes":""},"categories":[6370],"tags":[6364,6235,6238],"doelgroep":[],"class_list":["post-25447","evenement","type-evenement","status-publish","hentry","category-evenement","tag-den-helder","tag-theater","tag-willemsoord","marker-toonopdenhelder"],"yoast_head":"<!-- This site is optimized with the Yoast SEO Premium plugin v24.7 (Yoast SEO v28.4) - https:\/\/yoast.com\/product\/yoast-seo-premium-wordpress\/ -->\n<title>Fred van Leer - Ik weet het eigenlijk niet (reprise) - Den Helder Online<\/title>\n<meta name=\"robots\" content=\"index, follow, max-snippet:-1, max-image-preview:large, max-video-preview:-1\" \/>\n<link rel=\"canonical\" href=\"https:\/\/denhelder.online\/de\/ereignis\/fred-van-leer-ich-weis-es-eigentlich-nicht-reprise\/\" \/>\n<meta property=\"og:locale\" content=\"de_DE\" \/>\n<meta property=\"og:type\" content=\"article\" \/>\n<meta property=\"og:title\" content=\"Fred van Leer - Ik weet het eigenlijk niet (reprise)\" \/>\n<meta property=\"og:description\" content=\"In theaterseizoen 2025\/2026 waren alle voorstellingen van \u2018Ik weet het eigenlijk niet\u2019 volledig uitverkocht, ook in Den Helder! Mede daarom en voornamelijk omdat hij er zin in heeft, is Fred in seizoen 2026\/2027 terug met zijn theatershow \u2018Ik weet het eigenlijk niet\u2019.\" \/>\n<meta property=\"og:url\" content=\"https:\/\/denhelder.online\/de\/ereignis\/fred-van-leer-ich-weis-es-eigentlich-nicht-reprise\/\" \/>\n<meta property=\"og:site_name\" content=\"Den Helder Online\" \/>\n<meta name=\"twitter:card\" content=\"summary_large_image\" \/>\n<meta name=\"twitter:label1\" content=\"Gesch\u00e4tzte Lesezeit\" \/>\n\t<meta name=\"twitter:data1\" content=\"1\u00a0Minute\" \/>\n<script type=\"application\/ld+json\" class=\"yoast-schema-graph\">{\"@context\":\"https:\\\/\\\/schema.org\",\"@graph\":[{\"@type\":\"WebPage\",\"@id\":\"https:\\\/\\\/denhelder.online\\\/evenement\\\/fred-van-leer-ik-weet-het-eigenlijk-niet-reprise\\\/\",\"url\":\"https:\\\/\\\/denhelder.online\\\/evenement\\\/fred-van-leer-ik-weet-het-eigenlijk-niet-reprise\\\/\",\"name\":\"Fred van Leer - Ik weet het eigenlijk niet (reprise) - Den Helder Online\",\"isPartOf\":{\"@id\":\"https:\\\/\\\/denhelder.online\\\/#website\"},\"datePublished\":\"2026-08-06T13:49:23+00:00\",\"breadcrumb\":{\"@id\":\"https:\\\/\\\/denhelder.online\\\/evenement\\\/fred-van-leer-ik-weet-het-eigenlijk-niet-reprise\\\/#breadcrumb\"},\"inLanguage\":\"de\",\"potentialAction\":[{\"@type\":\"ReadAction\",\"target\":[\"https:\\\/\\\/denhelder.online\\\/evenement\\\/fred-van-leer-ik-weet-het-eigenlijk-niet-reprise\\\/\"]}]},{\"@type\":\"BreadcrumbList\",\"@id\":\"https:\\\/\\\/denhelder.online\\\/evenement\\\/fred-van-leer-ik-weet-het-eigenlijk-niet-reprise\\\/#breadcrumb\",\"itemListElement\":[{\"@type\":\"ListItem\",\"position\":1,\"name\":\"Home\",\"item\":\"https:\\\/\\\/denhelder.online\\\/\"},{\"@type\":\"ListItem\",\"position\":2,\"name\":\"Evenementen\",\"item\":\"https:\\\/\\\/denhelder.online\\\/en\\\/event-2\\\/\"},{\"@type\":\"ListItem\",\"position\":3,\"name\":\"Fred van Leer &#8211; Ik weet het eigenlijk niet (reprise)\"}]},{\"@type\":\"WebSite\",\"@id\":\"https:\\\/\\\/denhelder.online\\\/#website\",\"url\":\"https:\\\/\\\/denhelder.online\\\/\",\"name\":\"Den Helder Online\",\"description\":\"Beleef Den Helder\",\"publisher\":{\"@id\":\"https:\\\/\\\/denhelder.online\\\/#organization\"},\"potentialAction\":[{\"@type\":\"SearchAction\",\"target\":{\"@type\":\"EntryPoint\",\"urlTemplate\":\"https:\\\/\\\/denhelder.online\\\/?s={search_term_string}\"},\"query-input\":{\"@type\":\"PropertyValueSpecification\",\"valueRequired\":true,\"valueName\":\"search_term_string\"}}],\"inLanguage\":\"de\"},{\"@type\":\"Organization\",\"@id\":\"https:\\\/\\\/denhelder.online\\\/#organization\",\"name\":\"Den Helder Online\",\"url\":\"https:\\\/\\\/denhelder.online\\\/\",\"logo\":{\"@type\":\"ImageObject\",\"inLanguage\":\"de\",\"@id\":\"https:\\\/\\\/denhelder.online\\\/#\\\/schema\\\/logo\\\/image\\\/\",\"url\":\"https:\\\/\\\/denhelder.online\\\/wp-content\\\/uploads\\\/2021\\\/12\\\/DitIsDH-Logo-26-tagline.svg\",\"contentUrl\":\"https:\\\/\\\/denhelder.online\\\/wp-content\\\/uploads\\\/2021\\\/12\\\/DitIsDH-Logo-26-tagline.svg\",\"width\":1717.1,\"height\":934.9,\"caption\":\"Den Helder Online\"},\"image\":{\"@id\":\"https:\\\/\\\/denhelder.online\\\/#\\\/schema\\\/logo\\\/image\\\/\"}}]}<\/script>\n<!-- \/ Yoast SEO Premium plugin. -->","yoast_head_json":{"title":"Fred van Leer - Ich weet het eigenlijk nicht (reprise) - Den Helder Online","robots":{"index":"index","follow":"follow","max-snippet":"max-snippet:-1","max-image-preview":"max-image-preview:large","max-video-preview":"max-video-preview:-1"},"canonical":"https:\/\/denhelder.online\/de\/ereignis\/fred-van-leer-ich-weis-es-eigentlich-nicht-reprise\/","og_locale":"de_DE","og_type":"article","og_title":"Fred van Leer - Ik weet het eigenlijk niet (reprise)","og_description":"In theaterseizoen 2025\/2026 waren alle voorstellingen van \u2018Ik weet het eigenlijk niet\u2019 volledig uitverkocht, ook in Den Helder! Mede daarom en voornamelijk omdat hij er zin in heeft, is Fred in seizoen 2026\/2027 terug met zijn theatershow \u2018Ik weet het eigenlijk niet\u2019.","og_url":"https:\/\/denhelder.online\/de\/ereignis\/fred-van-leer-ich-weis-es-eigentlich-nicht-reprise\/","og_site_name":"Den Helder Online","twitter_card":"summary_large_image","twitter_misc":{"Gesch\u00e4tzte Lesezeit":"1\u00a0Minute"},"schema":{"@context":"https:\/\/schema.org","@graph":[{"@type":"WebPage","@id":"https:\/\/denhelder.online\/evenement\/fred-van-leer-ik-weet-het-eigenlijk-niet-reprise\/","url":"https:\/\/denhelder.online\/evenement\/fred-van-leer-ik-weet-het-eigenlijk-niet-reprise\/","name":"Fred van Leer - Ich weet het eigenlijk nicht (reprise) - Den Helder Online","isPartOf":{"@id":"https:\/\/denhelder.online\/#website"},"datePublished":"2026-08-06T13:49:23+00:00","breadcrumb":{"@id":"https:\/\/denhelder.online\/evenement\/fred-van-leer-ik-weet-het-eigenlijk-niet-reprise\/#breadcrumb"},"inLanguage":"de","potentialAction":[{"@type":"ReadAction","target":["https:\/\/denhelder.online\/evenement\/fred-van-leer-ik-weet-het-eigenlijk-niet-reprise\/"]}]},{"@type":"BreadcrumbList","@id":"https:\/\/denhelder.online\/evenement\/fred-van-leer-ik-weet-het-eigenlijk-niet-reprise\/#breadcrumb","itemListElement":[{"@type":"ListItem","position":1,"name":"Home","item":"https:\/\/denhelder.online\/"},{"@type":"ListItem","position":2,"name":"Evenementen","item":"https:\/\/denhelder.online\/en\/event-2\/"},{"@type":"ListItem","position":3,"name":"Fred van Leer &#8211; Ik weet het eigenlijk niet (reprise)"}]},{"@type":"WebSite","@id":"https:\/\/denhelder.online\/#website","url":"https:\/\/denhelder.online\/","name":"Den Helder Online","description":"Erleben Sie Den Helder","publisher":{"@id":"https:\/\/denhelder.online\/#organization"},"potentialAction":[{"@type":"SearchAction","target":{"@type":"EntryPoint","urlTemplate":"https:\/\/denhelder.online\/?s={search_term_string}"},"query-input":{"@type":"PropertyValueSpecification","valueRequired":true,"valueName":"search_term_string"}}],"inLanguage":"de"},{"@type":"Organization","@id":"https:\/\/denhelder.online\/#organization","name":"Den Helder Online","url":"https:\/\/denhelder.online\/","logo":{"@type":"ImageObject","inLanguage":"de","@id":"https:\/\/denhelder.online\/#\/schema\/logo\/image\/","url":"https:\/\/denhelder.online\/wp-content\/uploads\/2021\/12\/DitIsDH-Logo-26-tagline.svg","contentUrl":"https:\/\/denhelder.online\/wp-content\/uploads\/2021\/12\/DitIsDH-Logo-26-tagline.svg","width":1717.1,"height":934.9,"caption":"Den Helder Online"},"image":{"@id":"https:\/\/denhelder.online\/#\/schema\/logo\/image\/"}}]}},"_links":{"self":[{"href":"https:\/\/denhelder.online\/de\/wp-json\/wp\/v2\/events\/25447","targetHints":{"allow":["GET"]}}],"collection":[{"href":"https:\/\/denhelder.online\/de\/wp-json\/wp\/v2\/events"}],"about":[{"href":"https:\/\/denhelder.online\/de\/wp-json\/wp\/v2\/types\/evenement"}],"version-history":[{"count":0,"href":"https:\/\/denhelder.online\/de\/wp-json\/wp\/v2\/events\/25447\/revisions"}],"wp:attachment":[{"href":"https:\/\/denhelder.online\/de\/wp-json\/wp\/v2\/media?parent=25447"}],"wp:term":[{"taxonomy":"category","embeddable":true,"href":"https:\/\/denhelder.online\/de\/wp-json\/wp\/v2\/categories?post=25447"},{"taxonomy":"post_tag","embeddable":true,"href":"https:\/\/denhelder.online\/de\/wp-json\/wp\/v2\/tags?post=25447"},{"taxonomy":"doelgroep","embeddable":true,"href":"https:\/\/denhelder.online\/de\/wp-json\/wp\/v2\/doelgroep?post=25447"}],"curies":[{"name":"wp","href":"https:\/\/api.w.org\/{rel}","templated":true}]}}

Fred van Leer – Ich weiß es eigentlich nicht (Reprise)

<p><span>Fred beginnt seine Theatershow mit der Behauptung, er wisse es nicht. Doch in Wahrheit weiß er es sehr wohl; er weiß sogar alles glasklar. Zum Beispiel weiß er genau, wie sein Traummann sein muss. Wie er selbst sagt: Man muss die Messlatte hoch ansetzen und darf sich nicht verbiegen. Auf seiner Suche nach diesem Traummann nimmt er das Publikum mit auf seine Reise, durch seine Gedanken und Anekdoten. Nach diesem Abend werden Sie nie wieder normal Pizza bestellen, Sie werden Ihren Duschabfluss mit anderen Augen sehen und Sie werden sich für einen Mundharmonika-Kurs anmelden.</span></p>
<p></p>
<p><span>Fred van Leer hat über 1,7 Millionen Follower in den sozialen Medien und ist regelmäßig im Fernsehen zu sehen, unter anderem in den Sendungen ‘Say Yes to the Dress’ auf TLC und „Make Up Your Mind“ auf RTL. Außerdem kann er auf sechs ausverkaufte „Fred and Friends“-Shows im AHOY zurückblicken. Am 2. September 2025 erschien sein Buch „Niets is wat het lijkt – depressie in de spotlight“, das sich zum Bestseller entwickelte.</span></p>

<p>In der Theatersaison 2025/2026 waren alle Vorstellungen von ‘Ik weet het eigenlijk niet’ restlos ausverkauft, auch bei Den Helder! Teilweise aus diesem Grund und vor allem, weil er sich darauf freut, ist Fred in der Saison 2026/2027 mit seiner Theatershow ‘Ik weet het eigenlijk niet’ zurück.</p>

<!-- This site is optimized with the Yoast SEO Premium plugin v24.7 (Yoast SEO v28.4) - https://yoast.com/product/yoast-seo-premium-wordpress/ -->
<title>Fred van Leer - Ik weet het eigenlijk niet (reprise) - Den Helder Online</title>
<meta name="robots" content="index, follow, max-snippet:-1, max-image-preview:large, max-video-preview:-1" />
<link rel="canonical" href="https://denhelder.online/de/ereignis/fred-van-leer-ich-weis-es-eigentlich-nicht-reprise/" />
<meta property="og:locale" content="de_DE" />
<meta property="og:type" content="article" />
<meta property="og:title" content="Fred van Leer - Ik weet het eigenlijk niet (reprise)" />
<meta property="og:description" content="In theaterseizoen 2025/2026 waren alle voorstellingen van ‘Ik weet het eigenlijk niet’ volledig uitverkocht, ook in Den Helder! Mede daarom en voornamelijk omdat hij er zin in heeft, is Fred in seizoen 2026/2027 terug met zijn theatershow ‘Ik weet het eigenlijk niet’." />
<meta property="og:url" content="https://denhelder.online/de/ereignis/fred-van-leer-ich-weis-es-eigentlich-nicht-reprise/" />
<meta property="og:site_name" content="Den Helder Online" />
<meta name="twitter:card" content="summary_large_image" />
<meta name="twitter:label1" content="Geschätzte Lesezeit" />
	<meta name="twitter:data1" content="1 Minute" />
<script type="application/ld+json" class="yoast-schema-graph">{"@context":"https:\/\/schema.org","@graph":[{"@type":"WebPage","@id":"https:\/\/denhelder.online\/evenement\/fred-van-leer-ik-weet-het-eigenlijk-niet-reprise\/","url":"https:\/\/denhelder.online\/evenement\/fred-van-leer-ik-weet-het-eigenlijk-niet-reprise\/","name":"Fred van Leer - Ik weet het eigenlijk niet (reprise) - Den Helder Online","isPartOf":{"@id":"https:\/\/denhelder.online\/#website"},"datePublished":"2026-08-06T13:49:23+00:00","breadcrumb":{"@id":"https:\/\/denhelder.online\/evenement\/fred-van-leer-ik-weet-het-eigenlijk-niet-reprise\/#breadcrumb"},"inLanguage":"de","potentialAction":[{"@type":"ReadAction","target":["https:\/\/denhelder.online\/evenement\/fred-van-leer-ik-weet-het-eigenlijk-niet-reprise\/"]}]},{"@type":"BreadcrumbList","@id":"https:\/\/denhelder.online\/evenement\/fred-van-leer-ik-weet-het-eigenlijk-niet-reprise\/#breadcrumb","itemListElement":[{"@type":"ListItem","position":1,"name":"Home","item":"https:\/\/denhelder.online\/"},{"@type":"ListItem","position":2,"name":"Evenementen","item":"https:\/\/denhelder.online\/en\/event-2\/"},{"@type":"ListItem","position":3,"name":"Fred van Leer &#8211; Ik weet het eigenlijk niet (reprise)"}]},{"@type":"WebSite","@id":"https:\/\/denhelder.online\/#website","url":"https:\/\/denhelder.online\/","name":"Den Helder Online","description":"Beleef Den Helder","publisher":{"@id":"https:\/\/denhelder.online\/#organization"},"potentialAction":[{"@type":"SearchAction","target":{"@type":"EntryPoint","urlTemplate":"https:\/\/denhelder.online\/?s={search_term_string}"},"query-input":{"@type":"PropertyValueSpecification","valueRequired":true,"valueName":"search_term_string"}}],"inLanguage":"de"},{"@type":"Organization","@id":"https:\/\/denhelder.online\/#organization","name":"Den Helder Online","url":"https:\/\/denhelder.online\/","logo":{"@type":"ImageObject","inLanguage":"de","@id":"https:\/\/denhelder.online\/#\/schema\/logo\/image\/","url":"https:\/\/denhelder.online\/wp-content\/uploads\/2021\/12\/DitIsDH-Logo-26-tagline.svg","contentUrl":"https:\/\/denhelder.online\/wp-content\/uploads\/2021\/12\/DitIsDH-Logo-26-tagline.svg","width":1717.1,"height":934.9,"caption":"Den Helder Online"},"image":{"@id":"https:\/\/denhelder.online\/#\/schema\/logo\/image\/"}}]}</script>
<!-- / Yoast SEO Premium plugin. -->
