{"id":25448,"date":"2026-08-06T15:49:24","date_gmt":"2026-08-06T13:49:24","guid":{"rendered":"https:\/\/denhelder.online\/evenement\/next-to-normal-een-eigentijdse-pop-rockmusical-met-willemijn-verkaik-edwin-jonker-e-a\/"},"modified":"2026-08-06T15:49:24","modified_gmt":"2026-08-06T13:49:24","slug":"next-to-normal-ein-zeitgenossisches-pop-rock-musical-mit-willemijn-verkaik-edwin-jonker-und-anderen","status":"publish","type":"evenement","link":"https:\/\/denhelder.online\/de\/evenement\/next-to-normal-een-eigentijdse-pop-rockmusical-met-willemijn-verkaik-edwin-jonker-e-a\/","title":{"rendered":"Next to Normal \u2013 Ein zeitgen\u00f6ssisches Pop-Rock-Musical mit Willemijn Verkaik, Edwin Jonker und anderen."},"content":{"rendered":"<p><span>\u201cNext to Normal ist viel mehr als ein Wohlf\u00fchlmusical: Es ist ein Musical, das alle Gef\u00fchle anspricht.\u201d (The New York Times)<\/span><\/p>\n<p><\/p>\n<p><span>Mit drei Tony Awards (2009) und dem Pulitzer-Preis f\u00fcr Drama (2010) geh\u00f6rt Next to Normal zu einem exklusiven Kreis: Nur zehn Musicals wurden jemals mit diesem Preis ausgezeichnet. Regisseurin Anouk Beugels, bekannt f\u00fcr MELK, ein Musical, das mit f\u00fcnf Musical Awards im Jahr 2024 ausgezeichnet wurde, w\u00e4hlt bewusst einen direkten, ungeschliffenen Ansatz. Roh, zeitgen\u00f6ssisch und fantasievoll \u2013 genau so, wie NANOEK Musicals macht. Daher auch diese neue \u00dcbersetzung von Judith Boesen. Angetrieben von der mitrei\u00dfenden Pop-Rock-Musik, live gespielt von einer vierk\u00f6pfigen Band. So wird die Geschichte weit \u00fcber die Worte hinausgetragen: Man sp\u00fcrt die H\u00f6hen und Tiefen mit jeder Faser seines Seins.<\/span><\/p>\n<p><\/p>\n<p><span>Und weil NANOEK mehr als nur Musicals produziert, entwickelt das Unternehmen ein umfassendes Rahmenprogramm, das die Themen und das Genre des Musicals beleuchtet. Direkt auf den Punkt \u2013 mit Mut, Humor und Authentizit\u00e4t. Mehr dazu! <\/span><a href=\"https:\/\/www.nanoek.nl\/\" rel=\"noopener noreferrer\" target=\"_blank\">NANOEK.nl<\/a><span> f\u00fcr weitere Informationen.<\/span><\/p>","protected":false},"excerpt":{"rendered":"<p>Die international gefeierte Musicaldarstellerin Willemijn Verkaik (u. a. Wicked, Frozen) ist zur\u00fcck in den Niederlanden \u2013 diesmal als Diana in dem mehrfach preisgekr\u00f6nten Broadway-Hit Next to Normal. Diana leidet an einer bipolaren St\u00f6rung, wodurch die Grenze zwischen Fantasie und Realit\u00e4t in ihrer Familie verschwimmt. Ehemann Dan (Edwin Jonker) versucht, zu retten, was zu retten ist; Sohn Gabe ist unberechenbar; Tochter Natalie fl\u00fcchtet sich in Tabletten und Perfektionismus. Als Zuschauer wird man in das Leben einer Familie hineingezogen, die nach au\u00dfen hin \u2018normal\u2019 wirkt, aber hinter verschlossenen T\u00fcren um Stabilit\u00e4t k\u00e4mpft.<\/p>","protected":false},"featured_media":0,"template":"","meta":{"patterndates-bp":null,"singledates-bp":[{"date-timestamp-repeaters":1790985600}],"footnotes":""},"categories":[6370],"tags":[6364,6235,6238],"doelgroep":[],"class_list":["post-25448","evenement","type-evenement","status-publish","hentry","category-evenement","tag-den-helder","tag-theater","tag-willemsoord","marker-toonopdenhelder"],"yoast_head":"<!-- This site is optimized with the Yoast SEO Premium plugin v24.7 (Yoast SEO v28.3) - https:\/\/yoast.com\/product\/yoast-seo-premium-wordpress\/ -->\n<title>Next to Normal - Een eigentijdse pop-rockmusical met Willemijn Verkaik, Edwin Jonker e.a. - Den Helder Online<\/title>\n<meta name=\"robots\" content=\"index, follow, max-snippet:-1, max-image-preview:large, max-video-preview:-1\" \/>\n<link rel=\"canonical\" href=\"https:\/\/denhelder.online\/de\/ereignis\/next-to-normal-ein-zeitgenossisches-pop-rock-musical-mit-willemijn-verkaik-edwin-jonker-und-anderen\/\" \/>\n<meta property=\"og:locale\" content=\"de_DE\" \/>\n<meta property=\"og:type\" content=\"article\" \/>\n<meta property=\"og:title\" content=\"Next to Normal - Een eigentijdse pop-rockmusical met Willemijn Verkaik, Edwin Jonker e.a.\" \/>\n<meta property=\"og:description\" content=\"Internationaal geroemd musicalactrice Willemijn Verkaik (o.a. Wicked, Frozen) is terug in Nederland - dit keer als Diana in de meervoudig bekroonde Broadwayhit Next to Normal. Diana leeft met een bipolaire stoornis, waardoor in haar gezin de grens tussen verbeelding en realiteit vervaagt. Echtgenoot Dan (Edwin Jonker) redt wat er te redden valt; zoon Gabe vliegt alle kanten op; dochter Natalie vlucht in pillen en perfectionisme. Je wordt als kijker meegesleurd in het leven van een gezin dat op papier \u2018gewoon\u2019 lijkt, maar achter de voordeur vecht voor houvast.\" \/>\n<meta property=\"og:url\" content=\"https:\/\/denhelder.online\/de\/ereignis\/next-to-normal-ein-zeitgenossisches-pop-rock-musical-mit-willemijn-verkaik-edwin-jonker-und-anderen\/\" \/>\n<meta property=\"og:site_name\" content=\"Den Helder Online\" \/>\n<meta name=\"twitter:card\" content=\"summary_large_image\" \/>\n<meta name=\"twitter:label1\" content=\"Gesch\u00e4tzte Lesezeit\" \/>\n\t<meta name=\"twitter:data1\" content=\"1\u00a0Minute\" \/>\n<script type=\"application\/ld+json\" class=\"yoast-schema-graph\">{\"@context\":\"https:\\\/\\\/schema.org\",\"@graph\":[{\"@type\":\"WebPage\",\"@id\":\"https:\\\/\\\/denhelder.online\\\/evenement\\\/next-to-normal-een-eigentijdse-pop-rockmusical-met-willemijn-verkaik-edwin-jonker-e-a\\\/\",\"url\":\"https:\\\/\\\/denhelder.online\\\/evenement\\\/next-to-normal-een-eigentijdse-pop-rockmusical-met-willemijn-verkaik-edwin-jonker-e-a\\\/\",\"name\":\"Next to Normal - Een eigentijdse pop-rockmusical met Willemijn Verkaik, Edwin Jonker e.a. - Den Helder Online\",\"isPartOf\":{\"@id\":\"https:\\\/\\\/denhelder.online\\\/#website\"},\"datePublished\":\"2026-08-06T13:49:24+00:00\",\"breadcrumb\":{\"@id\":\"https:\\\/\\\/denhelder.online\\\/evenement\\\/next-to-normal-een-eigentijdse-pop-rockmusical-met-willemijn-verkaik-edwin-jonker-e-a\\\/#breadcrumb\"},\"inLanguage\":\"de\",\"potentialAction\":[{\"@type\":\"ReadAction\",\"target\":[\"https:\\\/\\\/denhelder.online\\\/evenement\\\/next-to-normal-een-eigentijdse-pop-rockmusical-met-willemijn-verkaik-edwin-jonker-e-a\\\/\"]}]},{\"@type\":\"BreadcrumbList\",\"@id\":\"https:\\\/\\\/denhelder.online\\\/evenement\\\/next-to-normal-een-eigentijdse-pop-rockmusical-met-willemijn-verkaik-edwin-jonker-e-a\\\/#breadcrumb\",\"itemListElement\":[{\"@type\":\"ListItem\",\"position\":1,\"name\":\"Home\",\"item\":\"https:\\\/\\\/denhelder.online\\\/\"},{\"@type\":\"ListItem\",\"position\":2,\"name\":\"Evenementen\",\"item\":\"https:\\\/\\\/denhelder.online\\\/en\\\/event-2\\\/\"},{\"@type\":\"ListItem\",\"position\":3,\"name\":\"Next to Normal &#8211; Een eigentijdse pop-rockmusical met Willemijn Verkaik, Edwin Jonker e.a.\"}]},{\"@type\":\"WebSite\",\"@id\":\"https:\\\/\\\/denhelder.online\\\/#website\",\"url\":\"https:\\\/\\\/denhelder.online\\\/\",\"name\":\"Den Helder Online\",\"description\":\"Beleef Den Helder\",\"publisher\":{\"@id\":\"https:\\\/\\\/denhelder.online\\\/#organization\"},\"potentialAction\":[{\"@type\":\"SearchAction\",\"target\":{\"@type\":\"EntryPoint\",\"urlTemplate\":\"https:\\\/\\\/denhelder.online\\\/?s={search_term_string}\"},\"query-input\":{\"@type\":\"PropertyValueSpecification\",\"valueRequired\":true,\"valueName\":\"search_term_string\"}}],\"inLanguage\":\"de\"},{\"@type\":\"Organization\",\"@id\":\"https:\\\/\\\/denhelder.online\\\/#organization\",\"name\":\"Den Helder Online\",\"url\":\"https:\\\/\\\/denhelder.online\\\/\",\"logo\":{\"@type\":\"ImageObject\",\"inLanguage\":\"de\",\"@id\":\"https:\\\/\\\/denhelder.online\\\/#\\\/schema\\\/logo\\\/image\\\/\",\"url\":\"https:\\\/\\\/denhelder.online\\\/wp-content\\\/uploads\\\/2021\\\/12\\\/DitIsDH-Logo-26-tagline.svg\",\"contentUrl\":\"https:\\\/\\\/denhelder.online\\\/wp-content\\\/uploads\\\/2021\\\/12\\\/DitIsDH-Logo-26-tagline.svg\",\"width\":1717.1,\"height\":934.9,\"caption\":\"Den Helder Online\"},\"image\":{\"@id\":\"https:\\\/\\\/denhelder.online\\\/#\\\/schema\\\/logo\\\/image\\\/\"}}]}<\/script>\n<!-- \/ Yoast SEO Premium plugin. -->","yoast_head_json":{"title":"Next to Normal \u2013 Ein zeitgen\u00f6ssisches Pop-Rock-Musical mit Willemijn Verkaik, Edwin Jonker et al. - Den Helder Online","robots":{"index":"index","follow":"follow","max-snippet":"max-snippet:-1","max-image-preview":"max-image-preview:large","max-video-preview":"max-video-preview:-1"},"canonical":"https:\/\/denhelder.online\/de\/ereignis\/next-to-normal-ein-zeitgenossisches-pop-rock-musical-mit-willemijn-verkaik-edwin-jonker-und-anderen\/","og_locale":"de_DE","og_type":"article","og_title":"Next to Normal - Een eigentijdse pop-rockmusical met Willemijn Verkaik, Edwin Jonker e.a.","og_description":"Internationaal geroemd musicalactrice Willemijn Verkaik (o.a. Wicked, Frozen) is terug in Nederland - dit keer als Diana in de meervoudig bekroonde Broadwayhit Next to Normal. Diana leeft met een bipolaire stoornis, waardoor in haar gezin de grens tussen verbeelding en realiteit vervaagt. Echtgenoot Dan (Edwin Jonker) redt wat er te redden valt; zoon Gabe vliegt alle kanten op; dochter Natalie vlucht in pillen en perfectionisme. Je wordt als kijker meegesleurd in het leven van een gezin dat op papier \u2018gewoon\u2019 lijkt, maar achter de voordeur vecht voor houvast.","og_url":"https:\/\/denhelder.online\/de\/ereignis\/next-to-normal-ein-zeitgenossisches-pop-rock-musical-mit-willemijn-verkaik-edwin-jonker-und-anderen\/","og_site_name":"Den Helder Online","twitter_card":"summary_large_image","twitter_misc":{"Gesch\u00e4tzte Lesezeit":"1\u00a0Minute"},"schema":{"@context":"https:\/\/schema.org","@graph":[{"@type":"WebPage","@id":"https:\/\/denhelder.online\/evenement\/next-to-normal-een-eigentijdse-pop-rockmusical-met-willemijn-verkaik-edwin-jonker-e-a\/","url":"https:\/\/denhelder.online\/evenement\/next-to-normal-een-eigentijdse-pop-rockmusical-met-willemijn-verkaik-edwin-jonker-e-a\/","name":"Next to Normal \u2013 Ein zeitgen\u00f6ssisches Pop-Rock-Musical mit Willemijn Verkaik, Edwin Jonker et al. - Den Helder Online","isPartOf":{"@id":"https:\/\/denhelder.online\/#website"},"datePublished":"2026-08-06T13:49:24+00:00","breadcrumb":{"@id":"https:\/\/denhelder.online\/evenement\/next-to-normal-een-eigentijdse-pop-rockmusical-met-willemijn-verkaik-edwin-jonker-e-a\/#breadcrumb"},"inLanguage":"de","potentialAction":[{"@type":"ReadAction","target":["https:\/\/denhelder.online\/evenement\/next-to-normal-een-eigentijdse-pop-rockmusical-met-willemijn-verkaik-edwin-jonker-e-a\/"]}]},{"@type":"BreadcrumbList","@id":"https:\/\/denhelder.online\/evenement\/next-to-normal-een-eigentijdse-pop-rockmusical-met-willemijn-verkaik-edwin-jonker-e-a\/#breadcrumb","itemListElement":[{"@type":"ListItem","position":1,"name":"Home","item":"https:\/\/denhelder.online\/"},{"@type":"ListItem","position":2,"name":"Evenementen","item":"https:\/\/denhelder.online\/en\/event-2\/"},{"@type":"ListItem","position":3,"name":"Next to Normal &#8211; Een eigentijdse pop-rockmusical met Willemijn Verkaik, Edwin Jonker e.a."}]},{"@type":"WebSite","@id":"https:\/\/denhelder.online\/#website","url":"https:\/\/denhelder.online\/","name":"Den Helder Online","description":"Erleben Sie Den Helder","publisher":{"@id":"https:\/\/denhelder.online\/#organization"},"potentialAction":[{"@type":"SearchAction","target":{"@type":"EntryPoint","urlTemplate":"https:\/\/denhelder.online\/?s={search_term_string}"},"query-input":{"@type":"PropertyValueSpecification","valueRequired":true,"valueName":"search_term_string"}}],"inLanguage":"de"},{"@type":"Organization","@id":"https:\/\/denhelder.online\/#organization","name":"Den Helder Online","url":"https:\/\/denhelder.online\/","logo":{"@type":"ImageObject","inLanguage":"de","@id":"https:\/\/denhelder.online\/#\/schema\/logo\/image\/","url":"https:\/\/denhelder.online\/wp-content\/uploads\/2021\/12\/DitIsDH-Logo-26-tagline.svg","contentUrl":"https:\/\/denhelder.online\/wp-content\/uploads\/2021\/12\/DitIsDH-Logo-26-tagline.svg","width":1717.1,"height":934.9,"caption":"Den Helder Online"},"image":{"@id":"https:\/\/denhelder.online\/#\/schema\/logo\/image\/"}}]}},"_links":{"self":[{"href":"https:\/\/denhelder.online\/de\/wp-json\/wp\/v2\/events\/25448","targetHints":{"allow":["GET"]}}],"collection":[{"href":"https:\/\/denhelder.online\/de\/wp-json\/wp\/v2\/events"}],"about":[{"href":"https:\/\/denhelder.online\/de\/wp-json\/wp\/v2\/types\/evenement"}],"version-history":[{"count":0,"href":"https:\/\/denhelder.online\/de\/wp-json\/wp\/v2\/events\/25448\/revisions"}],"wp:attachment":[{"href":"https:\/\/denhelder.online\/de\/wp-json\/wp\/v2\/media?parent=25448"}],"wp:term":[{"taxonomy":"category","embeddable":true,"href":"https:\/\/denhelder.online\/de\/wp-json\/wp\/v2\/categories?post=25448"},{"taxonomy":"post_tag","embeddable":true,"href":"https:\/\/denhelder.online\/de\/wp-json\/wp\/v2\/tags?post=25448"},{"taxonomy":"doelgroep","embeddable":true,"href":"https:\/\/denhelder.online\/de\/wp-json\/wp\/v2\/doelgroep?post=25448"}],"curies":[{"name":"wp","href":"https:\/\/api.w.org\/{rel}","templated":true}]}}

Next to Normal – Ein zeitgenössisches Pop-Rock-Musical mit Willemijn Verkaik, Edwin Jonker und anderen.

<p><span>“Next to Normal ist viel mehr als ein Wohlfühlmusical: Es ist ein Musical, das alle Gefühle anspricht.” (The New York Times)</span></p>
<p></p>
<p><span>Mit drei Tony Awards (2009) und dem Pulitzer-Preis für Drama (2010) gehört Next to Normal zu einem exklusiven Kreis: Nur zehn Musicals wurden jemals mit diesem Preis ausgezeichnet. Regisseurin Anouk Beugels, bekannt für MELK, ein Musical, das mit fünf Musical Awards im Jahr 2024 ausgezeichnet wurde, wählt bewusst einen direkten, ungeschliffenen Ansatz. Roh, zeitgenössisch und fantasievoll – genau so, wie NANOEK Musicals macht. Daher auch diese neue Übersetzung von Judith Boesen. Angetrieben von der mitreißenden Pop-Rock-Musik, live gespielt von einer vierköpfigen Band. So wird die Geschichte weit über die Worte hinausgetragen: Man spürt die Höhen und Tiefen mit jeder Faser seines Seins.</span></p>
<p></p>
<p><span>Und weil NANOEK mehr als nur Musicals produziert, entwickelt das Unternehmen ein umfassendes Rahmenprogramm, das die Themen und das Genre des Musicals beleuchtet. Direkt auf den Punkt – mit Mut, Humor und Authentizität. Mehr dazu! </span><a href="https://www.nanoek.nl/" rel="noopener noreferrer" target="_blank">NANOEK.nl</a><span> für weitere Informationen.</span></p>

<p>Die international gefeierte Musicaldarstellerin Willemijn Verkaik (u. a. Wicked, Frozen) ist zurück in den Niederlanden – diesmal als Diana in dem mehrfach preisgekrönten Broadway-Hit Next to Normal. Diana leidet an einer bipolaren Störung, wodurch die Grenze zwischen Fantasie und Realität in ihrer Familie verschwimmt. Ehemann Dan (Edwin Jonker) versucht, zu retten, was zu retten ist; Sohn Gabe ist unberechenbar; Tochter Natalie flüchtet sich in Tabletten und Perfektionismus. Als Zuschauer wird man in das Leben einer Familie hineingezogen, die nach außen hin ‘normal’ wirkt, aber hinter verschlossenen Türen um Stabilität kämpft.</p>

<!-- This site is optimized with the Yoast SEO Premium plugin v24.7 (Yoast SEO v28.3) - https://yoast.com/product/yoast-seo-premium-wordpress/ -->
<title>Next to Normal - Een eigentijdse pop-rockmusical met Willemijn Verkaik, Edwin Jonker e.a. - Den Helder Online</title>
<meta name="robots" content="index, follow, max-snippet:-1, max-image-preview:large, max-video-preview:-1" />
<link rel="canonical" href="https://denhelder.online/de/ereignis/next-to-normal-ein-zeitgenossisches-pop-rock-musical-mit-willemijn-verkaik-edwin-jonker-und-anderen/" />
<meta property="og:locale" content="de_DE" />
<meta property="og:type" content="article" />
<meta property="og:title" content="Next to Normal - Een eigentijdse pop-rockmusical met Willemijn Verkaik, Edwin Jonker e.a." />
<meta property="og:description" content="Internationaal geroemd musicalactrice Willemijn Verkaik (o.a. Wicked, Frozen) is terug in Nederland - dit keer als Diana in de meervoudig bekroonde Broadwayhit Next to Normal. Diana leeft met een bipolaire stoornis, waardoor in haar gezin de grens tussen verbeelding en realiteit vervaagt. Echtgenoot Dan (Edwin Jonker) redt wat er te redden valt; zoon Gabe vliegt alle kanten op; dochter Natalie vlucht in pillen en perfectionisme. Je wordt als kijker meegesleurd in het leven van een gezin dat op papier ‘gewoon’ lijkt, maar achter de voordeur vecht voor houvast." />
<meta property="og:url" content="https://denhelder.online/de/ereignis/next-to-normal-ein-zeitgenossisches-pop-rock-musical-mit-willemijn-verkaik-edwin-jonker-und-anderen/" />
<meta property="og:site_name" content="Den Helder Online" />
<meta name="twitter:card" content="summary_large_image" />
<meta name="twitter:label1" content="Geschätzte Lesezeit" />
	<meta name="twitter:data1" content="1 Minute" />
<script type="application/ld+json" class="yoast-schema-graph">{"@context":"https:\/\/schema.org","@graph":[{"@type":"WebPage","@id":"https:\/\/denhelder.online\/evenement\/next-to-normal-een-eigentijdse-pop-rockmusical-met-willemijn-verkaik-edwin-jonker-e-a\/","url":"https:\/\/denhelder.online\/evenement\/next-to-normal-een-eigentijdse-pop-rockmusical-met-willemijn-verkaik-edwin-jonker-e-a\/","name":"Next to Normal - Een eigentijdse pop-rockmusical met Willemijn Verkaik, Edwin Jonker e.a. - Den Helder Online","isPartOf":{"@id":"https:\/\/denhelder.online\/#website"},"datePublished":"2026-08-06T13:49:24+00:00","breadcrumb":{"@id":"https:\/\/denhelder.online\/evenement\/next-to-normal-een-eigentijdse-pop-rockmusical-met-willemijn-verkaik-edwin-jonker-e-a\/#breadcrumb"},"inLanguage":"de","potentialAction":[{"@type":"ReadAction","target":["https:\/\/denhelder.online\/evenement\/next-to-normal-een-eigentijdse-pop-rockmusical-met-willemijn-verkaik-edwin-jonker-e-a\/"]}]},{"@type":"BreadcrumbList","@id":"https:\/\/denhelder.online\/evenement\/next-to-normal-een-eigentijdse-pop-rockmusical-met-willemijn-verkaik-edwin-jonker-e-a\/#breadcrumb","itemListElement":[{"@type":"ListItem","position":1,"name":"Home","item":"https:\/\/denhelder.online\/"},{"@type":"ListItem","position":2,"name":"Evenementen","item":"https:\/\/denhelder.online\/en\/event-2\/"},{"@type":"ListItem","position":3,"name":"Next to Normal &#8211; Een eigentijdse pop-rockmusical met Willemijn Verkaik, Edwin Jonker e.a."}]},{"@type":"WebSite","@id":"https:\/\/denhelder.online\/#website","url":"https:\/\/denhelder.online\/","name":"Den Helder Online","description":"Beleef Den Helder","publisher":{"@id":"https:\/\/denhelder.online\/#organization"},"potentialAction":[{"@type":"SearchAction","target":{"@type":"EntryPoint","urlTemplate":"https:\/\/denhelder.online\/?s={search_term_string}"},"query-input":{"@type":"PropertyValueSpecification","valueRequired":true,"valueName":"search_term_string"}}],"inLanguage":"de"},{"@type":"Organization","@id":"https:\/\/denhelder.online\/#organization","name":"Den Helder Online","url":"https:\/\/denhelder.online\/","logo":{"@type":"ImageObject","inLanguage":"de","@id":"https:\/\/denhelder.online\/#\/schema\/logo\/image\/","url":"https:\/\/denhelder.online\/wp-content\/uploads\/2021\/12\/DitIsDH-Logo-26-tagline.svg","contentUrl":"https:\/\/denhelder.online\/wp-content\/uploads\/2021\/12\/DitIsDH-Logo-26-tagline.svg","width":1717.1,"height":934.9,"caption":"Den Helder Online"},"image":{"@id":"https:\/\/denhelder.online\/#\/schema\/logo\/image\/"}}]}</script>
<!-- / Yoast SEO Premium plugin. -->

Next to Normal – Ein zeitgenössisches Pop-Rock-Musical mit Willemijn Verkaik, Edwin Jonker et al. - Den Helder Online
