{"id":25452,"date":"2026-08-06T15:49:26","date_gmt":"2026-08-06T13:49:26","guid":{"rendered":"https:\/\/denhelder.online\/evenement\/ewout-genemans-avonturen-en-inzichten-van-een-eigenzinnige-programmamaker\/"},"modified":"2026-08-21T15:10:12","modified_gmt":"2026-08-21T13:10:12","slug":"ewout-genemans-abenteuer-und-einblicke-eines-eigenwilligen-programmmachers","status":"publish","type":"evenement","link":"https:\/\/denhelder.online\/de\/evenement\/ewout-genemans-avonturen-en-inzichten-van-een-eigenzinnige-programmamaker\/","title":{"rendered":"Ewout Genemans \u2013 Abenteuer und Einblicke eines eigenwilligen Programmgestalters"},"content":{"rendered":"<p><span style=\"background-color: rgb(255, 255, 255); color: rgb(56, 57, 64);\">Wie gewinnt man Vertrauen ohne Vorurteile? Was braucht es, um wirklich zuzuh\u00f6ren, auch wenn die Situation angespannt oder konfrontativ wird?<\/span><\/p>\n<p><\/p>\n<p><span style=\"background-color: rgb(255, 255, 255); color: rgb(56, 57, 64);\">Ewout erz\u00e4hlt, wie ihn Begegnungen mit anderen ber\u00fchren, welchen Einfluss dies auf seine mentale Widerstandsf\u00e4higkeit hat und was wir daraus f\u00fcr unsere t\u00e4glichen Interaktionen mit unseren Mitmenschen lernen k\u00f6nnen. Ein Abend, der zeigt, was entstehen kann, wenn Neugier und aufrichtige Aufmerksamkeit zusammenkommen.<\/span><\/p>","protected":false},"excerpt":{"rendered":"<p>In dieser Theatershow gew\u00e4hrt Ewout Genemans zusammen mit seinem Stammkameramann Julian Bakkum einen unverf\u00e4lschten Blick hinter die Kulissen seiner Arbeit. Anhand pers\u00f6nlicher Geschichten und Erlebnisse aus seinen Sendungen entf\u00fchrt er das Publikum in Welten, die den meisten Menschen verborgen bleiben.<\/p>","protected":false},"featured_media":0,"template":"","meta":{"patterndates-bp":null,"singledates-bp":[{"date-timestamp-repeaters":1791504000}],"footnotes":""},"categories":[6370],"tags":[6364,6235,6238],"doelgroep":[],"class_list":["post-25452","evenement","type-evenement","status-publish","hentry","category-evenement","tag-den-helder","tag-theater","tag-willemsoord","marker-toonopdenhelder"],"yoast_head":"<!-- This site is optimized with the Yoast SEO Premium plugin v24.7 (Yoast SEO v28.4) - https:\/\/yoast.com\/product\/yoast-seo-premium-wordpress\/ -->\n<title>Ewout Genemans - Avonturen en inzichten van een eigenzinnige programmamaker - Den Helder Online<\/title>\n<meta name=\"robots\" content=\"index, follow, max-snippet:-1, max-image-preview:large, max-video-preview:-1\" \/>\n<link rel=\"canonical\" href=\"https:\/\/denhelder.online\/de\/ereignis\/ewout-genemans-abenteuer-und-einblicke-eines-eigenwilligen-programmmachers\/\" \/>\n<meta property=\"og:locale\" content=\"de_DE\" \/>\n<meta property=\"og:type\" content=\"article\" \/>\n<meta property=\"og:title\" content=\"Ewout Genemans - Avonturen en inzichten van een eigenzinnige programmamaker\" \/>\n<meta property=\"og:description\" content=\"In deze theatershow geeft Ewout Genemans samen met vaste cameraman Julian Bakkum een openhartige inkijk achter de schermen van zijn werk. Aan de hand van persoonlijke verhalen en ervaringen uit zijn programma\u2019s neemt hij het publiek mee in werelden die voor de meesten verborgen blijven.\" \/>\n<meta property=\"og:url\" content=\"https:\/\/denhelder.online\/de\/ereignis\/ewout-genemans-abenteuer-und-einblicke-eines-eigenwilligen-programmmachers\/\" \/>\n<meta property=\"og:site_name\" content=\"Den Helder Online\" \/>\n<meta property=\"article:modified_time\" content=\"2026-08-21T13:10:12+00:00\" \/>\n<meta name=\"twitter:card\" content=\"summary_large_image\" \/>\n<script type=\"application\/ld+json\" class=\"yoast-schema-graph\">{\"@context\":\"https:\\\/\\\/schema.org\",\"@graph\":[{\"@type\":\"WebPage\",\"@id\":\"https:\\\/\\\/denhelder.online\\\/evenement\\\/ewout-genemans-avonturen-en-inzichten-van-een-eigenzinnige-programmamaker\\\/\",\"url\":\"https:\\\/\\\/denhelder.online\\\/evenement\\\/ewout-genemans-avonturen-en-inzichten-van-een-eigenzinnige-programmamaker\\\/\",\"name\":\"Ewout Genemans - Avonturen en inzichten van een eigenzinnige programmamaker - Den Helder Online\",\"isPartOf\":{\"@id\":\"https:\\\/\\\/denhelder.online\\\/#website\"},\"datePublished\":\"2026-08-06T13:49:26+00:00\",\"dateModified\":\"2026-08-21T13:10:12+00:00\",\"breadcrumb\":{\"@id\":\"https:\\\/\\\/denhelder.online\\\/evenement\\\/ewout-genemans-avonturen-en-inzichten-van-een-eigenzinnige-programmamaker\\\/#breadcrumb\"},\"inLanguage\":\"de\",\"potentialAction\":[{\"@type\":\"ReadAction\",\"target\":[\"https:\\\/\\\/denhelder.online\\\/evenement\\\/ewout-genemans-avonturen-en-inzichten-van-een-eigenzinnige-programmamaker\\\/\"]}]},{\"@type\":\"BreadcrumbList\",\"@id\":\"https:\\\/\\\/denhelder.online\\\/evenement\\\/ewout-genemans-avonturen-en-inzichten-van-een-eigenzinnige-programmamaker\\\/#breadcrumb\",\"itemListElement\":[{\"@type\":\"ListItem\",\"position\":1,\"name\":\"Home\",\"item\":\"https:\\\/\\\/denhelder.online\\\/\"},{\"@type\":\"ListItem\",\"position\":2,\"name\":\"Evenementen\",\"item\":\"https:\\\/\\\/denhelder.online\\\/en\\\/event-2\\\/\"},{\"@type\":\"ListItem\",\"position\":3,\"name\":\"Ewout Genemans &#8211; Avonturen en inzichten van een eigenzinnige programmamaker\"}]},{\"@type\":\"WebSite\",\"@id\":\"https:\\\/\\\/denhelder.online\\\/#website\",\"url\":\"https:\\\/\\\/denhelder.online\\\/\",\"name\":\"Den Helder Online\",\"description\":\"Beleef Den Helder\",\"publisher\":{\"@id\":\"https:\\\/\\\/denhelder.online\\\/#organization\"},\"potentialAction\":[{\"@type\":\"SearchAction\",\"target\":{\"@type\":\"EntryPoint\",\"urlTemplate\":\"https:\\\/\\\/denhelder.online\\\/?s={search_term_string}\"},\"query-input\":{\"@type\":\"PropertyValueSpecification\",\"valueRequired\":true,\"valueName\":\"search_term_string\"}}],\"inLanguage\":\"de\"},{\"@type\":\"Organization\",\"@id\":\"https:\\\/\\\/denhelder.online\\\/#organization\",\"name\":\"Den Helder Online\",\"url\":\"https:\\\/\\\/denhelder.online\\\/\",\"logo\":{\"@type\":\"ImageObject\",\"inLanguage\":\"de\",\"@id\":\"https:\\\/\\\/denhelder.online\\\/#\\\/schema\\\/logo\\\/image\\\/\",\"url\":\"https:\\\/\\\/denhelder.online\\\/wp-content\\\/uploads\\\/2021\\\/12\\\/DitIsDH-Logo-26-tagline.svg\",\"contentUrl\":\"https:\\\/\\\/denhelder.online\\\/wp-content\\\/uploads\\\/2021\\\/12\\\/DitIsDH-Logo-26-tagline.svg\",\"width\":1717.1,\"height\":934.9,\"caption\":\"Den Helder Online\"},\"image\":{\"@id\":\"https:\\\/\\\/denhelder.online\\\/#\\\/schema\\\/logo\\\/image\\\/\"}}]}<\/script>\n<!-- \/ Yoast SEO Premium plugin. -->","yoast_head_json":{"title":"Ewout Genemans \u2013 Abenteuer und Einblicke eines eigenwilligen Programmgestalters \u2013 Den Helder Online","robots":{"index":"index","follow":"follow","max-snippet":"max-snippet:-1","max-image-preview":"max-image-preview:large","max-video-preview":"max-video-preview:-1"},"canonical":"https:\/\/denhelder.online\/de\/ereignis\/ewout-genemans-abenteuer-und-einblicke-eines-eigenwilligen-programmmachers\/","og_locale":"de_DE","og_type":"article","og_title":"Ewout Genemans - Avonturen en inzichten van een eigenzinnige programmamaker","og_description":"In deze theatershow geeft Ewout Genemans samen met vaste cameraman Julian Bakkum een openhartige inkijk achter de schermen van zijn werk. Aan de hand van persoonlijke verhalen en ervaringen uit zijn programma\u2019s neemt hij het publiek mee in werelden die voor de meesten verborgen blijven.","og_url":"https:\/\/denhelder.online\/de\/ereignis\/ewout-genemans-abenteuer-und-einblicke-eines-eigenwilligen-programmmachers\/","og_site_name":"Den Helder Online","article_modified_time":"2026-08-21T13:10:12+00:00","twitter_card":"summary_large_image","schema":{"@context":"https:\/\/schema.org","@graph":[{"@type":"WebPage","@id":"https:\/\/denhelder.online\/evenement\/ewout-genemans-avonturen-en-inzichten-van-een-eigenzinnige-programmamaker\/","url":"https:\/\/denhelder.online\/evenement\/ewout-genemans-avonturen-en-inzichten-van-een-eigenzinnige-programmamaker\/","name":"Ewout Genemans \u2013 Abenteuer und Einblicke eines eigenwilligen Programmgestalters \u2013 Den Helder Online","isPartOf":{"@id":"https:\/\/denhelder.online\/#website"},"datePublished":"2026-08-06T13:49:26+00:00","dateModified":"2026-08-21T13:10:12+00:00","breadcrumb":{"@id":"https:\/\/denhelder.online\/evenement\/ewout-genemans-avonturen-en-inzichten-van-een-eigenzinnige-programmamaker\/#breadcrumb"},"inLanguage":"de","potentialAction":[{"@type":"ReadAction","target":["https:\/\/denhelder.online\/evenement\/ewout-genemans-avonturen-en-inzichten-van-een-eigenzinnige-programmamaker\/"]}]},{"@type":"BreadcrumbList","@id":"https:\/\/denhelder.online\/evenement\/ewout-genemans-avonturen-en-inzichten-van-een-eigenzinnige-programmamaker\/#breadcrumb","itemListElement":[{"@type":"ListItem","position":1,"name":"Home","item":"https:\/\/denhelder.online\/"},{"@type":"ListItem","position":2,"name":"Evenementen","item":"https:\/\/denhelder.online\/en\/event-2\/"},{"@type":"ListItem","position":3,"name":"Ewout Genemans &#8211; Avonturen en inzichten van een eigenzinnige programmamaker"}]},{"@type":"WebSite","@id":"https:\/\/denhelder.online\/#website","url":"https:\/\/denhelder.online\/","name":"Den Helder Online","description":"Erleben Sie Den Helder","publisher":{"@id":"https:\/\/denhelder.online\/#organization"},"potentialAction":[{"@type":"SearchAction","target":{"@type":"EntryPoint","urlTemplate":"https:\/\/denhelder.online\/?s={search_term_string}"},"query-input":{"@type":"PropertyValueSpecification","valueRequired":true,"valueName":"search_term_string"}}],"inLanguage":"de"},{"@type":"Organization","@id":"https:\/\/denhelder.online\/#organization","name":"Den Helder Online","url":"https:\/\/denhelder.online\/","logo":{"@type":"ImageObject","inLanguage":"de","@id":"https:\/\/denhelder.online\/#\/schema\/logo\/image\/","url":"https:\/\/denhelder.online\/wp-content\/uploads\/2021\/12\/DitIsDH-Logo-26-tagline.svg","contentUrl":"https:\/\/denhelder.online\/wp-content\/uploads\/2021\/12\/DitIsDH-Logo-26-tagline.svg","width":1717.1,"height":934.9,"caption":"Den Helder Online"},"image":{"@id":"https:\/\/denhelder.online\/#\/schema\/logo\/image\/"}}]}},"_links":{"self":[{"href":"https:\/\/denhelder.online\/de\/wp-json\/wp\/v2\/events\/25452","targetHints":{"allow":["GET"]}}],"collection":[{"href":"https:\/\/denhelder.online\/de\/wp-json\/wp\/v2\/events"}],"about":[{"href":"https:\/\/denhelder.online\/de\/wp-json\/wp\/v2\/types\/evenement"}],"version-history":[{"count":1,"href":"https:\/\/denhelder.online\/de\/wp-json\/wp\/v2\/events\/25452\/revisions"}],"predecessor-version":[{"id":25794,"href":"https:\/\/denhelder.online\/de\/wp-json\/wp\/v2\/events\/25452\/revisions\/25794"}],"wp:attachment":[{"href":"https:\/\/denhelder.online\/de\/wp-json\/wp\/v2\/media?parent=25452"}],"wp:term":[{"taxonomy":"category","embeddable":true,"href":"https:\/\/denhelder.online\/de\/wp-json\/wp\/v2\/categories?post=25452"},{"taxonomy":"post_tag","embeddable":true,"href":"https:\/\/denhelder.online\/de\/wp-json\/wp\/v2\/tags?post=25452"},{"taxonomy":"doelgroep","embeddable":true,"href":"https:\/\/denhelder.online\/de\/wp-json\/wp\/v2\/doelgroep?post=25452"}],"curies":[{"name":"wp","href":"https:\/\/api.w.org\/{rel}","templated":true}]}}

<p><span style="background-color: rgb(255, 255, 255); color: rgb(56, 57, 64);">Wie gewinnt man Vertrauen ohne Vorurteile? Was braucht es, um wirklich zuzuhören, auch wenn die Situation angespannt oder konfrontativ wird?</span></p>
<p></p>
<p><span style="background-color: rgb(255, 255, 255); color: rgb(56, 57, 64);">Ewout erzählt, wie ihn Begegnungen mit anderen berühren, welchen Einfluss dies auf seine mentale Widerstandsfähigkeit hat und was wir daraus für unsere täglichen Interaktionen mit unseren Mitmenschen lernen können. Ein Abend, der zeigt, was entstehen kann, wenn Neugier und aufrichtige Aufmerksamkeit zusammenkommen.</span></p>

<p>In dieser Theatershow gewährt Ewout Genemans zusammen mit seinem Stammkameramann Julian Bakkum einen unverfälschten Blick hinter die Kulissen seiner Arbeit. Anhand persönlicher Geschichten und Erlebnisse aus seinen Sendungen entführt er das Publikum in Welten, die den meisten Menschen verborgen bleiben.</p>
