{"id":25460,"date":"2026-08-06T15:49:33","date_gmt":"2026-08-06T13:49:33","guid":{"rendered":"https:\/\/denhelder.online\/evenement\/charl-zingt-shaffy\/"},"modified":"2026-08-06T15:49:33","modified_gmt":"2026-08-06T13:49:33","slug":"charl-singt-shaffy","status":"publish","type":"evenement","link":"https:\/\/denhelder.online\/de\/evenement\/charl-zingt-shaffy\/","title":{"rendered":"Charl singt Shaffy"},"content":{"rendered":"<p><span>In diesem Konzert erweist Charl gemeinsam mit seiner Band Ramses Shaffy, einem K\u00fcnstler, der die niederl\u00e4ndische Musikgeschichte nachhaltig gepr\u00e4gt hat, eine beeindruckende Hommage. Shaffys Lieder, voller Leidenschaft, Lebensfreude und Melancholie, inspirieren bis heute Generationen. Charl versteht es, Shaffys Musik eindrucksvoll und authentisch zu interpretieren. Emotion, Intensit\u00e4t und Authentizit\u00e4t stehen im Mittelpunkt, und seine tiefe Verbundenheit mit Shaffys Werk ist in jeder Darbietung sp\u00fcrbar und verleiht ihr eine tiefgr\u00fcndige pers\u00f6nliche Note.<\/span><\/p>\n<p><\/p>\n<p><span>Mit seiner einzigartigen Stimme und seiner tief empfundenen Darbietung erweckt Charl die Seele von Shaffys Musik zu neuem Leben. Legend\u00e4re Lieder wie \u2018Laat Me\u2019, \u2018Sammy\u2019 und \u2018Zing, Vecht, Huil, Bid, Lach, Werk en Bewonder\u2019 interpretiert er auf seine ganz eigene, authentische und mitrei\u00dfende Weise.<\/span><\/p>\n<p><\/p>\n<p><strong>\u00dcber Charl Delemarre<\/strong><\/p>\n<p><span>Charl Delemarre ist ein niederl\u00e4ndischsprachiger Singer-Songwriter, der mit seinen pers\u00f6nlichen Liedern den \u2018Grote Prijs van Nederland\u2019 gewann. Nach seinem Sieg ver\u00f6ffentlichte er die EP \u2018De Bekentenis\u2019, gefolgt von den erfolgreichen Singles \u2018Zonder Jou\u2019 und \u2018Lichtelijk Verlicht\u2019. Er spielte mehr als drei\u00dfig Shows w\u00e4hrend der Popronde und trat bei Eurosonic Noorderslag und Pinkpop auf. Seine zweite EP \u2018Charl\u2019 wurde von Antonie Broek (Schlagzeuger von De Dijk) produziert, danach spielte er ein Jahr lang als Vorgruppe f\u00fcr De Dijk und Guus Meeuwis. Charl trat mehrmals bei \u2018DWDD\u2019 und \u2018Omroep Max\u2019 auf.<\/span><\/p>\n<p><\/p>\n<p><strong>ZITATE<\/strong><\/p>\n<p><em>\u201cEs gibt viele W\u00fcrdigungen von Ramses, aber deine kommt ihm so nahe. Du bist eine authentische Pers\u00f6nlichkeit und vermittelst sein Wesen.\u201d<\/em><span> \u2013 <\/span><strong>Angela Groothuizen, The Tribute Battle of the Bands<\/strong><\/p>\n<p><em>\u201cIch bekam G\u00e4nsehaut. Ich dachte: Was w\u00fcrde da wohl in mich hineinkommen? Du hast dein Herz ge\u00f6ffnet, und was du mitgebracht hast, kam aus dem Innersten.\u201d<\/em><span> \u2013 <\/span><strong>Spike, der Tribute-Bandwettbewerb<\/strong><\/p>","protected":false},"excerpt":{"rendered":"<p>Eine Ode an Ramses Shaffy, gesungen von Charl Delemarre<br \/>\nMit seiner Interpretation des legend\u00e4ren Songs \u2018Laat me\u2019 begeisterte Charl Delemarre die Jury der beliebten Fernsehsendung \u2018The Tribute: Battle of the Bands\u2019. Sein Auftritt ber\u00fchrte Publikum und Jury gleicherma\u00dfen. Besonders hervorgehoben wurde, wie nah die Band dem Original von Ramses Shaffy kommt und wie ausdrucksstark Charl seine Pers\u00f6nlichkeit in der Interpretation zum Ausdruck bringt.<\/p>","protected":false},"featured_media":0,"template":"","meta":{"patterndates-bp":null,"singledates-bp":[{"date-timestamp-repeaters":1792022400}],"footnotes":""},"categories":[6370],"tags":[6364,6237,6235,6238],"doelgroep":[],"class_list":["post-25460","evenement","type-evenement","status-publish","hentry","category-evenement","tag-den-helder","tag-muziek","tag-theater","tag-willemsoord","marker-toonopdenhelder"],"yoast_head":"<!-- This site is optimized with the Yoast SEO Premium plugin v24.7 (Yoast SEO v28.3) - https:\/\/yoast.com\/product\/yoast-seo-premium-wordpress\/ -->\n<title>Charl Zingt Shaffy - Den Helder Online<\/title>\n<meta name=\"robots\" content=\"index, follow, max-snippet:-1, max-image-preview:large, max-video-preview:-1\" \/>\n<link rel=\"canonical\" href=\"https:\/\/denhelder.online\/de\/ereignis\/charl-singt-shaffy\/\" \/>\n<meta property=\"og:locale\" content=\"de_DE\" \/>\n<meta property=\"og:type\" content=\"article\" \/>\n<meta property=\"og:title\" content=\"Charl Zingt Shaffy\" \/>\n<meta property=\"og:description\" content=\"Een ode aan Ramses Shaffy, gezongen door Charl Delemarre Met zijn vertolking van het iconische nummer \u2018Laat me\u2019 blies Charl Delemarre de jury van het populaire tv-programma \u2018The Tribute: Battle of the Bands\u2019 omver. Zijn optreden raakte zowel publiek als de jury, die lovend sprak over hoe dicht de band bij Ramses Shaffy weet te komen en over de sterke persoonlijke expressie van Charl.\" \/>\n<meta property=\"og:url\" content=\"https:\/\/denhelder.online\/de\/ereignis\/charl-singt-shaffy\/\" \/>\n<meta property=\"og:site_name\" content=\"Den Helder Online\" \/>\n<meta name=\"twitter:card\" content=\"summary_large_image\" \/>\n<meta name=\"twitter:label1\" content=\"Gesch\u00e4tzte Lesezeit\" \/>\n\t<meta name=\"twitter:data1\" content=\"1\u00a0Minute\" \/>\n<script type=\"application\/ld+json\" class=\"yoast-schema-graph\">{\"@context\":\"https:\\\/\\\/schema.org\",\"@graph\":[{\"@type\":\"WebPage\",\"@id\":\"https:\\\/\\\/denhelder.online\\\/evenement\\\/charl-zingt-shaffy\\\/\",\"url\":\"https:\\\/\\\/denhelder.online\\\/evenement\\\/charl-zingt-shaffy\\\/\",\"name\":\"Charl Zingt Shaffy - Den Helder Online\",\"isPartOf\":{\"@id\":\"https:\\\/\\\/denhelder.online\\\/#website\"},\"datePublished\":\"2026-08-06T13:49:33+00:00\",\"breadcrumb\":{\"@id\":\"https:\\\/\\\/denhelder.online\\\/evenement\\\/charl-zingt-shaffy\\\/#breadcrumb\"},\"inLanguage\":\"de\",\"potentialAction\":[{\"@type\":\"ReadAction\",\"target\":[\"https:\\\/\\\/denhelder.online\\\/evenement\\\/charl-zingt-shaffy\\\/\"]}]},{\"@type\":\"BreadcrumbList\",\"@id\":\"https:\\\/\\\/denhelder.online\\\/evenement\\\/charl-zingt-shaffy\\\/#breadcrumb\",\"itemListElement\":[{\"@type\":\"ListItem\",\"position\":1,\"name\":\"Home\",\"item\":\"https:\\\/\\\/denhelder.online\\\/\"},{\"@type\":\"ListItem\",\"position\":2,\"name\":\"Evenementen\",\"item\":\"https:\\\/\\\/denhelder.online\\\/en\\\/event-2\\\/\"},{\"@type\":\"ListItem\",\"position\":3,\"name\":\"Charl Zingt Shaffy\"}]},{\"@type\":\"WebSite\",\"@id\":\"https:\\\/\\\/denhelder.online\\\/#website\",\"url\":\"https:\\\/\\\/denhelder.online\\\/\",\"name\":\"Den Helder Online\",\"description\":\"Beleef Den Helder\",\"publisher\":{\"@id\":\"https:\\\/\\\/denhelder.online\\\/#organization\"},\"potentialAction\":[{\"@type\":\"SearchAction\",\"target\":{\"@type\":\"EntryPoint\",\"urlTemplate\":\"https:\\\/\\\/denhelder.online\\\/?s={search_term_string}\"},\"query-input\":{\"@type\":\"PropertyValueSpecification\",\"valueRequired\":true,\"valueName\":\"search_term_string\"}}],\"inLanguage\":\"de\"},{\"@type\":\"Organization\",\"@id\":\"https:\\\/\\\/denhelder.online\\\/#organization\",\"name\":\"Den Helder Online\",\"url\":\"https:\\\/\\\/denhelder.online\\\/\",\"logo\":{\"@type\":\"ImageObject\",\"inLanguage\":\"de\",\"@id\":\"https:\\\/\\\/denhelder.online\\\/#\\\/schema\\\/logo\\\/image\\\/\",\"url\":\"https:\\\/\\\/denhelder.online\\\/wp-content\\\/uploads\\\/2021\\\/12\\\/DitIsDH-Logo-26-tagline.svg\",\"contentUrl\":\"https:\\\/\\\/denhelder.online\\\/wp-content\\\/uploads\\\/2021\\\/12\\\/DitIsDH-Logo-26-tagline.svg\",\"width\":1717.1,\"height\":934.9,\"caption\":\"Den Helder Online\"},\"image\":{\"@id\":\"https:\\\/\\\/denhelder.online\\\/#\\\/schema\\\/logo\\\/image\\\/\"}}]}<\/script>\n<!-- \/ Yoast SEO Premium plugin. -->","yoast_head_json":{"title":"Charl singt Shaffy - Den Helder Online","robots":{"index":"index","follow":"follow","max-snippet":"max-snippet:-1","max-image-preview":"max-image-preview:large","max-video-preview":"max-video-preview:-1"},"canonical":"https:\/\/denhelder.online\/de\/ereignis\/charl-singt-shaffy\/","og_locale":"de_DE","og_type":"article","og_title":"Charl Zingt Shaffy","og_description":"Een ode aan Ramses Shaffy, gezongen door Charl Delemarre Met zijn vertolking van het iconische nummer \u2018Laat me\u2019 blies Charl Delemarre de jury van het populaire tv-programma \u2018The Tribute: Battle of the Bands\u2019 omver. Zijn optreden raakte zowel publiek als de jury, die lovend sprak over hoe dicht de band bij Ramses Shaffy weet te komen en over de sterke persoonlijke expressie van Charl.","og_url":"https:\/\/denhelder.online\/de\/ereignis\/charl-singt-shaffy\/","og_site_name":"Den Helder Online","twitter_card":"summary_large_image","twitter_misc":{"Gesch\u00e4tzte Lesezeit":"1\u00a0Minute"},"schema":{"@context":"https:\/\/schema.org","@graph":[{"@type":"WebPage","@id":"https:\/\/denhelder.online\/evenement\/charl-zingt-shaffy\/","url":"https:\/\/denhelder.online\/evenement\/charl-zingt-shaffy\/","name":"Charl singt Shaffy - Den Helder Online","isPartOf":{"@id":"https:\/\/denhelder.online\/#website"},"datePublished":"2026-08-06T13:49:33+00:00","breadcrumb":{"@id":"https:\/\/denhelder.online\/evenement\/charl-zingt-shaffy\/#breadcrumb"},"inLanguage":"de","potentialAction":[{"@type":"ReadAction","target":["https:\/\/denhelder.online\/evenement\/charl-zingt-shaffy\/"]}]},{"@type":"BreadcrumbList","@id":"https:\/\/denhelder.online\/evenement\/charl-zingt-shaffy\/#breadcrumb","itemListElement":[{"@type":"ListItem","position":1,"name":"Home","item":"https:\/\/denhelder.online\/"},{"@type":"ListItem","position":2,"name":"Evenementen","item":"https:\/\/denhelder.online\/en\/event-2\/"},{"@type":"ListItem","position":3,"name":"Charl Zingt Shaffy"}]},{"@type":"WebSite","@id":"https:\/\/denhelder.online\/#website","url":"https:\/\/denhelder.online\/","name":"Den Helder Online","description":"Erleben Sie Den Helder","publisher":{"@id":"https:\/\/denhelder.online\/#organization"},"potentialAction":[{"@type":"SearchAction","target":{"@type":"EntryPoint","urlTemplate":"https:\/\/denhelder.online\/?s={search_term_string}"},"query-input":{"@type":"PropertyValueSpecification","valueRequired":true,"valueName":"search_term_string"}}],"inLanguage":"de"},{"@type":"Organization","@id":"https:\/\/denhelder.online\/#organization","name":"Den Helder Online","url":"https:\/\/denhelder.online\/","logo":{"@type":"ImageObject","inLanguage":"de","@id":"https:\/\/denhelder.online\/#\/schema\/logo\/image\/","url":"https:\/\/denhelder.online\/wp-content\/uploads\/2021\/12\/DitIsDH-Logo-26-tagline.svg","contentUrl":"https:\/\/denhelder.online\/wp-content\/uploads\/2021\/12\/DitIsDH-Logo-26-tagline.svg","width":1717.1,"height":934.9,"caption":"Den Helder Online"},"image":{"@id":"https:\/\/denhelder.online\/#\/schema\/logo\/image\/"}}]}},"_links":{"self":[{"href":"https:\/\/denhelder.online\/de\/wp-json\/wp\/v2\/events\/25460","targetHints":{"allow":["GET"]}}],"collection":[{"href":"https:\/\/denhelder.online\/de\/wp-json\/wp\/v2\/events"}],"about":[{"href":"https:\/\/denhelder.online\/de\/wp-json\/wp\/v2\/types\/evenement"}],"version-history":[{"count":0,"href":"https:\/\/denhelder.online\/de\/wp-json\/wp\/v2\/events\/25460\/revisions"}],"wp:attachment":[{"href":"https:\/\/denhelder.online\/de\/wp-json\/wp\/v2\/media?parent=25460"}],"wp:term":[{"taxonomy":"category","embeddable":true,"href":"https:\/\/denhelder.online\/de\/wp-json\/wp\/v2\/categories?post=25460"},{"taxonomy":"post_tag","embeddable":true,"href":"https:\/\/denhelder.online\/de\/wp-json\/wp\/v2\/tags?post=25460"},{"taxonomy":"doelgroep","embeddable":true,"href":"https:\/\/denhelder.online\/de\/wp-json\/wp\/v2\/doelgroep?post=25460"}],"curies":[{"name":"wp","href":"https:\/\/api.w.org\/{rel}","templated":true}]}}

<p><span>In diesem Konzert erweist Charl gemeinsam mit seiner Band Ramses Shaffy, einem Künstler, der die niederländische Musikgeschichte nachhaltig geprägt hat, eine beeindruckende Hommage. Shaffys Lieder, voller Leidenschaft, Lebensfreude und Melancholie, inspirieren bis heute Generationen. Charl versteht es, Shaffys Musik eindrucksvoll und authentisch zu interpretieren. Emotion, Intensität und Authentizität stehen im Mittelpunkt, und seine tiefe Verbundenheit mit Shaffys Werk ist in jeder Darbietung spürbar und verleiht ihr eine tiefgründige persönliche Note.</span></p>
<p></p>
<p><span>Mit seiner einzigartigen Stimme und seiner tief empfundenen Darbietung erweckt Charl die Seele von Shaffys Musik zu neuem Leben. Legendäre Lieder wie ‘Laat Me’, ‘Sammy’ und ‘Zing, Vecht, Huil, Bid, Lach, Werk en Bewonder’ interpretiert er auf seine ganz eigene, authentische und mitreißende Weise.</span></p>
<p></p>
<p><strong>Über Charl Delemarre</strong></p>
<p><span>Charl Delemarre ist ein niederländischsprachiger Singer-Songwriter, der mit seinen persönlichen Liedern den ‘Grote Prijs van Nederland’ gewann. Nach seinem Sieg veröffentlichte er die EP ‘De Bekentenis’, gefolgt von den erfolgreichen Singles ‘Zonder Jou’ und ‘Lichtelijk Verlicht’. Er spielte mehr als dreißig Shows während der Popronde und trat bei Eurosonic Noorderslag und Pinkpop auf. Seine zweite EP ‘Charl’ wurde von Antonie Broek (Schlagzeuger von De Dijk) produziert, danach spielte er ein Jahr lang als Vorgruppe für De Dijk und Guus Meeuwis. Charl trat mehrmals bei ‘DWDD’ und ‘Omroep Max’ auf.</span></p>
<p></p>
<p><strong>ZITATE</strong></p>
<p><em>“Es gibt viele Würdigungen von Ramses, aber deine kommt ihm so nahe. Du bist eine authentische Persönlichkeit und vermittelst sein Wesen.”</em><span> – </span><strong>Angela Groothuizen, The Tribute Battle of the Bands</strong></p>
<p><em>“Ich bekam Gänsehaut. Ich dachte: Was würde da wohl in mich hineinkommen? Du hast dein Herz geöffnet, und was du mitgebracht hast, kam aus dem Innersten.”</em><span> – </span><strong>Spike, der Tribute-Bandwettbewerb</strong></p>

<p>Eine Ode an Ramses Shaffy, gesungen von Charl Delemarre<br />
Mit seiner Interpretation des legendären Songs ‘Laat me’ begeisterte Charl Delemarre die Jury der beliebten Fernsehsendung ‘The Tribute: Battle of the Bands’. Sein Auftritt berührte Publikum und Jury gleichermaßen. Besonders hervorgehoben wurde, wie nah die Band dem Original von Ramses Shaffy kommt und wie ausdrucksstark Charl seine Persönlichkeit in der Interpretation zum Ausdruck bringt.</p>

<!-- This site is optimized with the Yoast SEO Premium plugin v24.7 (Yoast SEO v28.3) - https://yoast.com/product/yoast-seo-premium-wordpress/ -->
<title>Charl Zingt Shaffy - Den Helder Online</title>
<meta name="robots" content="index, follow, max-snippet:-1, max-image-preview:large, max-video-preview:-1" />
<link rel="canonical" href="https://denhelder.online/de/ereignis/charl-singt-shaffy/" />
<meta property="og:locale" content="de_DE" />
<meta property="og:type" content="article" />
<meta property="og:title" content="Charl Zingt Shaffy" />
<meta property="og:description" content="Een ode aan Ramses Shaffy, gezongen door Charl Delemarre Met zijn vertolking van het iconische nummer ‘Laat me’ blies Charl Delemarre de jury van het populaire tv-programma ‘The Tribute: Battle of the Bands’ omver. Zijn optreden raakte zowel publiek als de jury, die lovend sprak over hoe dicht de band bij Ramses Shaffy weet te komen en over de sterke persoonlijke expressie van Charl." />
<meta property="og:url" content="https://denhelder.online/de/ereignis/charl-singt-shaffy/" />
<meta property="og:site_name" content="Den Helder Online" />
<meta name="twitter:card" content="summary_large_image" />
<meta name="twitter:label1" content="Geschätzte Lesezeit" />
	<meta name="twitter:data1" content="1 Minute" />
<script type="application/ld+json" class="yoast-schema-graph">{"@context":"https:\/\/schema.org","@graph":[{"@type":"WebPage","@id":"https:\/\/denhelder.online\/evenement\/charl-zingt-shaffy\/","url":"https:\/\/denhelder.online\/evenement\/charl-zingt-shaffy\/","name":"Charl Zingt Shaffy - Den Helder Online","isPartOf":{"@id":"https:\/\/denhelder.online\/#website"},"datePublished":"2026-08-06T13:49:33+00:00","breadcrumb":{"@id":"https:\/\/denhelder.online\/evenement\/charl-zingt-shaffy\/#breadcrumb"},"inLanguage":"de","potentialAction":[{"@type":"ReadAction","target":["https:\/\/denhelder.online\/evenement\/charl-zingt-shaffy\/"]}]},{"@type":"BreadcrumbList","@id":"https:\/\/denhelder.online\/evenement\/charl-zingt-shaffy\/#breadcrumb","itemListElement":[{"@type":"ListItem","position":1,"name":"Home","item":"https:\/\/denhelder.online\/"},{"@type":"ListItem","position":2,"name":"Evenementen","item":"https:\/\/denhelder.online\/en\/event-2\/"},{"@type":"ListItem","position":3,"name":"Charl Zingt Shaffy"}]},{"@type":"WebSite","@id":"https:\/\/denhelder.online\/#website","url":"https:\/\/denhelder.online\/","name":"Den Helder Online","description":"Beleef Den Helder","publisher":{"@id":"https:\/\/denhelder.online\/#organization"},"potentialAction":[{"@type":"SearchAction","target":{"@type":"EntryPoint","urlTemplate":"https:\/\/denhelder.online\/?s={search_term_string}"},"query-input":{"@type":"PropertyValueSpecification","valueRequired":true,"valueName":"search_term_string"}}],"inLanguage":"de"},{"@type":"Organization","@id":"https:\/\/denhelder.online\/#organization","name":"Den Helder Online","url":"https:\/\/denhelder.online\/","logo":{"@type":"ImageObject","inLanguage":"de","@id":"https:\/\/denhelder.online\/#\/schema\/logo\/image\/","url":"https:\/\/denhelder.online\/wp-content\/uploads\/2021\/12\/DitIsDH-Logo-26-tagline.svg","contentUrl":"https:\/\/denhelder.online\/wp-content\/uploads\/2021\/12\/DitIsDH-Logo-26-tagline.svg","width":1717.1,"height":934.9,"caption":"Den Helder Online"},"image":{"@id":"https:\/\/denhelder.online\/#\/schema\/logo\/image\/"}}]}</script>
<!-- / Yoast SEO Premium plugin. -->
