{"id":25464,"date":"2026-08-07T03:50:08","date_gmt":"2026-08-07T01:50:08","guid":{"rendered":"https:\/\/denhelder.online\/evenement\/klassiek-lunchconcert-met-sedna-heitzman\/"},"modified":"2026-08-07T03:50:08","modified_gmt":"2026-08-07T01:50:08","slug":"klassisches-mittagskonzert-mit-sedna-heitzman","status":"publish","type":"evenement","link":"https:\/\/denhelder.online\/de\/evenement\/klassiek-lunchconcert-met-sedna-heitzman\/","title":{"rendered":"Klassisches Mittagskonzert mit Sedna Heitzman"},"content":{"rendered":"<p><span>Im letzten Akt klingt die Bratsche wie eine Erz\u00e4hlstimme, die Shakespeares tragische Liebesgeschichte zum Leben erweckt. Die ber\u00fchmten T\u00e4nze und lyrischen Momente aus Prokofjews Ballett erhalten dadurch eine neue, pers\u00f6nliche Intensit\u00e4t.<\/span><\/p>\n<p><\/p>\n<p><strong>Schostakowitschs letzte Komposition<\/strong><\/p>\n<p><span>Schostakowitschs letzte Komposition bildet den ergreifenden Abschluss dieses Programms. Er schrieb die Sonate f\u00fcr Viola und Klavier op. 147 im Jahr 1975, kurz vor seinem Tod, als einen heiteren und pers\u00f6nlichen Abschied.<\/span><\/p>\n<p><\/p>\n<p><span>In Schostakowitschs letzter Komposition schwingt eine Welt der Selbstreflexion und Melancholie mit. Die Musik blickt auf ein bewegtes Leben zur\u00fcck und gilt oft als das intime musikalische Verm\u00e4chtnis eines der gr\u00f6\u00dften Komponisten des 20. Jahrhunderts.<\/span><\/p>\n<p><\/p>\n<p><strong>K\u00fcnstler + Programm<\/strong><\/p>\n<p><span>Sedna Heitzman \u2013 Bratsche<\/span><\/p>\n<p><span>Klavier \u2013 wird noch bekannt gegeben.<\/span><\/p>\n<p><\/p>\n<p><span>S. Prokofjew \u2013 Suite aus Romeo und Julia op. 64 (Auswahl), arr. f\u00fcr Viola und Klavier<\/span><\/p>\n<p><span>D. Schostakowitsch \u2013 Sonate f\u00fcr Bratsche und Klavier op. 147<\/span><\/p>","protected":false},"excerpt":{"rendered":"<p>In \u2019The Last Act\u201c verbindet die Bratschistin Sedna Heitzman Prokofjews dramatisches Romeo und Julia mit Schostakowitschs letzter Komposition: einem ergreifenden musikalischen Abschied.<\/p>\n<p>Der letzte Akt bildet den dramatischen Ausgangspunkt dieses Programms. Die Bratschistin Sedna Heitzman pr\u00e4sentiert eine Auswahl aus Prokofjews Romeo und Julia in einem intimen Kammermusik-Setting f\u00fcr Bratsche und Klavier.<\/p>","protected":false},"featured_media":0,"template":"","meta":{"patterndates-bp":null,"singledates-bp":[{"date-timestamp-repeaters":1792281600}],"footnotes":""},"categories":[6370,6375],"tags":[6364,6237,6235,6238],"doelgroep":[],"class_list":["post-25464","evenement","type-evenement","status-publish","hentry","category-evenement","category-muziek-muziek","tag-den-helder","tag-muziek","tag-theater","tag-willemsoord","marker-toonopdenhelder","marker-toonopvisitkopvanholland"],"yoast_head":"<!-- This site is optimized with the Yoast SEO Premium plugin v24.7 (Yoast SEO v28.4) - https:\/\/yoast.com\/product\/yoast-seo-premium-wordpress\/ -->\n<title>Klassiek lunchconcert met Sedna Heitzman - Den Helder Online<\/title>\n<meta name=\"robots\" content=\"index, follow, max-snippet:-1, max-image-preview:large, max-video-preview:-1\" \/>\n<link rel=\"canonical\" href=\"https:\/\/denhelder.online\/de\/ereignis\/klassisches-mittagskonzert-mit-sedna-heitzman\/\" \/>\n<meta property=\"og:locale\" content=\"de_DE\" \/>\n<meta property=\"og:type\" content=\"article\" \/>\n<meta property=\"og:title\" content=\"Klassiek lunchconcert met Sedna Heitzman\" \/>\n<meta property=\"og:description\" content=\"In De Laatste Akte verbindt altvioliste Sedna Heitzman Prokofievs dramatische Romeo en Julia met Sjostakovitsj\u2019 laatste compositie: een indringend muzikaal afscheid. De Laatste Akte vormt het dramatische uitgangspunt van dit programma. Altvioliste Sedna Heitzman plaatst een selectie uit Prokofievs Romeo en Julia in een intieme kamermuzieksetting voor altviool en piano.\" \/>\n<meta property=\"og:url\" content=\"https:\/\/denhelder.online\/de\/ereignis\/klassisches-mittagskonzert-mit-sedna-heitzman\/\" \/>\n<meta property=\"og:site_name\" content=\"Den Helder Online\" \/>\n<meta name=\"twitter:card\" content=\"summary_large_image\" \/>\n<meta name=\"twitter:label1\" content=\"Gesch\u00e4tzte Lesezeit\" \/>\n\t<meta name=\"twitter:data1\" content=\"1\u00a0Minute\" \/>\n<script type=\"application\/ld+json\" class=\"yoast-schema-graph\">{\"@context\":\"https:\\\/\\\/schema.org\",\"@graph\":[{\"@type\":\"WebPage\",\"@id\":\"https:\\\/\\\/denhelder.online\\\/evenement\\\/klassiek-lunchconcert-met-sedna-heitzman\\\/\",\"url\":\"https:\\\/\\\/denhelder.online\\\/evenement\\\/klassiek-lunchconcert-met-sedna-heitzman\\\/\",\"name\":\"Klassiek lunchconcert met Sedna Heitzman - Den Helder Online\",\"isPartOf\":{\"@id\":\"https:\\\/\\\/denhelder.online\\\/#website\"},\"datePublished\":\"2026-08-07T01:50:08+00:00\",\"breadcrumb\":{\"@id\":\"https:\\\/\\\/denhelder.online\\\/evenement\\\/klassiek-lunchconcert-met-sedna-heitzman\\\/#breadcrumb\"},\"inLanguage\":\"de\",\"potentialAction\":[{\"@type\":\"ReadAction\",\"target\":[\"https:\\\/\\\/denhelder.online\\\/evenement\\\/klassiek-lunchconcert-met-sedna-heitzman\\\/\"]}]},{\"@type\":\"BreadcrumbList\",\"@id\":\"https:\\\/\\\/denhelder.online\\\/evenement\\\/klassiek-lunchconcert-met-sedna-heitzman\\\/#breadcrumb\",\"itemListElement\":[{\"@type\":\"ListItem\",\"position\":1,\"name\":\"Home\",\"item\":\"https:\\\/\\\/denhelder.online\\\/\"},{\"@type\":\"ListItem\",\"position\":2,\"name\":\"Evenementen\",\"item\":\"https:\\\/\\\/denhelder.online\\\/en\\\/event-2\\\/\"},{\"@type\":\"ListItem\",\"position\":3,\"name\":\"Klassiek lunchconcert met Sedna Heitzman\"}]},{\"@type\":\"WebSite\",\"@id\":\"https:\\\/\\\/denhelder.online\\\/#website\",\"url\":\"https:\\\/\\\/denhelder.online\\\/\",\"name\":\"Den Helder Online\",\"description\":\"Beleef Den Helder\",\"publisher\":{\"@id\":\"https:\\\/\\\/denhelder.online\\\/#organization\"},\"potentialAction\":[{\"@type\":\"SearchAction\",\"target\":{\"@type\":\"EntryPoint\",\"urlTemplate\":\"https:\\\/\\\/denhelder.online\\\/?s={search_term_string}\"},\"query-input\":{\"@type\":\"PropertyValueSpecification\",\"valueRequired\":true,\"valueName\":\"search_term_string\"}}],\"inLanguage\":\"de\"},{\"@type\":\"Organization\",\"@id\":\"https:\\\/\\\/denhelder.online\\\/#organization\",\"name\":\"Den Helder Online\",\"url\":\"https:\\\/\\\/denhelder.online\\\/\",\"logo\":{\"@type\":\"ImageObject\",\"inLanguage\":\"de\",\"@id\":\"https:\\\/\\\/denhelder.online\\\/#\\\/schema\\\/logo\\\/image\\\/\",\"url\":\"https:\\\/\\\/denhelder.online\\\/wp-content\\\/uploads\\\/2021\\\/12\\\/DitIsDH-Logo-26-tagline.svg\",\"contentUrl\":\"https:\\\/\\\/denhelder.online\\\/wp-content\\\/uploads\\\/2021\\\/12\\\/DitIsDH-Logo-26-tagline.svg\",\"width\":1717.1,\"height\":934.9,\"caption\":\"Den Helder Online\"},\"image\":{\"@id\":\"https:\\\/\\\/denhelder.online\\\/#\\\/schema\\\/logo\\\/image\\\/\"}}]}<\/script>\n<!-- \/ Yoast SEO Premium plugin. -->","yoast_head_json":{"title":"Klassisches Mittagskonzert mit Sedna Heitzman - Den Helder Online","robots":{"index":"index","follow":"follow","max-snippet":"max-snippet:-1","max-image-preview":"max-image-preview:large","max-video-preview":"max-video-preview:-1"},"canonical":"https:\/\/denhelder.online\/de\/ereignis\/klassisches-mittagskonzert-mit-sedna-heitzman\/","og_locale":"de_DE","og_type":"article","og_title":"Klassiek lunchconcert met Sedna Heitzman","og_description":"In De Laatste Akte verbindt altvioliste Sedna Heitzman Prokofievs dramatische Romeo en Julia met Sjostakovitsj\u2019 laatste compositie: een indringend muzikaal afscheid. De Laatste Akte vormt het dramatische uitgangspunt van dit programma. Altvioliste Sedna Heitzman plaatst een selectie uit Prokofievs Romeo en Julia in een intieme kamermuzieksetting voor altviool en piano.","og_url":"https:\/\/denhelder.online\/de\/ereignis\/klassisches-mittagskonzert-mit-sedna-heitzman\/","og_site_name":"Den Helder Online","twitter_card":"summary_large_image","twitter_misc":{"Gesch\u00e4tzte Lesezeit":"1\u00a0Minute"},"schema":{"@context":"https:\/\/schema.org","@graph":[{"@type":"WebPage","@id":"https:\/\/denhelder.online\/evenement\/klassiek-lunchconcert-met-sedna-heitzman\/","url":"https:\/\/denhelder.online\/evenement\/klassiek-lunchconcert-met-sedna-heitzman\/","name":"Klassisches Mittagskonzert mit Sedna Heitzman - Den Helder Online","isPartOf":{"@id":"https:\/\/denhelder.online\/#website"},"datePublished":"2026-08-07T01:50:08+00:00","breadcrumb":{"@id":"https:\/\/denhelder.online\/evenement\/klassiek-lunchconcert-met-sedna-heitzman\/#breadcrumb"},"inLanguage":"de","potentialAction":[{"@type":"ReadAction","target":["https:\/\/denhelder.online\/evenement\/klassiek-lunchconcert-met-sedna-heitzman\/"]}]},{"@type":"BreadcrumbList","@id":"https:\/\/denhelder.online\/evenement\/klassiek-lunchconcert-met-sedna-heitzman\/#breadcrumb","itemListElement":[{"@type":"ListItem","position":1,"name":"Home","item":"https:\/\/denhelder.online\/"},{"@type":"ListItem","position":2,"name":"Evenementen","item":"https:\/\/denhelder.online\/en\/event-2\/"},{"@type":"ListItem","position":3,"name":"Klassiek lunchconcert met Sedna Heitzman"}]},{"@type":"WebSite","@id":"https:\/\/denhelder.online\/#website","url":"https:\/\/denhelder.online\/","name":"Den Helder Online","description":"Erleben Sie Den Helder","publisher":{"@id":"https:\/\/denhelder.online\/#organization"},"potentialAction":[{"@type":"SearchAction","target":{"@type":"EntryPoint","urlTemplate":"https:\/\/denhelder.online\/?s={search_term_string}"},"query-input":{"@type":"PropertyValueSpecification","valueRequired":true,"valueName":"search_term_string"}}],"inLanguage":"de"},{"@type":"Organization","@id":"https:\/\/denhelder.online\/#organization","name":"Den Helder Online","url":"https:\/\/denhelder.online\/","logo":{"@type":"ImageObject","inLanguage":"de","@id":"https:\/\/denhelder.online\/#\/schema\/logo\/image\/","url":"https:\/\/denhelder.online\/wp-content\/uploads\/2021\/12\/DitIsDH-Logo-26-tagline.svg","contentUrl":"https:\/\/denhelder.online\/wp-content\/uploads\/2021\/12\/DitIsDH-Logo-26-tagline.svg","width":1717.1,"height":934.9,"caption":"Den Helder Online"},"image":{"@id":"https:\/\/denhelder.online\/#\/schema\/logo\/image\/"}}]}},"_links":{"self":[{"href":"https:\/\/denhelder.online\/de\/wp-json\/wp\/v2\/events\/25464","targetHints":{"allow":["GET"]}}],"collection":[{"href":"https:\/\/denhelder.online\/de\/wp-json\/wp\/v2\/events"}],"about":[{"href":"https:\/\/denhelder.online\/de\/wp-json\/wp\/v2\/types\/evenement"}],"version-history":[{"count":0,"href":"https:\/\/denhelder.online\/de\/wp-json\/wp\/v2\/events\/25464\/revisions"}],"wp:attachment":[{"href":"https:\/\/denhelder.online\/de\/wp-json\/wp\/v2\/media?parent=25464"}],"wp:term":[{"taxonomy":"category","embeddable":true,"href":"https:\/\/denhelder.online\/de\/wp-json\/wp\/v2\/categories?post=25464"},{"taxonomy":"post_tag","embeddable":true,"href":"https:\/\/denhelder.online\/de\/wp-json\/wp\/v2\/tags?post=25464"},{"taxonomy":"doelgroep","embeddable":true,"href":"https:\/\/denhelder.online\/de\/wp-json\/wp\/v2\/doelgroep?post=25464"}],"curies":[{"name":"wp","href":"https:\/\/api.w.org\/{rel}","templated":true}]}}

<p><span>Im letzten Akt klingt die Bratsche wie eine Erzählstimme, die Shakespeares tragische Liebesgeschichte zum Leben erweckt. Die berühmten Tänze und lyrischen Momente aus Prokofjews Ballett erhalten dadurch eine neue, persönliche Intensität.</span></p>
<p></p>
<p><strong>Schostakowitschs letzte Komposition</strong></p>
<p><span>Schostakowitschs letzte Komposition bildet den ergreifenden Abschluss dieses Programms. Er schrieb die Sonate für Viola und Klavier op. 147 im Jahr 1975, kurz vor seinem Tod, als einen heiteren und persönlichen Abschied.</span></p>
<p></p>
<p><span>In Schostakowitschs letzter Komposition schwingt eine Welt der Selbstreflexion und Melancholie mit. Die Musik blickt auf ein bewegtes Leben zurück und gilt oft als das intime musikalische Vermächtnis eines der größten Komponisten des 20. Jahrhunderts.</span></p>
<p></p>
<p><strong>Künstler + Programm</strong></p>
<p><span>Sedna Heitzman – Bratsche</span></p>
<p><span>Klavier – wird noch bekannt gegeben.</span></p>
<p></p>
<p><span>S. Prokofjew – Suite aus Romeo und Julia op. 64 (Auswahl), arr. für Viola und Klavier</span></p>
<p><span>D. Schostakowitsch – Sonate für Bratsche und Klavier op. 147</span></p>

<p>In ’The Last Act“ verbindet die Bratschistin Sedna Heitzman Prokofjews dramatisches Romeo und Julia mit Schostakowitschs letzter Komposition: einem ergreifenden musikalischen Abschied.</p>
<p>Der letzte Akt bildet den dramatischen Ausgangspunkt dieses Programms. Die Bratschistin Sedna Heitzman präsentiert eine Auswahl aus Prokofjews Romeo und Julia in einem intimen Kammermusik-Setting für Bratsche und Klavier.</p>

<!-- This site is optimized with the Yoast SEO Premium plugin v24.7 (Yoast SEO v28.4) - https://yoast.com/product/yoast-seo-premium-wordpress/ -->
<title>Klassiek lunchconcert met Sedna Heitzman - Den Helder Online</title>
<meta name="robots" content="index, follow, max-snippet:-1, max-image-preview:large, max-video-preview:-1" />
<link rel="canonical" href="https://denhelder.online/de/ereignis/klassisches-mittagskonzert-mit-sedna-heitzman/" />
<meta property="og:locale" content="de_DE" />
<meta property="og:type" content="article" />
<meta property="og:title" content="Klassiek lunchconcert met Sedna Heitzman" />
<meta property="og:description" content="In De Laatste Akte verbindt altvioliste Sedna Heitzman Prokofievs dramatische Romeo en Julia met Sjostakovitsj’ laatste compositie: een indringend muzikaal afscheid. De Laatste Akte vormt het dramatische uitgangspunt van dit programma. Altvioliste Sedna Heitzman plaatst een selectie uit Prokofievs Romeo en Julia in een intieme kamermuzieksetting voor altviool en piano." />
<meta property="og:url" content="https://denhelder.online/de/ereignis/klassisches-mittagskonzert-mit-sedna-heitzman/" />
<meta property="og:site_name" content="Den Helder Online" />
<meta name="twitter:card" content="summary_large_image" />
<meta name="twitter:label1" content="Geschätzte Lesezeit" />
	<meta name="twitter:data1" content="1 Minute" />
<script type="application/ld+json" class="yoast-schema-graph">{"@context":"https:\/\/schema.org","@graph":[{"@type":"WebPage","@id":"https:\/\/denhelder.online\/evenement\/klassiek-lunchconcert-met-sedna-heitzman\/","url":"https:\/\/denhelder.online\/evenement\/klassiek-lunchconcert-met-sedna-heitzman\/","name":"Klassiek lunchconcert met Sedna Heitzman - Den Helder Online","isPartOf":{"@id":"https:\/\/denhelder.online\/#website"},"datePublished":"2026-08-07T01:50:08+00:00","breadcrumb":{"@id":"https:\/\/denhelder.online\/evenement\/klassiek-lunchconcert-met-sedna-heitzman\/#breadcrumb"},"inLanguage":"de","potentialAction":[{"@type":"ReadAction","target":["https:\/\/denhelder.online\/evenement\/klassiek-lunchconcert-met-sedna-heitzman\/"]}]},{"@type":"BreadcrumbList","@id":"https:\/\/denhelder.online\/evenement\/klassiek-lunchconcert-met-sedna-heitzman\/#breadcrumb","itemListElement":[{"@type":"ListItem","position":1,"name":"Home","item":"https:\/\/denhelder.online\/"},{"@type":"ListItem","position":2,"name":"Evenementen","item":"https:\/\/denhelder.online\/en\/event-2\/"},{"@type":"ListItem","position":3,"name":"Klassiek lunchconcert met Sedna Heitzman"}]},{"@type":"WebSite","@id":"https:\/\/denhelder.online\/#website","url":"https:\/\/denhelder.online\/","name":"Den Helder Online","description":"Beleef Den Helder","publisher":{"@id":"https:\/\/denhelder.online\/#organization"},"potentialAction":[{"@type":"SearchAction","target":{"@type":"EntryPoint","urlTemplate":"https:\/\/denhelder.online\/?s={search_term_string}"},"query-input":{"@type":"PropertyValueSpecification","valueRequired":true,"valueName":"search_term_string"}}],"inLanguage":"de"},{"@type":"Organization","@id":"https:\/\/denhelder.online\/#organization","name":"Den Helder Online","url":"https:\/\/denhelder.online\/","logo":{"@type":"ImageObject","inLanguage":"de","@id":"https:\/\/denhelder.online\/#\/schema\/logo\/image\/","url":"https:\/\/denhelder.online\/wp-content\/uploads\/2021\/12\/DitIsDH-Logo-26-tagline.svg","contentUrl":"https:\/\/denhelder.online\/wp-content\/uploads\/2021\/12\/DitIsDH-Logo-26-tagline.svg","width":1717.1,"height":934.9,"caption":"Den Helder Online"},"image":{"@id":"https:\/\/denhelder.online\/#\/schema\/logo\/image\/"}}]}</script>
<!-- / Yoast SEO Premium plugin. -->
