{"id":25469,"date":"2026-08-07T03:50:12","date_gmt":"2026-08-07T01:50:12","guid":{"rendered":"https:\/\/denhelder.online\/evenement\/bert-visscher-met-het-noordpool-strijkkwartet\/"},"modified":"2026-08-07T03:50:12","modified_gmt":"2026-08-07T01:50:12","slug":"bert-visscher-mit-dem-north-pole-string-quartet","status":"publish","type":"evenement","link":"https:\/\/denhelder.online\/de\/evenement\/bert-visscher-met-het-noordpool-strijkkwartet\/","title":{"rendered":"Bert Visscher mit dem Arctic String Quartet"},"content":{"rendered":"<p><span>Kuchen, Musiker und nat\u00fcrlich jede Menge Lacher. Absurde Szenen, wundersch\u00f6ne Lieder und aberwitzige Geschichten. Und gerade als man dachte, Visscher w\u00fcrde es etwas ruhiger angehen lassen, spr\u00fcht die Energie wieder von der B\u00fchne. Na ja, versuchen Sie mal, ihn zu beruhigen.<\/span><\/p>\n<p><span>Es wird also eine wundervolle Geburtstagsfeier voller \u00dcberraschungen. Ein besonderer Mann an einem besonderen Abend. Und jeder ist herzlich willkommen. So ist schlie\u00dflich der charmante Bert.<\/span><\/p>\n<p><span>Hurra, hurra!<\/span><\/p>","protected":false},"excerpt":{"rendered":"<p>65 Das w\u00fcrdest du nicht sagen<\/p>\n<p>Bert Visscher ist 65 geworden, und das lassen wir uns nat\u00fcrlich nicht entgehen. Zeit f\u00fcr eine Party \u2013 ganz im Visscher-Stil!<\/p>","protected":false},"featured_media":0,"template":"","meta":{"patterndates-bp":null,"singledates-bp":[{"date-timestamp-repeaters":1792800000}],"footnotes":""},"categories":[6370,6375],"tags":[6364,6235,6238],"doelgroep":[],"class_list":["post-25469","evenement","type-evenement","status-publish","hentry","category-evenement","category-muziek-muziek","tag-den-helder","tag-theater","tag-willemsoord","marker-toonopdenhelder"],"yoast_head":"<!-- This site is optimized with the Yoast SEO Premium plugin v24.7 (Yoast SEO v28.4) - https:\/\/yoast.com\/product\/yoast-seo-premium-wordpress\/ -->\n<title>Bert Visscher met het Noordpool Strijkkwartet - Den Helder Online<\/title>\n<meta name=\"robots\" content=\"index, follow, max-snippet:-1, max-image-preview:large, max-video-preview:-1\" \/>\n<link rel=\"canonical\" href=\"https:\/\/denhelder.online\/de\/ereignis\/bert-visscher-mit-dem-north-pole-string-quartet\/\" \/>\n<meta property=\"og:locale\" content=\"de_DE\" \/>\n<meta property=\"og:type\" content=\"article\" \/>\n<meta property=\"og:title\" content=\"Bert Visscher met het Noordpool Strijkkwartet\" \/>\n<meta property=\"og:description\" content=\"65 Dat Zou Je Niet Zeggen Bert Visscher is 65 geworden, en dat laten we natuurlijk niet stilletjes voorbijgaan. Tijd voor een feest, op z\u2019n Visschers!\" \/>\n<meta property=\"og:url\" content=\"https:\/\/denhelder.online\/de\/ereignis\/bert-visscher-mit-dem-north-pole-string-quartet\/\" \/>\n<meta property=\"og:site_name\" content=\"Den Helder Online\" \/>\n<meta name=\"twitter:card\" content=\"summary_large_image\" \/>\n<script type=\"application\/ld+json\" class=\"yoast-schema-graph\">{\"@context\":\"https:\\\/\\\/schema.org\",\"@graph\":[{\"@type\":\"WebPage\",\"@id\":\"https:\\\/\\\/denhelder.online\\\/evenement\\\/bert-visscher-met-het-noordpool-strijkkwartet\\\/\",\"url\":\"https:\\\/\\\/denhelder.online\\\/evenement\\\/bert-visscher-met-het-noordpool-strijkkwartet\\\/\",\"name\":\"Bert Visscher met het Noordpool Strijkkwartet - Den Helder Online\",\"isPartOf\":{\"@id\":\"https:\\\/\\\/denhelder.online\\\/#website\"},\"datePublished\":\"2026-08-07T01:50:12+00:00\",\"breadcrumb\":{\"@id\":\"https:\\\/\\\/denhelder.online\\\/evenement\\\/bert-visscher-met-het-noordpool-strijkkwartet\\\/#breadcrumb\"},\"inLanguage\":\"de\",\"potentialAction\":[{\"@type\":\"ReadAction\",\"target\":[\"https:\\\/\\\/denhelder.online\\\/evenement\\\/bert-visscher-met-het-noordpool-strijkkwartet\\\/\"]}]},{\"@type\":\"BreadcrumbList\",\"@id\":\"https:\\\/\\\/denhelder.online\\\/evenement\\\/bert-visscher-met-het-noordpool-strijkkwartet\\\/#breadcrumb\",\"itemListElement\":[{\"@type\":\"ListItem\",\"position\":1,\"name\":\"Home\",\"item\":\"https:\\\/\\\/denhelder.online\\\/\"},{\"@type\":\"ListItem\",\"position\":2,\"name\":\"Evenementen\",\"item\":\"https:\\\/\\\/denhelder.online\\\/en\\\/event-2\\\/\"},{\"@type\":\"ListItem\",\"position\":3,\"name\":\"Bert Visscher met het Noordpool Strijkkwartet\"}]},{\"@type\":\"WebSite\",\"@id\":\"https:\\\/\\\/denhelder.online\\\/#website\",\"url\":\"https:\\\/\\\/denhelder.online\\\/\",\"name\":\"Den Helder Online\",\"description\":\"Beleef Den Helder\",\"publisher\":{\"@id\":\"https:\\\/\\\/denhelder.online\\\/#organization\"},\"potentialAction\":[{\"@type\":\"SearchAction\",\"target\":{\"@type\":\"EntryPoint\",\"urlTemplate\":\"https:\\\/\\\/denhelder.online\\\/?s={search_term_string}\"},\"query-input\":{\"@type\":\"PropertyValueSpecification\",\"valueRequired\":true,\"valueName\":\"search_term_string\"}}],\"inLanguage\":\"de\"},{\"@type\":\"Organization\",\"@id\":\"https:\\\/\\\/denhelder.online\\\/#organization\",\"name\":\"Den Helder Online\",\"url\":\"https:\\\/\\\/denhelder.online\\\/\",\"logo\":{\"@type\":\"ImageObject\",\"inLanguage\":\"de\",\"@id\":\"https:\\\/\\\/denhelder.online\\\/#\\\/schema\\\/logo\\\/image\\\/\",\"url\":\"https:\\\/\\\/denhelder.online\\\/wp-content\\\/uploads\\\/2021\\\/12\\\/DitIsDH-Logo-26-tagline.svg\",\"contentUrl\":\"https:\\\/\\\/denhelder.online\\\/wp-content\\\/uploads\\\/2021\\\/12\\\/DitIsDH-Logo-26-tagline.svg\",\"width\":1717.1,\"height\":934.9,\"caption\":\"Den Helder Online\"},\"image\":{\"@id\":\"https:\\\/\\\/denhelder.online\\\/#\\\/schema\\\/logo\\\/image\\\/\"}}]}<\/script>\n<!-- \/ Yoast SEO Premium plugin. -->","yoast_head_json":{"title":"Bert Visscher mit dem North Pole String Quartet - Den Helder Online","robots":{"index":"index","follow":"follow","max-snippet":"max-snippet:-1","max-image-preview":"max-image-preview:large","max-video-preview":"max-video-preview:-1"},"canonical":"https:\/\/denhelder.online\/de\/ereignis\/bert-visscher-mit-dem-north-pole-string-quartet\/","og_locale":"de_DE","og_type":"article","og_title":"Bert Visscher met het Noordpool Strijkkwartet","og_description":"65 Dat Zou Je Niet Zeggen Bert Visscher is 65 geworden, en dat laten we natuurlijk niet stilletjes voorbijgaan. Tijd voor een feest, op z\u2019n Visschers!","og_url":"https:\/\/denhelder.online\/de\/ereignis\/bert-visscher-mit-dem-north-pole-string-quartet\/","og_site_name":"Den Helder Online","twitter_card":"summary_large_image","schema":{"@context":"https:\/\/schema.org","@graph":[{"@type":"WebPage","@id":"https:\/\/denhelder.online\/evenement\/bert-visscher-met-het-noordpool-strijkkwartet\/","url":"https:\/\/denhelder.online\/evenement\/bert-visscher-met-het-noordpool-strijkkwartet\/","name":"Bert Visscher mit dem North Pole String Quartet - Den Helder Online","isPartOf":{"@id":"https:\/\/denhelder.online\/#website"},"datePublished":"2026-08-07T01:50:12+00:00","breadcrumb":{"@id":"https:\/\/denhelder.online\/evenement\/bert-visscher-met-het-noordpool-strijkkwartet\/#breadcrumb"},"inLanguage":"de","potentialAction":[{"@type":"ReadAction","target":["https:\/\/denhelder.online\/evenement\/bert-visscher-met-het-noordpool-strijkkwartet\/"]}]},{"@type":"BreadcrumbList","@id":"https:\/\/denhelder.online\/evenement\/bert-visscher-met-het-noordpool-strijkkwartet\/#breadcrumb","itemListElement":[{"@type":"ListItem","position":1,"name":"Home","item":"https:\/\/denhelder.online\/"},{"@type":"ListItem","position":2,"name":"Evenementen","item":"https:\/\/denhelder.online\/en\/event-2\/"},{"@type":"ListItem","position":3,"name":"Bert Visscher met het Noordpool Strijkkwartet"}]},{"@type":"WebSite","@id":"https:\/\/denhelder.online\/#website","url":"https:\/\/denhelder.online\/","name":"Den Helder Online","description":"Erleben Sie Den Helder","publisher":{"@id":"https:\/\/denhelder.online\/#organization"},"potentialAction":[{"@type":"SearchAction","target":{"@type":"EntryPoint","urlTemplate":"https:\/\/denhelder.online\/?s={search_term_string}"},"query-input":{"@type":"PropertyValueSpecification","valueRequired":true,"valueName":"search_term_string"}}],"inLanguage":"de"},{"@type":"Organization","@id":"https:\/\/denhelder.online\/#organization","name":"Den Helder Online","url":"https:\/\/denhelder.online\/","logo":{"@type":"ImageObject","inLanguage":"de","@id":"https:\/\/denhelder.online\/#\/schema\/logo\/image\/","url":"https:\/\/denhelder.online\/wp-content\/uploads\/2021\/12\/DitIsDH-Logo-26-tagline.svg","contentUrl":"https:\/\/denhelder.online\/wp-content\/uploads\/2021\/12\/DitIsDH-Logo-26-tagline.svg","width":1717.1,"height":934.9,"caption":"Den Helder Online"},"image":{"@id":"https:\/\/denhelder.online\/#\/schema\/logo\/image\/"}}]}},"_links":{"self":[{"href":"https:\/\/denhelder.online\/de\/wp-json\/wp\/v2\/events\/25469","targetHints":{"allow":["GET"]}}],"collection":[{"href":"https:\/\/denhelder.online\/de\/wp-json\/wp\/v2\/events"}],"about":[{"href":"https:\/\/denhelder.online\/de\/wp-json\/wp\/v2\/types\/evenement"}],"version-history":[{"count":0,"href":"https:\/\/denhelder.online\/de\/wp-json\/wp\/v2\/events\/25469\/revisions"}],"wp:attachment":[{"href":"https:\/\/denhelder.online\/de\/wp-json\/wp\/v2\/media?parent=25469"}],"wp:term":[{"taxonomy":"category","embeddable":true,"href":"https:\/\/denhelder.online\/de\/wp-json\/wp\/v2\/categories?post=25469"},{"taxonomy":"post_tag","embeddable":true,"href":"https:\/\/denhelder.online\/de\/wp-json\/wp\/v2\/tags?post=25469"},{"taxonomy":"doelgroep","embeddable":true,"href":"https:\/\/denhelder.online\/de\/wp-json\/wp\/v2\/doelgroep?post=25469"}],"curies":[{"name":"wp","href":"https:\/\/api.w.org\/{rel}","templated":true}]}}

<p><span>Kuchen, Musiker und natürlich jede Menge Lacher. Absurde Szenen, wunderschöne Lieder und aberwitzige Geschichten. Und gerade als man dachte, Visscher würde es etwas ruhiger angehen lassen, sprüht die Energie wieder von der Bühne. Na ja, versuchen Sie mal, ihn zu beruhigen.</span></p>
<p><span>Es wird also eine wundervolle Geburtstagsfeier voller Überraschungen. Ein besonderer Mann an einem besonderen Abend. Und jeder ist herzlich willkommen. So ist schließlich der charmante Bert.</span></p>
<p><span>Hurra, hurra!</span></p>

<p>65 Das würdest du nicht sagen</p>
<p>Bert Visscher ist 65 geworden, und das lassen wir uns natürlich nicht entgehen. Zeit für eine Party – ganz im Visscher-Stil!</p>
