{"id":25470,"date":"2026-08-07T03:50:12","date_gmt":"2026-08-07T01:50:12","guid":{"rendered":"https:\/\/denhelder.online\/evenement\/martijn-crins-he-fijn\/"},"modified":"2026-08-07T03:50:12","modified_gmt":"2026-08-07T01:50:12","slug":"martijn-crins-das-ist-schon","status":"publish","type":"evenement","link":"https:\/\/denhelder.online\/de\/evenement\/martijn-crins-he-fijn\/","title":{"rendered":"Martijn Crins \u2013 H\u00e8 Fijn"},"content":{"rendered":"<p><span>Jahrelang konnten wir tun und lassen, was wir wollten.<\/span><\/p>\n<p><span>Essen, Trinken, Feiern; es nahm kein Ende.<\/span><\/p>\n<p><span>Doch da die Welt scheinbar langsam in den Abgrund steuert, m\u00fcssen wir alle erwachsen werden. Wir m\u00fcssen anfangen, Selbstbeherrschung zu \u00fcben. Uns selbst zu z\u00fcgeln.<\/span><\/p>\n<p><\/p>\n<p><span>Und genau damit hat Martijn Crins sein ganzes Leben lang zu k\u00e4mpfen gehabt.<\/span><\/p>\n<p><\/p>\n<p><span>In seiner zweiten Show, H\u00e8 Fijn, setzt er sich mit seinen Trieben auseinander. Ehrlich, mutig und absolut eigensinnig, wirft er einen schonungslosen Blick auf den blinden Fleck unserer Existenz.<\/span><\/p>\n<p><\/p>\n<p><span>Eine Ode an den k\u00e4mpfenden Menschen.<\/span><\/p>\n<p><\/p>\n<p><strong>Die Presse:<\/strong><\/p>\n<p><em>\u2018H\u00e8 Fijn ist ein energiegeladenes und sehr witziges Feuerwerk an Situationen, die Martijn Crins nicht so recht begreifen kann\u2026 ein gro\u00dfes, besonderes Talent daf\u00fcr, absurde Fantasien im allt\u00e4glichen Flur zu entfesseln.\u2019<\/em><span> <\/span><strong>de Volkskrant<\/strong><\/p>\n<p><em>\u2018Eine \u00e4u\u00dferst gelungene Show. Crins hat die Gabe, Kleinigkeiten des Alltags ins Absurde zu aufbauschen, ohne dabei ihre eigentliche Bedeutung zu verlieren. Mit Crins haben wir einen potenziell gro\u00dfartigen Komiker an Bord.\u2019 <\/em><span>\u2013 <\/span><strong>Theaterzeitung<\/strong><\/p>\n<p><em>\u2018Mit seinem \u00fcbersteigerten Absurdismus beweist Martijn Crins sein Talent als Komiker. Insgesamt zeichnet diese Variet\u00e9-Show das Bild eines Sp\u00e4tz\u00fcnders, der seinen Platz auf der B\u00fchne gefunden hat.<\/em><span> <\/span><strong>NRC<\/strong><\/p>","protected":false},"excerpt":{"rendered":"<p>So, da sind wir nun.<br \/>\nGanz allein auf einer schwebenden Kugel in einem unendlich gro\u00dfen Universum.<br \/>\nWir haben keine Ahnung, was der Plan ist, und niemand erkl\u00e4rt uns irgendetwas.<\/p>","protected":false},"featured_media":0,"template":"","meta":{"patterndates-bp":null,"singledates-bp":[{"date-timestamp-repeaters":1792800000}],"footnotes":""},"categories":[6370],"tags":[6364,6235,6238],"doelgroep":[],"class_list":["post-25470","evenement","type-evenement","status-publish","hentry","category-evenement","tag-den-helder","tag-theater","tag-willemsoord","marker-toonopdenhelder"],"yoast_head":"<!-- This site is optimized with the Yoast SEO Premium plugin v24.7 (Yoast SEO v28.4) - https:\/\/yoast.com\/product\/yoast-seo-premium-wordpress\/ -->\n<title>Martijn Crins - H\u00e8 Fijn - Den Helder Online<\/title>\n<meta name=\"robots\" content=\"index, follow, max-snippet:-1, max-image-preview:large, max-video-preview:-1\" \/>\n<link rel=\"canonical\" href=\"https:\/\/denhelder.online\/de\/ereignis\/martijn-crins-das-ist-schon\/\" \/>\n<meta property=\"og:locale\" content=\"de_DE\" \/>\n<meta property=\"og:type\" content=\"article\" \/>\n<meta property=\"og:title\" content=\"Martijn Crins - H\u00e8 Fijn\" \/>\n<meta property=\"og:description\" content=\"Daar zitten we dan. Helemaal alleen op een zwevende bol in een oneindig groot universum. We hebben geen idee wat de bedoeling is en niemand legt ons iets uit.\" \/>\n<meta property=\"og:url\" content=\"https:\/\/denhelder.online\/de\/ereignis\/martijn-crins-das-ist-schon\/\" \/>\n<meta property=\"og:site_name\" content=\"Den Helder Online\" \/>\n<meta name=\"twitter:card\" content=\"summary_large_image\" \/>\n<meta name=\"twitter:label1\" content=\"Gesch\u00e4tzte Lesezeit\" \/>\n\t<meta name=\"twitter:data1\" content=\"1\u00a0Minute\" \/>\n<script type=\"application\/ld+json\" class=\"yoast-schema-graph\">{\"@context\":\"https:\\\/\\\/schema.org\",\"@graph\":[{\"@type\":\"WebPage\",\"@id\":\"https:\\\/\\\/denhelder.online\\\/evenement\\\/martijn-crins-he-fijn\\\/\",\"url\":\"https:\\\/\\\/denhelder.online\\\/evenement\\\/martijn-crins-he-fijn\\\/\",\"name\":\"Martijn Crins - H\u00e8 Fijn - Den Helder Online\",\"isPartOf\":{\"@id\":\"https:\\\/\\\/denhelder.online\\\/#website\"},\"datePublished\":\"2026-08-07T01:50:12+00:00\",\"breadcrumb\":{\"@id\":\"https:\\\/\\\/denhelder.online\\\/evenement\\\/martijn-crins-he-fijn\\\/#breadcrumb\"},\"inLanguage\":\"de\",\"potentialAction\":[{\"@type\":\"ReadAction\",\"target\":[\"https:\\\/\\\/denhelder.online\\\/evenement\\\/martijn-crins-he-fijn\\\/\"]}]},{\"@type\":\"BreadcrumbList\",\"@id\":\"https:\\\/\\\/denhelder.online\\\/evenement\\\/martijn-crins-he-fijn\\\/#breadcrumb\",\"itemListElement\":[{\"@type\":\"ListItem\",\"position\":1,\"name\":\"Home\",\"item\":\"https:\\\/\\\/denhelder.online\\\/\"},{\"@type\":\"ListItem\",\"position\":2,\"name\":\"Evenementen\",\"item\":\"https:\\\/\\\/denhelder.online\\\/en\\\/event-2\\\/\"},{\"@type\":\"ListItem\",\"position\":3,\"name\":\"Martijn Crins &#8211; H\u00e8 Fijn\"}]},{\"@type\":\"WebSite\",\"@id\":\"https:\\\/\\\/denhelder.online\\\/#website\",\"url\":\"https:\\\/\\\/denhelder.online\\\/\",\"name\":\"Den Helder Online\",\"description\":\"Beleef Den Helder\",\"publisher\":{\"@id\":\"https:\\\/\\\/denhelder.online\\\/#organization\"},\"potentialAction\":[{\"@type\":\"SearchAction\",\"target\":{\"@type\":\"EntryPoint\",\"urlTemplate\":\"https:\\\/\\\/denhelder.online\\\/?s={search_term_string}\"},\"query-input\":{\"@type\":\"PropertyValueSpecification\",\"valueRequired\":true,\"valueName\":\"search_term_string\"}}],\"inLanguage\":\"de\"},{\"@type\":\"Organization\",\"@id\":\"https:\\\/\\\/denhelder.online\\\/#organization\",\"name\":\"Den Helder Online\",\"url\":\"https:\\\/\\\/denhelder.online\\\/\",\"logo\":{\"@type\":\"ImageObject\",\"inLanguage\":\"de\",\"@id\":\"https:\\\/\\\/denhelder.online\\\/#\\\/schema\\\/logo\\\/image\\\/\",\"url\":\"https:\\\/\\\/denhelder.online\\\/wp-content\\\/uploads\\\/2021\\\/12\\\/DitIsDH-Logo-26-tagline.svg\",\"contentUrl\":\"https:\\\/\\\/denhelder.online\\\/wp-content\\\/uploads\\\/2021\\\/12\\\/DitIsDH-Logo-26-tagline.svg\",\"width\":1717.1,\"height\":934.9,\"caption\":\"Den Helder Online\"},\"image\":{\"@id\":\"https:\\\/\\\/denhelder.online\\\/#\\\/schema\\\/logo\\\/image\\\/\"}}]}<\/script>\n<!-- \/ Yoast SEO Premium plugin. -->","yoast_head_json":{"title":"Martijn Crins - H\u00e8 Fijn - Den Helder Online","robots":{"index":"index","follow":"follow","max-snippet":"max-snippet:-1","max-image-preview":"max-image-preview:large","max-video-preview":"max-video-preview:-1"},"canonical":"https:\/\/denhelder.online\/de\/ereignis\/martijn-crins-das-ist-schon\/","og_locale":"de_DE","og_type":"article","og_title":"Martijn Crins - H\u00e8 Fijn","og_description":"Daar zitten we dan. Helemaal alleen op een zwevende bol in een oneindig groot universum. We hebben geen idee wat de bedoeling is en niemand legt ons iets uit.","og_url":"https:\/\/denhelder.online\/de\/ereignis\/martijn-crins-das-ist-schon\/","og_site_name":"Den Helder Online","twitter_card":"summary_large_image","twitter_misc":{"Gesch\u00e4tzte Lesezeit":"1\u00a0Minute"},"schema":{"@context":"https:\/\/schema.org","@graph":[{"@type":"WebPage","@id":"https:\/\/denhelder.online\/evenement\/martijn-crins-he-fijn\/","url":"https:\/\/denhelder.online\/evenement\/martijn-crins-he-fijn\/","name":"Martijn Crins - H\u00e8 Fijn - Den Helder Online","isPartOf":{"@id":"https:\/\/denhelder.online\/#website"},"datePublished":"2026-08-07T01:50:12+00:00","breadcrumb":{"@id":"https:\/\/denhelder.online\/evenement\/martijn-crins-he-fijn\/#breadcrumb"},"inLanguage":"de","potentialAction":[{"@type":"ReadAction","target":["https:\/\/denhelder.online\/evenement\/martijn-crins-he-fijn\/"]}]},{"@type":"BreadcrumbList","@id":"https:\/\/denhelder.online\/evenement\/martijn-crins-he-fijn\/#breadcrumb","itemListElement":[{"@type":"ListItem","position":1,"name":"Home","item":"https:\/\/denhelder.online\/"},{"@type":"ListItem","position":2,"name":"Evenementen","item":"https:\/\/denhelder.online\/en\/event-2\/"},{"@type":"ListItem","position":3,"name":"Martijn Crins &#8211; H\u00e8 Fijn"}]},{"@type":"WebSite","@id":"https:\/\/denhelder.online\/#website","url":"https:\/\/denhelder.online\/","name":"Den Helder Online","description":"Erleben Sie Den Helder","publisher":{"@id":"https:\/\/denhelder.online\/#organization"},"potentialAction":[{"@type":"SearchAction","target":{"@type":"EntryPoint","urlTemplate":"https:\/\/denhelder.online\/?s={search_term_string}"},"query-input":{"@type":"PropertyValueSpecification","valueRequired":true,"valueName":"search_term_string"}}],"inLanguage":"de"},{"@type":"Organization","@id":"https:\/\/denhelder.online\/#organization","name":"Den Helder Online","url":"https:\/\/denhelder.online\/","logo":{"@type":"ImageObject","inLanguage":"de","@id":"https:\/\/denhelder.online\/#\/schema\/logo\/image\/","url":"https:\/\/denhelder.online\/wp-content\/uploads\/2021\/12\/DitIsDH-Logo-26-tagline.svg","contentUrl":"https:\/\/denhelder.online\/wp-content\/uploads\/2021\/12\/DitIsDH-Logo-26-tagline.svg","width":1717.1,"height":934.9,"caption":"Den Helder Online"},"image":{"@id":"https:\/\/denhelder.online\/#\/schema\/logo\/image\/"}}]}},"_links":{"self":[{"href":"https:\/\/denhelder.online\/de\/wp-json\/wp\/v2\/events\/25470","targetHints":{"allow":["GET"]}}],"collection":[{"href":"https:\/\/denhelder.online\/de\/wp-json\/wp\/v2\/events"}],"about":[{"href":"https:\/\/denhelder.online\/de\/wp-json\/wp\/v2\/types\/evenement"}],"version-history":[{"count":0,"href":"https:\/\/denhelder.online\/de\/wp-json\/wp\/v2\/events\/25470\/revisions"}],"wp:attachment":[{"href":"https:\/\/denhelder.online\/de\/wp-json\/wp\/v2\/media?parent=25470"}],"wp:term":[{"taxonomy":"category","embeddable":true,"href":"https:\/\/denhelder.online\/de\/wp-json\/wp\/v2\/categories?post=25470"},{"taxonomy":"post_tag","embeddable":true,"href":"https:\/\/denhelder.online\/de\/wp-json\/wp\/v2\/tags?post=25470"},{"taxonomy":"doelgroep","embeddable":true,"href":"https:\/\/denhelder.online\/de\/wp-json\/wp\/v2\/doelgroep?post=25470"}],"curies":[{"name":"wp","href":"https:\/\/api.w.org\/{rel}","templated":true}]}}

Martijn Crins – Hè Fijn

<p><span>Jahrelang konnten wir tun und lassen, was wir wollten.</span></p>
<p><span>Essen, Trinken, Feiern; es nahm kein Ende.</span></p>
<p><span>Doch da die Welt scheinbar langsam in den Abgrund steuert, müssen wir alle erwachsen werden. Wir müssen anfangen, Selbstbeherrschung zu üben. Uns selbst zu zügeln.</span></p>
<p></p>
<p><span>Und genau damit hat Martijn Crins sein ganzes Leben lang zu kämpfen gehabt.</span></p>
<p></p>
<p><span>In seiner zweiten Show, Hè Fijn, setzt er sich mit seinen Trieben auseinander. Ehrlich, mutig und absolut eigensinnig, wirft er einen schonungslosen Blick auf den blinden Fleck unserer Existenz.</span></p>
<p></p>
<p><span>Eine Ode an den kämpfenden Menschen.</span></p>
<p></p>
<p><strong>Die Presse:</strong></p>
<p><em>‘Hè Fijn ist ein energiegeladenes und sehr witziges Feuerwerk an Situationen, die Martijn Crins nicht so recht begreifen kann… ein großes, besonderes Talent dafür, absurde Fantasien im alltäglichen Flur zu entfesseln.’</em><span> </span><strong>de Volkskrant</strong></p>
<p><em>‘Eine äußerst gelungene Show. Crins hat die Gabe, Kleinigkeiten des Alltags ins Absurde zu aufbauschen, ohne dabei ihre eigentliche Bedeutung zu verlieren. Mit Crins haben wir einen potenziell großartigen Komiker an Bord.’ </em><span>– </span><strong>Theaterzeitung</strong></p>
<p><em>‘Mit seinem übersteigerten Absurdismus beweist Martijn Crins sein Talent als Komiker. Insgesamt zeichnet diese Varieté-Show das Bild eines Spätzünders, der seinen Platz auf der Bühne gefunden hat.</em><span> </span><strong>NRC</strong></p>

<p>So, da sind wir nun.<br />
Ganz allein auf einer schwebenden Kugel in einem unendlich großen Universum.<br />
Wir haben keine Ahnung, was der Plan ist, und niemand erklärt uns irgendetwas.</p>

<!-- This site is optimized with the Yoast SEO Premium plugin v24.7 (Yoast SEO v28.4) - https://yoast.com/product/yoast-seo-premium-wordpress/ -->
<title>Martijn Crins - Hè Fijn - Den Helder Online</title>
<meta name="robots" content="index, follow, max-snippet:-1, max-image-preview:large, max-video-preview:-1" />
<link rel="canonical" href="https://denhelder.online/de/ereignis/martijn-crins-das-ist-schon/" />
<meta property="og:locale" content="de_DE" />
<meta property="og:type" content="article" />
<meta property="og:title" content="Martijn Crins - Hè Fijn" />
<meta property="og:description" content="Daar zitten we dan. Helemaal alleen op een zwevende bol in een oneindig groot universum. We hebben geen idee wat de bedoeling is en niemand legt ons iets uit." />
<meta property="og:url" content="https://denhelder.online/de/ereignis/martijn-crins-das-ist-schon/" />
<meta property="og:site_name" content="Den Helder Online" />
<meta name="twitter:card" content="summary_large_image" />
<meta name="twitter:label1" content="Geschätzte Lesezeit" />
	<meta name="twitter:data1" content="1 Minute" />
<script type="application/ld+json" class="yoast-schema-graph">{"@context":"https:\/\/schema.org","@graph":[{"@type":"WebPage","@id":"https:\/\/denhelder.online\/evenement\/martijn-crins-he-fijn\/","url":"https:\/\/denhelder.online\/evenement\/martijn-crins-he-fijn\/","name":"Martijn Crins - Hè Fijn - Den Helder Online","isPartOf":{"@id":"https:\/\/denhelder.online\/#website"},"datePublished":"2026-08-07T01:50:12+00:00","breadcrumb":{"@id":"https:\/\/denhelder.online\/evenement\/martijn-crins-he-fijn\/#breadcrumb"},"inLanguage":"de","potentialAction":[{"@type":"ReadAction","target":["https:\/\/denhelder.online\/evenement\/martijn-crins-he-fijn\/"]}]},{"@type":"BreadcrumbList","@id":"https:\/\/denhelder.online\/evenement\/martijn-crins-he-fijn\/#breadcrumb","itemListElement":[{"@type":"ListItem","position":1,"name":"Home","item":"https:\/\/denhelder.online\/"},{"@type":"ListItem","position":2,"name":"Evenementen","item":"https:\/\/denhelder.online\/en\/event-2\/"},{"@type":"ListItem","position":3,"name":"Martijn Crins &#8211; Hè Fijn"}]},{"@type":"WebSite","@id":"https:\/\/denhelder.online\/#website","url":"https:\/\/denhelder.online\/","name":"Den Helder Online","description":"Beleef Den Helder","publisher":{"@id":"https:\/\/denhelder.online\/#organization"},"potentialAction":[{"@type":"SearchAction","target":{"@type":"EntryPoint","urlTemplate":"https:\/\/denhelder.online\/?s={search_term_string}"},"query-input":{"@type":"PropertyValueSpecification","valueRequired":true,"valueName":"search_term_string"}}],"inLanguage":"de"},{"@type":"Organization","@id":"https:\/\/denhelder.online\/#organization","name":"Den Helder Online","url":"https:\/\/denhelder.online\/","logo":{"@type":"ImageObject","inLanguage":"de","@id":"https:\/\/denhelder.online\/#\/schema\/logo\/image\/","url":"https:\/\/denhelder.online\/wp-content\/uploads\/2021\/12\/DitIsDH-Logo-26-tagline.svg","contentUrl":"https:\/\/denhelder.online\/wp-content\/uploads\/2021\/12\/DitIsDH-Logo-26-tagline.svg","width":1717.1,"height":934.9,"caption":"Den Helder Online"},"image":{"@id":"https:\/\/denhelder.online\/#\/schema\/logo\/image\/"}}]}</script>
<!-- / Yoast SEO Premium plugin. -->

Martijn Crins - Hè Fijn - Den Helder Online

Martijn Crins - Hè Fijn

Martijn Crins &#8211; Hè Fijn
