{"id":25500,"date":"2026-08-12T18:59:24","date_gmt":"2026-08-12T16:59:24","guid":{"rendered":"https:\/\/denhelder.online\/evenement\/marjolijn-van-kooten-aan-mij-zal-het-niet-liggen\/"},"modified":"2026-08-12T18:59:24","modified_gmt":"2026-08-12T16:59:24","slug":"marjolijn-van-kooten-es-wird-nicht-meine-schuld-sein","status":"publish","type":"evenement","link":"https:\/\/denhelder.online\/de\/evenement\/marjolijn-van-kooten-aan-mij-zal-het-niet-liggen\/","title":{"rendered":"Marjolijn van Kooten \u2013 Es wird nicht meine Schuld sein"},"content":{"rendered":"<p><strong>Die Presse:<\/strong><\/p>\n<p><em>\u2018Neben dem Humor bergen die Themen auch viel Gewicht. Sie l\u00e4sst das Publikum mit existenziellen Fragen ringen: Was und wie erlebt man Trauer im eigenen Leben, und wie findet man wieder zur\u00fcck ins Leben?\u2019<\/em><\/p>\n<p><span>\u2018<\/span><em>\u00dcber die Dunkelheit lachen, \u00fcber das Unbehagen und vielleicht auch ein bisschen \u00fcber sich selbst.\u2019<\/em><\/p>\n<p><em>\u2018Psychiatrisches Kabarett\u2019, nennt sie es selbst, und das trifft es genau. Van Kooten hat es mehr oder weniger zu ihrem eigenen Genre gemacht. Es zieht Menschen an, die die Tiefpunkte erlebt haben und die jetzt erleichtert \u00fcber das lachen k\u00f6nnen, was damals nicht lustig war. Die Kombination aus schwarzem Humor, schamloser Offenheit und verletzlichen Liedern trifft genau den richtigen Ton.\u201c<\/em><\/p>\n<p><em>\u2018It Won\u2019t Be My Fault\u2019 ist kein heiterer Kabarettabend, sondern ein ehrlicher und scharfsinniger Einblick in die Gedankenwelt einer Frau, die die Welt etwas intensiver erlebt. Man lacht, man schluckt, man denkt nach \u2013 und man ist dankbar, dass sie es wagt, all das so offen mit uns zu teilen. <\/em><strong><em>Ich liebe Theater.<\/em><\/strong><\/p>\n<p><\/p>\n<p><span>\u2018<\/span><em>Offene Einblicke in die Therapiek\u00fcche f\u00fchren zu erkennbarem Lachen.\u2019<\/em><\/p>\n<p><em>\u2018Ein weiteres Lied, eine Aufz\u00e4hlung all der Dinge, die ihr beim Ausr\u00e4umen seines Hauses in die H\u00e4nde fielen, ist ein bewegender H\u00f6hepunkt: \u2018Dode dingen\u2019 von Jos Brink in neuem Gewand. Das Lied besticht durch seinen wundersch\u00f6nen Text und die wundervolle Vertonung; ihre Stimme erstrahlt pl\u00f6tzlich in neuem Glanz und erh\u00e4lt eine ganz besondere, funkelnde Klangfarbe.\u2019<\/em><\/p>\n<p><em>\u2018Was ist dein Mehrwert im Leben und was sollte auf deinem Grabstein stehen? Van Kooten hat darauf keine Antworten. Sie versucht, sich selbst mit all ihren Schw\u00e4chen anzunehmen und hat ein wundersch\u00f6nes, ehrliches Portr\u00e4t davon geschaffen.\u2019 <\/em><strong>Theaterzeitung<\/strong><\/p>","protected":false},"excerpt":{"rendered":"<p>Wir kennen Marjolijn von ihren fr\u00fcheren, ausverkauften Shows \u00fcber Panikattacken, Sorgen und Medikamente. Ihr ehrliches, trockenes Kabarett voller Selbstironie ist ein Genre f\u00fcr sich und lockt in den Niederlanden ein volles Haus an. In dieser Show fragt sie sich, warum wir das Leben erst dann zu sch\u00e4tzen wissen, wenn jemand tot oder krank ist. K\u00f6nnte das nicht schon fr\u00fcher passieren? M\u00fcssen Menschen sterben, bevor wir uns lebendig f\u00fchlen? Schwarzer Humor, gef\u00fchlvolle Lieder und schonungslose Geschichten \u2013 das ist Van Kooten durch und durch. Es w\u00e4re sicherlich nicht ihre Schuld, wenn sie nicht den erhofften Erfolg erzielt.<\/p>","protected":false},"featured_media":0,"template":"","meta":{"patterndates-bp":null,"singledates-bp":[{"date-timestamp-repeaters":1794528000}],"footnotes":""},"categories":[6370],"tags":[6364,6235,6238],"doelgroep":[],"class_list":["post-25500","evenement","type-evenement","status-publish","hentry","category-evenement","tag-den-helder","tag-theater","tag-willemsoord","marker-toonopdenhelder"],"yoast_head":"<!-- This site is optimized with the Yoast SEO Premium plugin v24.7 (Yoast SEO v28.4) - https:\/\/yoast.com\/product\/yoast-seo-premium-wordpress\/ -->\n<title>Marjolijn van Kooten - Aan mij zal het niet liggen - Den Helder Online<\/title>\n<meta name=\"robots\" content=\"index, follow, max-snippet:-1, max-image-preview:large, max-video-preview:-1\" \/>\n<link rel=\"canonical\" href=\"https:\/\/denhelder.online\/de\/ereignis\/marjolijn-van-kooten-es-wird-nicht-meine-schuld-sein\/\" \/>\n<meta property=\"og:locale\" content=\"de_DE\" \/>\n<meta property=\"og:type\" content=\"article\" \/>\n<meta property=\"og:title\" content=\"Marjolijn van Kooten - Aan mij zal het niet liggen\" \/>\n<meta property=\"og:description\" content=\"Marjolijn kennen we van haar eerdere, uitverkochte voorstellingen over paniek, piekeren en pillen. Haar eerlijke, droogkomische cabaret vol zelfspot is een genre op zich en trekt in heel Nederland volle zalen. In deze voorstelling vraagt ze zich af waarom we het leven toch pas waarderen als er iemand dood is. Of ziek. Kan dat niet wat eerder? Moeten er eerst dooien vallen voordat we voelen dat we leven? Zwarte humor, gevoelige liedjes en schaamteloze verhalen; dat is Van Kooten ten voeten uit. Aan haar zal het niet liggen.\" \/>\n<meta property=\"og:url\" content=\"https:\/\/denhelder.online\/de\/ereignis\/marjolijn-van-kooten-es-wird-nicht-meine-schuld-sein\/\" \/>\n<meta property=\"og:site_name\" content=\"Den Helder Online\" \/>\n<meta name=\"twitter:card\" content=\"summary_large_image\" \/>\n<meta name=\"twitter:label1\" content=\"Gesch\u00e4tzte Lesezeit\" \/>\n\t<meta name=\"twitter:data1\" content=\"1\u00a0Minute\" \/>\n<script type=\"application\/ld+json\" class=\"yoast-schema-graph\">{\"@context\":\"https:\\\/\\\/schema.org\",\"@graph\":[{\"@type\":\"WebPage\",\"@id\":\"https:\\\/\\\/denhelder.online\\\/evenement\\\/marjolijn-van-kooten-aan-mij-zal-het-niet-liggen\\\/\",\"url\":\"https:\\\/\\\/denhelder.online\\\/evenement\\\/marjolijn-van-kooten-aan-mij-zal-het-niet-liggen\\\/\",\"name\":\"Marjolijn van Kooten - Aan mij zal het niet liggen - Den Helder Online\",\"isPartOf\":{\"@id\":\"https:\\\/\\\/denhelder.online\\\/#website\"},\"datePublished\":\"2026-08-12T16:59:24+00:00\",\"breadcrumb\":{\"@id\":\"https:\\\/\\\/denhelder.online\\\/evenement\\\/marjolijn-van-kooten-aan-mij-zal-het-niet-liggen\\\/#breadcrumb\"},\"inLanguage\":\"de\",\"potentialAction\":[{\"@type\":\"ReadAction\",\"target\":[\"https:\\\/\\\/denhelder.online\\\/evenement\\\/marjolijn-van-kooten-aan-mij-zal-het-niet-liggen\\\/\"]}]},{\"@type\":\"BreadcrumbList\",\"@id\":\"https:\\\/\\\/denhelder.online\\\/evenement\\\/marjolijn-van-kooten-aan-mij-zal-het-niet-liggen\\\/#breadcrumb\",\"itemListElement\":[{\"@type\":\"ListItem\",\"position\":1,\"name\":\"Home\",\"item\":\"https:\\\/\\\/denhelder.online\\\/\"},{\"@type\":\"ListItem\",\"position\":2,\"name\":\"Evenementen\",\"item\":\"https:\\\/\\\/denhelder.online\\\/en\\\/event-2\\\/\"},{\"@type\":\"ListItem\",\"position\":3,\"name\":\"Marjolijn van Kooten &#8211; Aan mij zal het niet liggen\"}]},{\"@type\":\"WebSite\",\"@id\":\"https:\\\/\\\/denhelder.online\\\/#website\",\"url\":\"https:\\\/\\\/denhelder.online\\\/\",\"name\":\"Den Helder Online\",\"description\":\"Beleef Den Helder\",\"publisher\":{\"@id\":\"https:\\\/\\\/denhelder.online\\\/#organization\"},\"potentialAction\":[{\"@type\":\"SearchAction\",\"target\":{\"@type\":\"EntryPoint\",\"urlTemplate\":\"https:\\\/\\\/denhelder.online\\\/?s={search_term_string}\"},\"query-input\":{\"@type\":\"PropertyValueSpecification\",\"valueRequired\":true,\"valueName\":\"search_term_string\"}}],\"inLanguage\":\"de\"},{\"@type\":\"Organization\",\"@id\":\"https:\\\/\\\/denhelder.online\\\/#organization\",\"name\":\"Den Helder Online\",\"url\":\"https:\\\/\\\/denhelder.online\\\/\",\"logo\":{\"@type\":\"ImageObject\",\"inLanguage\":\"de\",\"@id\":\"https:\\\/\\\/denhelder.online\\\/#\\\/schema\\\/logo\\\/image\\\/\",\"url\":\"https:\\\/\\\/denhelder.online\\\/wp-content\\\/uploads\\\/2021\\\/12\\\/DitIsDH-Logo-26-tagline.svg\",\"contentUrl\":\"https:\\\/\\\/denhelder.online\\\/wp-content\\\/uploads\\\/2021\\\/12\\\/DitIsDH-Logo-26-tagline.svg\",\"width\":1717.1,\"height\":934.9,\"caption\":\"Den Helder Online\"},\"image\":{\"@id\":\"https:\\\/\\\/denhelder.online\\\/#\\\/schema\\\/logo\\\/image\\\/\"}}]}<\/script>\n<!-- \/ Yoast SEO Premium plugin. -->","yoast_head_json":{"title":"Marjolijn van Kooten \u2013 It Won&#039;t Be My Fault \u2013 Den Helder Online","robots":{"index":"index","follow":"follow","max-snippet":"max-snippet:-1","max-image-preview":"max-image-preview:large","max-video-preview":"max-video-preview:-1"},"canonical":"https:\/\/denhelder.online\/de\/ereignis\/marjolijn-van-kooten-es-wird-nicht-meine-schuld-sein\/","og_locale":"de_DE","og_type":"article","og_title":"Marjolijn van Kooten - Aan mij zal het niet liggen","og_description":"Marjolijn kennen we van haar eerdere, uitverkochte voorstellingen over paniek, piekeren en pillen. Haar eerlijke, droogkomische cabaret vol zelfspot is een genre op zich en trekt in heel Nederland volle zalen. In deze voorstelling vraagt ze zich af waarom we het leven toch pas waarderen als er iemand dood is. Of ziek. Kan dat niet wat eerder? Moeten er eerst dooien vallen voordat we voelen dat we leven? Zwarte humor, gevoelige liedjes en schaamteloze verhalen; dat is Van Kooten ten voeten uit. Aan haar zal het niet liggen.","og_url":"https:\/\/denhelder.online\/de\/ereignis\/marjolijn-van-kooten-es-wird-nicht-meine-schuld-sein\/","og_site_name":"Den Helder Online","twitter_card":"summary_large_image","twitter_misc":{"Gesch\u00e4tzte Lesezeit":"1\u00a0Minute"},"schema":{"@context":"https:\/\/schema.org","@graph":[{"@type":"WebPage","@id":"https:\/\/denhelder.online\/evenement\/marjolijn-van-kooten-aan-mij-zal-het-niet-liggen\/","url":"https:\/\/denhelder.online\/evenement\/marjolijn-van-kooten-aan-mij-zal-het-niet-liggen\/","name":"Marjolijn van Kooten \u2013 It Won&#039;t Be My Fault \u2013 Den Helder Online","isPartOf":{"@id":"https:\/\/denhelder.online\/#website"},"datePublished":"2026-08-12T16:59:24+00:00","breadcrumb":{"@id":"https:\/\/denhelder.online\/evenement\/marjolijn-van-kooten-aan-mij-zal-het-niet-liggen\/#breadcrumb"},"inLanguage":"de","potentialAction":[{"@type":"ReadAction","target":["https:\/\/denhelder.online\/evenement\/marjolijn-van-kooten-aan-mij-zal-het-niet-liggen\/"]}]},{"@type":"BreadcrumbList","@id":"https:\/\/denhelder.online\/evenement\/marjolijn-van-kooten-aan-mij-zal-het-niet-liggen\/#breadcrumb","itemListElement":[{"@type":"ListItem","position":1,"name":"Home","item":"https:\/\/denhelder.online\/"},{"@type":"ListItem","position":2,"name":"Evenementen","item":"https:\/\/denhelder.online\/en\/event-2\/"},{"@type":"ListItem","position":3,"name":"Marjolijn van Kooten &#8211; Aan mij zal het niet liggen"}]},{"@type":"WebSite","@id":"https:\/\/denhelder.online\/#website","url":"https:\/\/denhelder.online\/","name":"Den Helder Online","description":"Erleben Sie Den Helder","publisher":{"@id":"https:\/\/denhelder.online\/#organization"},"potentialAction":[{"@type":"SearchAction","target":{"@type":"EntryPoint","urlTemplate":"https:\/\/denhelder.online\/?s={search_term_string}"},"query-input":{"@type":"PropertyValueSpecification","valueRequired":true,"valueName":"search_term_string"}}],"inLanguage":"de"},{"@type":"Organization","@id":"https:\/\/denhelder.online\/#organization","name":"Den Helder Online","url":"https:\/\/denhelder.online\/","logo":{"@type":"ImageObject","inLanguage":"de","@id":"https:\/\/denhelder.online\/#\/schema\/logo\/image\/","url":"https:\/\/denhelder.online\/wp-content\/uploads\/2021\/12\/DitIsDH-Logo-26-tagline.svg","contentUrl":"https:\/\/denhelder.online\/wp-content\/uploads\/2021\/12\/DitIsDH-Logo-26-tagline.svg","width":1717.1,"height":934.9,"caption":"Den Helder Online"},"image":{"@id":"https:\/\/denhelder.online\/#\/schema\/logo\/image\/"}}]}},"_links":{"self":[{"href":"https:\/\/denhelder.online\/de\/wp-json\/wp\/v2\/events\/25500","targetHints":{"allow":["GET"]}}],"collection":[{"href":"https:\/\/denhelder.online\/de\/wp-json\/wp\/v2\/events"}],"about":[{"href":"https:\/\/denhelder.online\/de\/wp-json\/wp\/v2\/types\/evenement"}],"version-history":[{"count":0,"href":"https:\/\/denhelder.online\/de\/wp-json\/wp\/v2\/events\/25500\/revisions"}],"wp:attachment":[{"href":"https:\/\/denhelder.online\/de\/wp-json\/wp\/v2\/media?parent=25500"}],"wp:term":[{"taxonomy":"category","embeddable":true,"href":"https:\/\/denhelder.online\/de\/wp-json\/wp\/v2\/categories?post=25500"},{"taxonomy":"post_tag","embeddable":true,"href":"https:\/\/denhelder.online\/de\/wp-json\/wp\/v2\/tags?post=25500"},{"taxonomy":"doelgroep","embeddable":true,"href":"https:\/\/denhelder.online\/de\/wp-json\/wp\/v2\/doelgroep?post=25500"}],"curies":[{"name":"wp","href":"https:\/\/api.w.org\/{rel}","templated":true}]}}

<p><strong>Die Presse:</strong></p>
<p><em>‘Neben dem Humor bergen die Themen auch viel Gewicht. Sie lässt das Publikum mit existenziellen Fragen ringen: Was und wie erlebt man Trauer im eigenen Leben, und wie findet man wieder zurück ins Leben?’</em></p>
<p><span>‘</span><em>Über die Dunkelheit lachen, über das Unbehagen und vielleicht auch ein bisschen über sich selbst.’</em></p>
<p><em>‘Psychiatrisches Kabarett’, nennt sie es selbst, und das trifft es genau. Van Kooten hat es mehr oder weniger zu ihrem eigenen Genre gemacht. Es zieht Menschen an, die die Tiefpunkte erlebt haben und die jetzt erleichtert über das lachen können, was damals nicht lustig war. Die Kombination aus schwarzem Humor, schamloser Offenheit und verletzlichen Liedern trifft genau den richtigen Ton.“</em></p>
<p><em>‘It Won’t Be My Fault’ ist kein heiterer Kabarettabend, sondern ein ehrlicher und scharfsinniger Einblick in die Gedankenwelt einer Frau, die die Welt etwas intensiver erlebt. Man lacht, man schluckt, man denkt nach – und man ist dankbar, dass sie es wagt, all das so offen mit uns zu teilen. </em><strong><em>Ich liebe Theater.</em></strong></p>
<p></p>
<p><span>‘</span><em>Offene Einblicke in die Therapieküche führen zu erkennbarem Lachen.’</em></p>
<p><em>‘Ein weiteres Lied, eine Aufzählung all der Dinge, die ihr beim Ausräumen seines Hauses in die Hände fielen, ist ein bewegender Höhepunkt: ‘Dode dingen’ von Jos Brink in neuem Gewand. Das Lied besticht durch seinen wunderschönen Text und die wundervolle Vertonung; ihre Stimme erstrahlt plötzlich in neuem Glanz und erhält eine ganz besondere, funkelnde Klangfarbe.’</em></p>
<p><em>‘Was ist dein Mehrwert im Leben und was sollte auf deinem Grabstein stehen? Van Kooten hat darauf keine Antworten. Sie versucht, sich selbst mit all ihren Schwächen anzunehmen und hat ein wunderschönes, ehrliches Porträt davon geschaffen.’ </em><strong>Theaterzeitung</strong></p>

<p>Wir kennen Marjolijn von ihren früheren, ausverkauften Shows über Panikattacken, Sorgen und Medikamente. Ihr ehrliches, trockenes Kabarett voller Selbstironie ist ein Genre für sich und lockt in den Niederlanden ein volles Haus an. In dieser Show fragt sie sich, warum wir das Leben erst dann zu schätzen wissen, wenn jemand tot oder krank ist. Könnte das nicht schon früher passieren? Müssen Menschen sterben, bevor wir uns lebendig fühlen? Schwarzer Humor, gefühlvolle Lieder und schonungslose Geschichten – das ist Van Kooten durch und durch. Es wäre sicherlich nicht ihre Schuld, wenn sie nicht den erhofften Erfolg erzielt.</p>

<!-- This site is optimized with the Yoast SEO Premium plugin v24.7 (Yoast SEO v28.4) - https://yoast.com/product/yoast-seo-premium-wordpress/ -->
<title>Marjolijn van Kooten - Aan mij zal het niet liggen - Den Helder Online</title>
<meta name="robots" content="index, follow, max-snippet:-1, max-image-preview:large, max-video-preview:-1" />
<link rel="canonical" href="https://denhelder.online/de/ereignis/marjolijn-van-kooten-es-wird-nicht-meine-schuld-sein/" />
<meta property="og:locale" content="de_DE" />
<meta property="og:type" content="article" />
<meta property="og:title" content="Marjolijn van Kooten - Aan mij zal het niet liggen" />
<meta property="og:description" content="Marjolijn kennen we van haar eerdere, uitverkochte voorstellingen over paniek, piekeren en pillen. Haar eerlijke, droogkomische cabaret vol zelfspot is een genre op zich en trekt in heel Nederland volle zalen. In deze voorstelling vraagt ze zich af waarom we het leven toch pas waarderen als er iemand dood is. Of ziek. Kan dat niet wat eerder? Moeten er eerst dooien vallen voordat we voelen dat we leven? Zwarte humor, gevoelige liedjes en schaamteloze verhalen; dat is Van Kooten ten voeten uit. Aan haar zal het niet liggen." />
<meta property="og:url" content="https://denhelder.online/de/ereignis/marjolijn-van-kooten-es-wird-nicht-meine-schuld-sein/" />
<meta property="og:site_name" content="Den Helder Online" />
<meta name="twitter:card" content="summary_large_image" />
<meta name="twitter:label1" content="Geschätzte Lesezeit" />
	<meta name="twitter:data1" content="1 Minute" />
<script type="application/ld+json" class="yoast-schema-graph">{"@context":"https:\/\/schema.org","@graph":[{"@type":"WebPage","@id":"https:\/\/denhelder.online\/evenement\/marjolijn-van-kooten-aan-mij-zal-het-niet-liggen\/","url":"https:\/\/denhelder.online\/evenement\/marjolijn-van-kooten-aan-mij-zal-het-niet-liggen\/","name":"Marjolijn van Kooten - Aan mij zal het niet liggen - Den Helder Online","isPartOf":{"@id":"https:\/\/denhelder.online\/#website"},"datePublished":"2026-08-12T16:59:24+00:00","breadcrumb":{"@id":"https:\/\/denhelder.online\/evenement\/marjolijn-van-kooten-aan-mij-zal-het-niet-liggen\/#breadcrumb"},"inLanguage":"de","potentialAction":[{"@type":"ReadAction","target":["https:\/\/denhelder.online\/evenement\/marjolijn-van-kooten-aan-mij-zal-het-niet-liggen\/"]}]},{"@type":"BreadcrumbList","@id":"https:\/\/denhelder.online\/evenement\/marjolijn-van-kooten-aan-mij-zal-het-niet-liggen\/#breadcrumb","itemListElement":[{"@type":"ListItem","position":1,"name":"Home","item":"https:\/\/denhelder.online\/"},{"@type":"ListItem","position":2,"name":"Evenementen","item":"https:\/\/denhelder.online\/en\/event-2\/"},{"@type":"ListItem","position":3,"name":"Marjolijn van Kooten &#8211; Aan mij zal het niet liggen"}]},{"@type":"WebSite","@id":"https:\/\/denhelder.online\/#website","url":"https:\/\/denhelder.online\/","name":"Den Helder Online","description":"Beleef Den Helder","publisher":{"@id":"https:\/\/denhelder.online\/#organization"},"potentialAction":[{"@type":"SearchAction","target":{"@type":"EntryPoint","urlTemplate":"https:\/\/denhelder.online\/?s={search_term_string}"},"query-input":{"@type":"PropertyValueSpecification","valueRequired":true,"valueName":"search_term_string"}}],"inLanguage":"de"},{"@type":"Organization","@id":"https:\/\/denhelder.online\/#organization","name":"Den Helder Online","url":"https:\/\/denhelder.online\/","logo":{"@type":"ImageObject","inLanguage":"de","@id":"https:\/\/denhelder.online\/#\/schema\/logo\/image\/","url":"https:\/\/denhelder.online\/wp-content\/uploads\/2021\/12\/DitIsDH-Logo-26-tagline.svg","contentUrl":"https:\/\/denhelder.online\/wp-content\/uploads\/2021\/12\/DitIsDH-Logo-26-tagline.svg","width":1717.1,"height":934.9,"caption":"Den Helder Online"},"image":{"@id":"https:\/\/denhelder.online\/#\/schema\/logo\/image\/"}}]}</script>
<!-- / Yoast SEO Premium plugin. -->
