{"id":25508,"date":"2026-08-12T18:59:29","date_gmt":"2026-08-12T16:59:29","guid":{"rendered":"https:\/\/denhelder.online\/evenement\/alain-clark-date-night\/"},"modified":"2026-08-12T18:59:29","modified_gmt":"2026-08-12T16:59:29","slug":"alain-clark-date-night","status":"publish","type":"evenement","link":"https:\/\/denhelder.online\/de\/evenement\/alain-clark-date-night\/","title":{"rendered":"Alain Clark \u2013 Date Night"},"content":{"rendered":"<p><span>Zwischen den Noten spricht er offen \u00fcber seinen pers\u00f6nlichen Weg \u2013 von der anf\u00e4nglichen Inspiration bis hin zu den K\u00e4mpfen und Erfolgen auf diesem Weg. \u00dcber Liebe, Leben, Zweifel, Glauben und die Kraft der Verletzlichkeit.<\/span><\/p>\n<p><\/p>\n<p><span>Es ist mehr als ein Konzert, vielleicht sogar ein Treffen.<\/span><\/p>","protected":false},"excerpt":{"rendered":"<p>Eine musikalische Reise. Pers\u00f6nlich. Unverf\u00e4lscht. Echt.<\/p>\n<p>In seiner neuen Theatershow \u201eDate Night\u201c l\u00e4dt Alain Clark Sie zu einem Abend ein, an dem Musik und Geschichte verschmelzen. Nur Alain, seine Stimme, seine Gitarre \u2026 und Sie.<\/p>\n<p>In intimer Atmosph\u00e4re pr\u00e4sentiert Alain nicht nur seine bekanntesten Lieder, sondern f\u00fchrt Sie auch ins Herz seiner Musik. Wie entsteht ein Lied? Woher kommt eine Melodie? Was verbirgt sich hinter einem Text, der das Herz ber\u00fchrt?<\/p>","protected":false},"featured_media":0,"template":"","meta":{"patterndates-bp":null,"singledates-bp":[{"date-timestamp-repeaters":1795046400}],"footnotes":""},"categories":[6370,6375],"tags":[6364,6237,6235,6238],"doelgroep":[],"class_list":["post-25508","evenement","type-evenement","status-publish","hentry","category-evenement","category-muziek-muziek","tag-den-helder","tag-muziek","tag-theater","tag-willemsoord","marker-toonopdenhelder"],"yoast_head":"<!-- This site is optimized with the Yoast SEO Premium plugin v24.7 (Yoast SEO v28.4) - https:\/\/yoast.com\/product\/yoast-seo-premium-wordpress\/ -->\n<title>Alain Clark - Date Night - Den Helder Online<\/title>\n<meta name=\"robots\" content=\"index, follow, max-snippet:-1, max-image-preview:large, max-video-preview:-1\" \/>\n<link rel=\"canonical\" href=\"https:\/\/denhelder.online\/de\/ereignis\/alain-clark-date-night\/\" \/>\n<meta property=\"og:locale\" content=\"de_DE\" \/>\n<meta property=\"og:type\" content=\"article\" \/>\n<meta property=\"og:title\" content=\"Alain Clark - Date Night\" \/>\n<meta property=\"og:description\" content=\"Een muzikale reis. Persoonlijk. Rauw. Echt. In zijn nieuwe theatershow Date Night nodigt Alain Clark je uit voor een avond waarin muziek en verhaal samenkomen. Alleen Alain, zijn stem, zijn gitaar\u2026 en jij. In een intieme setting deelt Alain niet alleen zijn bekendste nummers, maar neemt hij je mee naar het hart van zijn muziek. Hoe ontstaat een lied? Waar begint een melodie? Wat schuilt er achter een tekst die raakt?\" \/>\n<meta property=\"og:url\" content=\"https:\/\/denhelder.online\/de\/ereignis\/alain-clark-date-night\/\" \/>\n<meta property=\"og:site_name\" content=\"Den Helder Online\" \/>\n<meta name=\"twitter:card\" content=\"summary_large_image\" \/>\n<script type=\"application\/ld+json\" class=\"yoast-schema-graph\">{\"@context\":\"https:\\\/\\\/schema.org\",\"@graph\":[{\"@type\":\"WebPage\",\"@id\":\"https:\\\/\\\/denhelder.online\\\/evenement\\\/alain-clark-date-night\\\/\",\"url\":\"https:\\\/\\\/denhelder.online\\\/evenement\\\/alain-clark-date-night\\\/\",\"name\":\"Alain Clark - Date Night - Den Helder Online\",\"isPartOf\":{\"@id\":\"https:\\\/\\\/denhelder.online\\\/#website\"},\"datePublished\":\"2026-08-12T16:59:29+00:00\",\"breadcrumb\":{\"@id\":\"https:\\\/\\\/denhelder.online\\\/evenement\\\/alain-clark-date-night\\\/#breadcrumb\"},\"inLanguage\":\"de\",\"potentialAction\":[{\"@type\":\"ReadAction\",\"target\":[\"https:\\\/\\\/denhelder.online\\\/evenement\\\/alain-clark-date-night\\\/\"]}]},{\"@type\":\"BreadcrumbList\",\"@id\":\"https:\\\/\\\/denhelder.online\\\/evenement\\\/alain-clark-date-night\\\/#breadcrumb\",\"itemListElement\":[{\"@type\":\"ListItem\",\"position\":1,\"name\":\"Home\",\"item\":\"https:\\\/\\\/denhelder.online\\\/\"},{\"@type\":\"ListItem\",\"position\":2,\"name\":\"Evenementen\",\"item\":\"https:\\\/\\\/denhelder.online\\\/en\\\/event-2\\\/\"},{\"@type\":\"ListItem\",\"position\":3,\"name\":\"Alain Clark &#8211; Date Night\"}]},{\"@type\":\"WebSite\",\"@id\":\"https:\\\/\\\/denhelder.online\\\/#website\",\"url\":\"https:\\\/\\\/denhelder.online\\\/\",\"name\":\"Den Helder Online\",\"description\":\"Beleef Den Helder\",\"publisher\":{\"@id\":\"https:\\\/\\\/denhelder.online\\\/#organization\"},\"potentialAction\":[{\"@type\":\"SearchAction\",\"target\":{\"@type\":\"EntryPoint\",\"urlTemplate\":\"https:\\\/\\\/denhelder.online\\\/?s={search_term_string}\"},\"query-input\":{\"@type\":\"PropertyValueSpecification\",\"valueRequired\":true,\"valueName\":\"search_term_string\"}}],\"inLanguage\":\"de\"},{\"@type\":\"Organization\",\"@id\":\"https:\\\/\\\/denhelder.online\\\/#organization\",\"name\":\"Den Helder Online\",\"url\":\"https:\\\/\\\/denhelder.online\\\/\",\"logo\":{\"@type\":\"ImageObject\",\"inLanguage\":\"de\",\"@id\":\"https:\\\/\\\/denhelder.online\\\/#\\\/schema\\\/logo\\\/image\\\/\",\"url\":\"https:\\\/\\\/denhelder.online\\\/wp-content\\\/uploads\\\/2021\\\/12\\\/DitIsDH-Logo-26-tagline.svg\",\"contentUrl\":\"https:\\\/\\\/denhelder.online\\\/wp-content\\\/uploads\\\/2021\\\/12\\\/DitIsDH-Logo-26-tagline.svg\",\"width\":1717.1,\"height\":934.9,\"caption\":\"Den Helder Online\"},\"image\":{\"@id\":\"https:\\\/\\\/denhelder.online\\\/#\\\/schema\\\/logo\\\/image\\\/\"}}]}<\/script>\n<!-- \/ Yoast SEO Premium plugin. -->","yoast_head_json":{"title":"Alain Clark \u2013 Date Night \u2013 Den Helder Online","robots":{"index":"index","follow":"follow","max-snippet":"max-snippet:-1","max-image-preview":"max-image-preview:large","max-video-preview":"max-video-preview:-1"},"canonical":"https:\/\/denhelder.online\/de\/ereignis\/alain-clark-date-night\/","og_locale":"de_DE","og_type":"article","og_title":"Alain Clark - Date Night","og_description":"Een muzikale reis. Persoonlijk. Rauw. Echt. In zijn nieuwe theatershow Date Night nodigt Alain Clark je uit voor een avond waarin muziek en verhaal samenkomen. Alleen Alain, zijn stem, zijn gitaar\u2026 en jij. In een intieme setting deelt Alain niet alleen zijn bekendste nummers, maar neemt hij je mee naar het hart van zijn muziek. Hoe ontstaat een lied? Waar begint een melodie? Wat schuilt er achter een tekst die raakt?","og_url":"https:\/\/denhelder.online\/de\/ereignis\/alain-clark-date-night\/","og_site_name":"Den Helder Online","twitter_card":"summary_large_image","schema":{"@context":"https:\/\/schema.org","@graph":[{"@type":"WebPage","@id":"https:\/\/denhelder.online\/evenement\/alain-clark-date-night\/","url":"https:\/\/denhelder.online\/evenement\/alain-clark-date-night\/","name":"Alain Clark \u2013 Date Night \u2013 Den Helder Online","isPartOf":{"@id":"https:\/\/denhelder.online\/#website"},"datePublished":"2026-08-12T16:59:29+00:00","breadcrumb":{"@id":"https:\/\/denhelder.online\/evenement\/alain-clark-date-night\/#breadcrumb"},"inLanguage":"de","potentialAction":[{"@type":"ReadAction","target":["https:\/\/denhelder.online\/evenement\/alain-clark-date-night\/"]}]},{"@type":"BreadcrumbList","@id":"https:\/\/denhelder.online\/evenement\/alain-clark-date-night\/#breadcrumb","itemListElement":[{"@type":"ListItem","position":1,"name":"Home","item":"https:\/\/denhelder.online\/"},{"@type":"ListItem","position":2,"name":"Evenementen","item":"https:\/\/denhelder.online\/en\/event-2\/"},{"@type":"ListItem","position":3,"name":"Alain Clark &#8211; Date Night"}]},{"@type":"WebSite","@id":"https:\/\/denhelder.online\/#website","url":"https:\/\/denhelder.online\/","name":"Den Helder Online","description":"Erleben Sie Den Helder","publisher":{"@id":"https:\/\/denhelder.online\/#organization"},"potentialAction":[{"@type":"SearchAction","target":{"@type":"EntryPoint","urlTemplate":"https:\/\/denhelder.online\/?s={search_term_string}"},"query-input":{"@type":"PropertyValueSpecification","valueRequired":true,"valueName":"search_term_string"}}],"inLanguage":"de"},{"@type":"Organization","@id":"https:\/\/denhelder.online\/#organization","name":"Den Helder Online","url":"https:\/\/denhelder.online\/","logo":{"@type":"ImageObject","inLanguage":"de","@id":"https:\/\/denhelder.online\/#\/schema\/logo\/image\/","url":"https:\/\/denhelder.online\/wp-content\/uploads\/2021\/12\/DitIsDH-Logo-26-tagline.svg","contentUrl":"https:\/\/denhelder.online\/wp-content\/uploads\/2021\/12\/DitIsDH-Logo-26-tagline.svg","width":1717.1,"height":934.9,"caption":"Den Helder Online"},"image":{"@id":"https:\/\/denhelder.online\/#\/schema\/logo\/image\/"}}]}},"_links":{"self":[{"href":"https:\/\/denhelder.online\/de\/wp-json\/wp\/v2\/events\/25508","targetHints":{"allow":["GET"]}}],"collection":[{"href":"https:\/\/denhelder.online\/de\/wp-json\/wp\/v2\/events"}],"about":[{"href":"https:\/\/denhelder.online\/de\/wp-json\/wp\/v2\/types\/evenement"}],"version-history":[{"count":0,"href":"https:\/\/denhelder.online\/de\/wp-json\/wp\/v2\/events\/25508\/revisions"}],"wp:attachment":[{"href":"https:\/\/denhelder.online\/de\/wp-json\/wp\/v2\/media?parent=25508"}],"wp:term":[{"taxonomy":"category","embeddable":true,"href":"https:\/\/denhelder.online\/de\/wp-json\/wp\/v2\/categories?post=25508"},{"taxonomy":"post_tag","embeddable":true,"href":"https:\/\/denhelder.online\/de\/wp-json\/wp\/v2\/tags?post=25508"},{"taxonomy":"doelgroep","embeddable":true,"href":"https:\/\/denhelder.online\/de\/wp-json\/wp\/v2\/doelgroep?post=25508"}],"curies":[{"name":"wp","href":"https:\/\/api.w.org\/{rel}","templated":true}]}}

<p><span>Zwischen den Noten spricht er offen über seinen persönlichen Weg – von der anfänglichen Inspiration bis hin zu den Kämpfen und Erfolgen auf diesem Weg. Über Liebe, Leben, Zweifel, Glauben und die Kraft der Verletzlichkeit.</span></p>
<p></p>
<p><span>Es ist mehr als ein Konzert, vielleicht sogar ein Treffen.</span></p>

<p>Eine musikalische Reise. Persönlich. Unverfälscht. Echt.</p>
<p>In seiner neuen Theatershow „Date Night“ lädt Alain Clark Sie zu einem Abend ein, an dem Musik und Geschichte verschmelzen. Nur Alain, seine Stimme, seine Gitarre … und Sie.</p>
<p>In intimer Atmosphäre präsentiert Alain nicht nur seine bekanntesten Lieder, sondern führt Sie auch ins Herz seiner Musik. Wie entsteht ein Lied? Woher kommt eine Melodie? Was verbirgt sich hinter einem Text, der das Herz berührt?</p>
