{"id":25969,"date":"2026-09-03T22:40:38","date_gmt":"2026-09-03T20:40:38","guid":{"rendered":"https:\/\/denhelder.online\/evenement\/gratis-proefles-cursus-frans\/"},"modified":"2026-09-03T22:40:38","modified_gmt":"2026-09-03T20:40:38","slug":"gratis-proefles-cursus-frans","status":"publish","type":"evenement","link":"https:\/\/denhelder.online\/de\/evenement\/gratis-proefles-cursus-frans\/","title":{"rendered":"Gratis proefles | Cursus Frans"},"content":{"rendered":"<p>Ben je deze zomer in Frankrijk geweest en dacht je: <em>volgend jaar wil ik toch \u00e9cht wat beter Frans spreken<\/em>? Of droom je van een vakantie, een langere reis of misschien zelfs een eigen plekje onder de Franse zon? Dan is dit h\u00e9t moment om die goede voornemens om te zetten in actie.<\/p>\n<p>Hoe leuk is het als je op een Frans terras niet alleen je koffie kunt bestellen, maar ook een praatje kunt maken met de ober? Als je op de markt begrijpt wat de kaasboer vertelt, de buurman daadwerkelijk kunt verstaan of gewoon zonder hulp de weg kunt vragen?<\/p>\n<p>Met een beetje Frans gaat er letterlijk een wereld voor je open. Van Parijs tot de Dordogne en van de ruige kust van Bretagne tot de Alpen. Frans brengt je bovendien nog veel verder, bijvoorbeeld naar Walloni\u00eb, Zwitserland, Canada, Monaco, grote delen van Afrika en tropische bestemmingen zoals de Seychellen.<\/p>\n<p><strong>Frans leren in Den Helder? Bien s\u00fbr!<\/strong><\/p>\n<p>Bij Alliance Fran\u00e7aise Den Helder kun je dit najaar weer terecht voor cursussen Frans op verschillende niveaus. Van absolute beginner tot gevorderde cursist die de Franse taal verder wil perfectioneren.<\/p>\n<p>De lessen worden gegeven door enthousiaste, gediplomeerde docenten. De groepen zijn bewust klein, met ongeveer 10 tot 14 cursisten. Zo is er voldoende ruimte voor persoonlijke aandacht en vooral om veel Frans te spreken.<\/p>\n<p>De nieuwe cursussen starten op donderdagavond 1 oktober 2026 bij VONK\/ROC aan de Kievitstraat 31 in Den Helder. Een cursus bestaat uit 20 lessen van anderhalf uur en loopt tot maart 2027. De kosten bedragen \u20ac 180, exclusief lesboeken.<\/p>\n<p><strong>Eerst even proberen? Venez nous rencontrer!<\/strong><\/p>\n<p>Twijfel je over je niveau of wil je eerst ontdekken of een cursus Frans iets voor je is? Kom dan naar de gratis proefles op donderdag 10 september om 19.30 uur bij VONK.<\/p>\n<p>Tijdens de proefles kun je vrijblijvend kennismaken met de docenten en de manier van lesgeven. Ook kan je instroomniveau worden bepaald en is er na afloop volop gelegenheid om vragen te stellen. Smaakt het naar meer? Dan kun je je meteen inschrijven.<\/p>\n<p><strong>Veel meer dan alleen werkwoorden en grammatica<\/strong><\/p>\n<p>Frans leren bij Alliance Fran\u00e7aise betekent ook kennismaken met de Franse en Franstalige cultuur. Gedurende het seizoen worden verschillende culturele activiteiten georganiseerd. Cursisten kunnen gratis deelnemen aan sfeervolle muzikale avonden en inspirerende lezingen.<\/p>\n<p>Het seizoen wordt afgesloten zoals het de Fransen betaamt: gezellig, met het traditionele kaas en wijnslotfeest.<\/p>\n<p>Je hoeft overigens geen cursus te volgen om van deze activiteiten te genieten. Liefhebbers van de Franse taal en cultuur kunnen ook lid worden van Alliance Fran\u00e7aise. De contributie bedraagt \u20ac 32,50 per persoon of \u20ac 55 per paar dat op hetzelfde adres woont. Leden en cursisten hebben gratis toegang tot de culturele activiteiten.<\/p>\n<p><strong>Liever priv\u00e9les?<\/strong><\/p>\n<p>Ook dat kan. Met online priv\u00e9lessen leer je Frans in je eigen tempo en op momenten die jou het beste uitkomen, onder persoonlijke begeleiding van een ervaren docent.<\/p>\n<p><strong>Meer weten of aanmelden?<\/strong><\/p>\n<p>Schau dir das an <a href=\"https:\/\/www.alliance-francaise.nl\/den-helder\/\" rel=\"noopener noreferrer\" target=\"_blank\">https:\/\/www.alliance-francaise.nl\/den-helder\/<\/a> of neem contact op met mevrouw Gerbrich Leegwater via <a href=\"mailto:cursus.denhelder@afpb.nl\" rel=\"noopener noreferrer\" target=\"_blank\">cursus.denhelder@afpb.nl<\/a>.<\/p>\n<p>Of kom langs tijdens de proefles op 10 september. Misschien is 2026 wel het jaar waarin \u2018Je ne parle pas fran\u00e7ais\u2019 eindelijk plaatsmaakt voor \u2018On peut parler fran\u00e7ais!\u2019<\/p>\n<p>\u00c0 bient\u00f4t \u00e0 Den Helder!<\/p>","protected":false},"excerpt":{"rendered":"<p>Frankrijk wordt n\u00f3g leuker als je meer kunt zeggen dan deux caf\u00e9s, s\u2019il vous pla\u00eet! Ontdek het zelf tijdens de gratis proefles Frans op 10 september in Den Helder.<\/p>","protected":false},"featured_media":0,"template":"","meta":{"patterndates-bp":null,"singledates-bp":[{"date-timestamp-repeaters":1788998400}],"footnotes":""},"categories":[6370],"tags":[6364],"doelgroep":[],"class_list":["post-25969","evenement","type-evenement","status-publish","hentry","category-evenement","tag-den-helder","marker-toonopdenhelder"],"yoast_head":"<!-- This site is optimized with the Yoast SEO Premium plugin v24.7 (Yoast SEO v28.4) - https:\/\/yoast.com\/product\/yoast-seo-premium-wordpress\/ -->\n<title>Gratis proefles | Cursus Frans - Den Helder Online<\/title>\n<meta name=\"robots\" content=\"index, follow, max-snippet:-1, max-image-preview:large, max-video-preview:-1\" \/>\n<link rel=\"canonical\" href=\"https:\/\/denhelder.online\/de\/ereignis\/gratis-proefles-cursus-frans\/\" \/>\n<meta property=\"og:locale\" content=\"de_DE\" \/>\n<meta property=\"og:type\" content=\"article\" \/>\n<meta property=\"og:title\" content=\"Gratis proefles | Cursus Frans\" \/>\n<meta property=\"og:description\" content=\"Frankrijk wordt n\u00f3g leuker als je meer kunt zeggen dan deux caf\u00e9s, s\u2019il vous pla\u00eet! Ontdek het zelf tijdens de gratis proefles Frans op 10 september in Den Helder.\" \/>\n<meta property=\"og:url\" content=\"https:\/\/denhelder.online\/de\/ereignis\/gratis-proefles-cursus-frans\/\" \/>\n<meta property=\"og:site_name\" content=\"Den Helder Online\" \/>\n<meta name=\"twitter:card\" content=\"summary_large_image\" \/>\n<meta name=\"twitter:label1\" content=\"Gesch\u00e4tzte Lesezeit\" \/>\n\t<meta name=\"twitter:data1\" content=\"3\u00a0Minuten\" \/>\n<script type=\"application\/ld+json\" class=\"yoast-schema-graph\">{\"@context\":\"https:\\\/\\\/schema.org\",\"@graph\":[{\"@type\":\"WebPage\",\"@id\":\"https:\\\/\\\/denhelder.online\\\/evenement\\\/gratis-proefles-cursus-frans\\\/\",\"url\":\"https:\\\/\\\/denhelder.online\\\/evenement\\\/gratis-proefles-cursus-frans\\\/\",\"name\":\"Gratis proefles | Cursus Frans - Den Helder Online\",\"isPartOf\":{\"@id\":\"https:\\\/\\\/denhelder.online\\\/#website\"},\"datePublished\":\"2026-09-03T20:40:38+00:00\",\"breadcrumb\":{\"@id\":\"https:\\\/\\\/denhelder.online\\\/evenement\\\/gratis-proefles-cursus-frans\\\/#breadcrumb\"},\"inLanguage\":\"de\",\"potentialAction\":[{\"@type\":\"ReadAction\",\"target\":[\"https:\\\/\\\/denhelder.online\\\/evenement\\\/gratis-proefles-cursus-frans\\\/\"]}]},{\"@type\":\"BreadcrumbList\",\"@id\":\"https:\\\/\\\/denhelder.online\\\/evenement\\\/gratis-proefles-cursus-frans\\\/#breadcrumb\",\"itemListElement\":[{\"@type\":\"ListItem\",\"position\":1,\"name\":\"Home\",\"item\":\"https:\\\/\\\/denhelder.online\\\/\"},{\"@type\":\"ListItem\",\"position\":2,\"name\":\"Evenementen\",\"item\":\"https:\\\/\\\/denhelder.online\\\/en\\\/event-2\\\/\"},{\"@type\":\"ListItem\",\"position\":3,\"name\":\"Gratis proefles | Cursus Frans\"}]},{\"@type\":\"WebSite\",\"@id\":\"https:\\\/\\\/denhelder.online\\\/#website\",\"url\":\"https:\\\/\\\/denhelder.online\\\/\",\"name\":\"Den Helder Online\",\"description\":\"Beleef Den Helder\",\"publisher\":{\"@id\":\"https:\\\/\\\/denhelder.online\\\/#organization\"},\"potentialAction\":[{\"@type\":\"SearchAction\",\"target\":{\"@type\":\"EntryPoint\",\"urlTemplate\":\"https:\\\/\\\/denhelder.online\\\/?s={search_term_string}\"},\"query-input\":{\"@type\":\"PropertyValueSpecification\",\"valueRequired\":true,\"valueName\":\"search_term_string\"}}],\"inLanguage\":\"de\"},{\"@type\":\"Organization\",\"@id\":\"https:\\\/\\\/denhelder.online\\\/#organization\",\"name\":\"Den Helder Online\",\"url\":\"https:\\\/\\\/denhelder.online\\\/\",\"logo\":{\"@type\":\"ImageObject\",\"inLanguage\":\"de\",\"@id\":\"https:\\\/\\\/denhelder.online\\\/#\\\/schema\\\/logo\\\/image\\\/\",\"url\":\"https:\\\/\\\/denhelder.online\\\/wp-content\\\/uploads\\\/2021\\\/12\\\/DitIsDH-Logo-26-tagline.svg\",\"contentUrl\":\"https:\\\/\\\/denhelder.online\\\/wp-content\\\/uploads\\\/2021\\\/12\\\/DitIsDH-Logo-26-tagline.svg\",\"width\":1717.1,\"height\":934.9,\"caption\":\"Den Helder Online\"},\"image\":{\"@id\":\"https:\\\/\\\/denhelder.online\\\/#\\\/schema\\\/logo\\\/image\\\/\"}}]}<\/script>\n<!-- \/ Yoast SEO Premium plugin. -->","yoast_head_json":{"title":"Gratis proefles | Cursus Frans - Den Helder Online","robots":{"index":"index","follow":"follow","max-snippet":"max-snippet:-1","max-image-preview":"max-image-preview:large","max-video-preview":"max-video-preview:-1"},"canonical":"https:\/\/denhelder.online\/de\/ereignis\/gratis-proefles-cursus-frans\/","og_locale":"de_DE","og_type":"article","og_title":"Gratis proefles | Cursus Frans","og_description":"Frankrijk wordt n\u00f3g leuker als je meer kunt zeggen dan deux caf\u00e9s, s\u2019il vous pla\u00eet! Ontdek het zelf tijdens de gratis proefles Frans op 10 september in Den Helder.","og_url":"https:\/\/denhelder.online\/de\/ereignis\/gratis-proefles-cursus-frans\/","og_site_name":"Den Helder Online","twitter_card":"summary_large_image","twitter_misc":{"Gesch\u00e4tzte Lesezeit":"3\u00a0Minuten"},"schema":{"@context":"https:\/\/schema.org","@graph":[{"@type":"WebPage","@id":"https:\/\/denhelder.online\/evenement\/gratis-proefles-cursus-frans\/","url":"https:\/\/denhelder.online\/evenement\/gratis-proefles-cursus-frans\/","name":"Gratis proefles | Cursus Frans - Den Helder Online","isPartOf":{"@id":"https:\/\/denhelder.online\/#website"},"datePublished":"2026-09-03T20:40:38+00:00","breadcrumb":{"@id":"https:\/\/denhelder.online\/evenement\/gratis-proefles-cursus-frans\/#breadcrumb"},"inLanguage":"de","potentialAction":[{"@type":"ReadAction","target":["https:\/\/denhelder.online\/evenement\/gratis-proefles-cursus-frans\/"]}]},{"@type":"BreadcrumbList","@id":"https:\/\/denhelder.online\/evenement\/gratis-proefles-cursus-frans\/#breadcrumb","itemListElement":[{"@type":"ListItem","position":1,"name":"Home","item":"https:\/\/denhelder.online\/"},{"@type":"ListItem","position":2,"name":"Evenementen","item":"https:\/\/denhelder.online\/en\/event-2\/"},{"@type":"ListItem","position":3,"name":"Gratis proefles | Cursus Frans"}]},{"@type":"WebSite","@id":"https:\/\/denhelder.online\/#website","url":"https:\/\/denhelder.online\/","name":"Den Helder Online","description":"Erleben Sie Den Helder","publisher":{"@id":"https:\/\/denhelder.online\/#organization"},"potentialAction":[{"@type":"SearchAction","target":{"@type":"EntryPoint","urlTemplate":"https:\/\/denhelder.online\/?s={search_term_string}"},"query-input":{"@type":"PropertyValueSpecification","valueRequired":true,"valueName":"search_term_string"}}],"inLanguage":"de"},{"@type":"Organization","@id":"https:\/\/denhelder.online\/#organization","name":"Den Helder Online","url":"https:\/\/denhelder.online\/","logo":{"@type":"ImageObject","inLanguage":"de","@id":"https:\/\/denhelder.online\/#\/schema\/logo\/image\/","url":"https:\/\/denhelder.online\/wp-content\/uploads\/2021\/12\/DitIsDH-Logo-26-tagline.svg","contentUrl":"https:\/\/denhelder.online\/wp-content\/uploads\/2021\/12\/DitIsDH-Logo-26-tagline.svg","width":1717.1,"height":934.9,"caption":"Den Helder Online"},"image":{"@id":"https:\/\/denhelder.online\/#\/schema\/logo\/image\/"}}]}},"_links":{"self":[{"href":"https:\/\/denhelder.online\/de\/wp-json\/wp\/v2\/events\/25969","targetHints":{"allow":["GET"]}}],"collection":[{"href":"https:\/\/denhelder.online\/de\/wp-json\/wp\/v2\/events"}],"about":[{"href":"https:\/\/denhelder.online\/de\/wp-json\/wp\/v2\/types\/evenement"}],"version-history":[{"count":0,"href":"https:\/\/denhelder.online\/de\/wp-json\/wp\/v2\/events\/25969\/revisions"}],"wp:attachment":[{"href":"https:\/\/denhelder.online\/de\/wp-json\/wp\/v2\/media?parent=25969"}],"wp:term":[{"taxonomy":"category","embeddable":true,"href":"https:\/\/denhelder.online\/de\/wp-json\/wp\/v2\/categories?post=25969"},{"taxonomy":"post_tag","embeddable":true,"href":"https:\/\/denhelder.online\/de\/wp-json\/wp\/v2\/tags?post=25969"},{"taxonomy":"doelgroep","embeddable":true,"href":"https:\/\/denhelder.online\/de\/wp-json\/wp\/v2\/doelgroep?post=25969"}],"curies":[{"name":"wp","href":"https:\/\/api.w.org\/{rel}","templated":true}]}}

<p>Ben je deze zomer in Frankrijk geweest en dacht je: <em>volgend jaar wil ik toch écht wat beter Frans spreken</em>? Of droom je van een vakantie, een langere reis of misschien zelfs een eigen plekje onder de Franse zon? Dan is dit hét moment om die goede voornemens om te zetten in actie.</p>
<p>Hoe leuk is het als je op een Frans terras niet alleen je koffie kunt bestellen, maar ook een praatje kunt maken met de ober? Als je op de markt begrijpt wat de kaasboer vertelt, de buurman daadwerkelijk kunt verstaan of gewoon zonder hulp de weg kunt vragen?</p>
<p>Met een beetje Frans gaat er letterlijk een wereld voor je open. Van Parijs tot de Dordogne en van de ruige kust van Bretagne tot de Alpen. Frans brengt je bovendien nog veel verder, bijvoorbeeld naar Wallonië, Zwitserland, Canada, Monaco, grote delen van Afrika en tropische bestemmingen zoals de Seychellen.</p>
<p><strong>Frans leren in Den Helder? Bien sûr!</strong></p>
<p>Bij Alliance Française Den Helder kun je dit najaar weer terecht voor cursussen Frans op verschillende niveaus. Van absolute beginner tot gevorderde cursist die de Franse taal verder wil perfectioneren.</p>
<p>De lessen worden gegeven door enthousiaste, gediplomeerde docenten. De groepen zijn bewust klein, met ongeveer 10 tot 14 cursisten. Zo is er voldoende ruimte voor persoonlijke aandacht en vooral om veel Frans te spreken.</p>
<p>De nieuwe cursussen starten op donderdagavond 1 oktober 2026 bij VONK/ROC aan de Kievitstraat 31 in Den Helder. Een cursus bestaat uit 20 lessen van anderhalf uur en loopt tot maart 2027. De kosten bedragen € 180, exclusief lesboeken.</p>
<p><strong>Eerst even proberen? Venez nous rencontrer!</strong></p>
<p>Twijfel je over je niveau of wil je eerst ontdekken of een cursus Frans iets voor je is? Kom dan naar de gratis proefles op donderdag 10 september om 19.30 uur bij VONK.</p>
<p>Tijdens de proefles kun je vrijblijvend kennismaken met de docenten en de manier van lesgeven. Ook kan je instroomniveau worden bepaald en is er na afloop volop gelegenheid om vragen te stellen. Smaakt het naar meer? Dan kun je je meteen inschrijven.</p>
<p><strong>Veel meer dan alleen werkwoorden en grammatica</strong></p>
<p>Frans leren bij Alliance Française betekent ook kennismaken met de Franse en Franstalige cultuur. Gedurende het seizoen worden verschillende culturele activiteiten georganiseerd. Cursisten kunnen gratis deelnemen aan sfeervolle muzikale avonden en inspirerende lezingen.</p>
<p>Het seizoen wordt afgesloten zoals het de Fransen betaamt: gezellig, met het traditionele kaas en wijnslotfeest.</p>
<p>Je hoeft overigens geen cursus te volgen om van deze activiteiten te genieten. Liefhebbers van de Franse taal en cultuur kunnen ook lid worden van Alliance Française. De contributie bedraagt € 32,50 per persoon of € 55 per paar dat op hetzelfde adres woont. Leden en cursisten hebben gratis toegang tot de culturele activiteiten.</p>
<p><strong>Liever privéles?</strong></p>
<p>Ook dat kan. Met online privélessen leer je Frans in je eigen tempo en op momenten die jou het beste uitkomen, onder persoonlijke begeleiding van een ervaren docent.</p>
<p><strong>Meer weten of aanmelden?</strong></p>
<p>Schau dir das an <a href="https://www.alliance-francaise.nl/den-helder/" rel="noopener noreferrer" target="_blank">https://www.alliance-francaise.nl/den-helder/</a> of neem contact op met mevrouw Gerbrich Leegwater via <a href="mailto:cursus.denhelder@afpb.nl" rel="noopener noreferrer" target="_blank">cursus.denhelder@afpb.nl</a>.</p>
<p>Of kom langs tijdens de proefles op 10 september. Misschien is 2026 wel het jaar waarin ‘Je ne parle pas français’ eindelijk plaatsmaakt voor ‘On peut parler français!’</p>
<p>À bientôt à Den Helder!</p>

<p>Frankrijk wordt nóg leuker als je meer kunt zeggen dan deux cafés, s’il vous plaît! Ontdek het zelf tijdens de gratis proefles Frans op 10 september in Den Helder.</p>

<!-- This site is optimized with the Yoast SEO Premium plugin v24.7 (Yoast SEO v28.4) - https://yoast.com/product/yoast-seo-premium-wordpress/ -->
<title>Gratis proefles | Cursus Frans - Den Helder Online</title>
<meta name="robots" content="index, follow, max-snippet:-1, max-image-preview:large, max-video-preview:-1" />
<link rel="canonical" href="https://denhelder.online/de/ereignis/gratis-proefles-cursus-frans/" />
<meta property="og:locale" content="de_DE" />
<meta property="og:type" content="article" />
<meta property="og:title" content="Gratis proefles | Cursus Frans" />
<meta property="og:description" content="Frankrijk wordt nóg leuker als je meer kunt zeggen dan deux cafés, s’il vous plaît! Ontdek het zelf tijdens de gratis proefles Frans op 10 september in Den Helder." />
<meta property="og:url" content="https://denhelder.online/de/ereignis/gratis-proefles-cursus-frans/" />
<meta property="og:site_name" content="Den Helder Online" />
<meta name="twitter:card" content="summary_large_image" />
<meta name="twitter:label1" content="Geschätzte Lesezeit" />
	<meta name="twitter:data1" content="3 Minuten" />
<script type="application/ld+json" class="yoast-schema-graph">{"@context":"https:\/\/schema.org","@graph":[{"@type":"WebPage","@id":"https:\/\/denhelder.online\/evenement\/gratis-proefles-cursus-frans\/","url":"https:\/\/denhelder.online\/evenement\/gratis-proefles-cursus-frans\/","name":"Gratis proefles | Cursus Frans - Den Helder Online","isPartOf":{"@id":"https:\/\/denhelder.online\/#website"},"datePublished":"2026-09-03T20:40:38+00:00","breadcrumb":{"@id":"https:\/\/denhelder.online\/evenement\/gratis-proefles-cursus-frans\/#breadcrumb"},"inLanguage":"de","potentialAction":[{"@type":"ReadAction","target":["https:\/\/denhelder.online\/evenement\/gratis-proefles-cursus-frans\/"]}]},{"@type":"BreadcrumbList","@id":"https:\/\/denhelder.online\/evenement\/gratis-proefles-cursus-frans\/#breadcrumb","itemListElement":[{"@type":"ListItem","position":1,"name":"Home","item":"https:\/\/denhelder.online\/"},{"@type":"ListItem","position":2,"name":"Evenementen","item":"https:\/\/denhelder.online\/en\/event-2\/"},{"@type":"ListItem","position":3,"name":"Gratis proefles | Cursus Frans"}]},{"@type":"WebSite","@id":"https:\/\/denhelder.online\/#website","url":"https:\/\/denhelder.online\/","name":"Den Helder Online","description":"Beleef Den Helder","publisher":{"@id":"https:\/\/denhelder.online\/#organization"},"potentialAction":[{"@type":"SearchAction","target":{"@type":"EntryPoint","urlTemplate":"https:\/\/denhelder.online\/?s={search_term_string}"},"query-input":{"@type":"PropertyValueSpecification","valueRequired":true,"valueName":"search_term_string"}}],"inLanguage":"de"},{"@type":"Organization","@id":"https:\/\/denhelder.online\/#organization","name":"Den Helder Online","url":"https:\/\/denhelder.online\/","logo":{"@type":"ImageObject","inLanguage":"de","@id":"https:\/\/denhelder.online\/#\/schema\/logo\/image\/","url":"https:\/\/denhelder.online\/wp-content\/uploads\/2021\/12\/DitIsDH-Logo-26-tagline.svg","contentUrl":"https:\/\/denhelder.online\/wp-content\/uploads\/2021\/12\/DitIsDH-Logo-26-tagline.svg","width":1717.1,"height":934.9,"caption":"Den Helder Online"},"image":{"@id":"https:\/\/denhelder.online\/#\/schema\/logo\/image\/"}}]}</script>
<!-- / Yoast SEO Premium plugin. -->

Frankrijk wordt nóg leuker als je meer kunt zeggen dan deux cafés, s’il vous plaît! Ontdek het zelf tijdens de gratis proefles Frans op 10 september in Den Helder.
