{"id":19754,"date":"2026-01-28T10:50:39","date_gmt":"2026-01-28T09:50:39","guid":{"rendered":"https:\/\/denhelder.online\/locatie\/la-cubanita-den-helder\/"},"modified":"2026-01-28T10:59:27","modified_gmt":"2026-01-28T09:59:27","slug":"die-cubanita-den-helder","status":"publish","type":"locatie","link":"https:\/\/denhelder.online\/de\/locatie\/la-cubanita-den-helder\/","title":{"rendered":"La Cubanita Den Helder"},"content":{"rendered":"<p>La Cubanita Den Helder ist ein charmantes Tapas-Restaurant im Herzen der Stadt. Mit seiner warmen Einrichtung und der gem\u00fctlichen Atmosph\u00e4re ist es der ideale Ort f\u00fcr einen Abend mit Freunden oder der Familie oder ein romantisches Abendessen.<\/p>\n<p><strong>Tapas in kubanischem Ambiente<\/strong><\/p>\n<p>Lassen Sie sich von der gro\u00dfen Auswahl an Tapas begeistern \u2013 von warmen Klassikern bis hin zu kalten \u00dcberraschungen, inspiriert von der mediterranen und kubanischen K\u00fcche. Ob Fleisch, Fisch oder vegetarisch, hier ist f\u00fcr jeden Geschmack etwas dabei.<\/p>\n<p><strong>Gem\u00fctlich und zug\u00e4nglich<\/strong><\/p>\n<p>Das \u00fcberschaubare und gem\u00fctliche Interieur schafft eine einladende, entspannte Atmosph\u00e4re. Dadurch ist La Cubanita der perfekte Ort f\u00fcr einen ungezwungenen Abend.<\/p>","protected":false},"excerpt":{"rendered":"<p>Atmosph\u00e4risches Tapas-Restaurant im Zentrum von Den Helder<\/p>","protected":false},"featured_media":0,"template":"","meta":{"footnotes":""},"categories":[6437],"tags":[6267,1087,6259],"doelgroep":[],"class_list":["post-19754","locatie","type-locatie","status-publish","hentry","category-restaurants","tag-binnenstad","tag-denhelder","tag-restaurant","marker-toonopdenhelder"],"yoast_head":"<!-- This site is optimized with the Yoast SEO Premium plugin v24.7 (Yoast SEO v27.5) - https:\/\/yoast.com\/product\/yoast-seo-premium-wordpress\/ -->\n<title>La Cubanita Den Helder - Den Helder Online<\/title>\n<meta name=\"robots\" content=\"index, follow, max-snippet:-1, max-image-preview:large, max-video-preview:-1\" \/>\n<link rel=\"canonical\" href=\"https:\/\/denhelder.online\/de\/standort\/die-cubanita-den-helder\/\" \/>\n<meta property=\"og:locale\" content=\"de_DE\" \/>\n<meta property=\"og:type\" content=\"article\" \/>\n<meta property=\"og:title\" content=\"La Cubanita Den Helder\" \/>\n<meta property=\"og:description\" content=\"Sfeervol tapasrestaurant in het centrum van Den Helder\" \/>\n<meta property=\"og:url\" content=\"https:\/\/denhelder.online\/de\/standort\/die-cubanita-den-helder\/\" \/>\n<meta property=\"og:site_name\" content=\"Den Helder Online\" \/>\n<meta property=\"article:modified_time\" content=\"2026-01-28T09:59:27+00:00\" \/>\n<meta name=\"twitter:card\" content=\"summary_large_image\" \/>\n<meta name=\"twitter:label1\" content=\"Gesch\u00e4tzte Lesezeit\" \/>\n\t<meta name=\"twitter:data1\" content=\"1\u00a0Minute\" \/>\n<script type=\"application\/ld+json\" class=\"yoast-schema-graph\">{\"@context\":\"https:\\\/\\\/schema.org\",\"@graph\":[{\"@type\":\"WebPage\",\"@id\":\"https:\\\/\\\/denhelder.online\\\/locatie\\\/la-cubanita-den-helder\\\/\",\"url\":\"https:\\\/\\\/denhelder.online\\\/locatie\\\/la-cubanita-den-helder\\\/\",\"name\":\"La Cubanita Den Helder - Den Helder Online\",\"isPartOf\":{\"@id\":\"https:\\\/\\\/denhelder.online\\\/#website\"},\"datePublished\":\"2026-01-28T09:50:39+00:00\",\"dateModified\":\"2026-01-28T09:59:27+00:00\",\"breadcrumb\":{\"@id\":\"https:\\\/\\\/denhelder.online\\\/locatie\\\/la-cubanita-den-helder\\\/#breadcrumb\"},\"inLanguage\":\"de\",\"potentialAction\":[{\"@type\":\"ReadAction\",\"target\":[\"https:\\\/\\\/denhelder.online\\\/locatie\\\/la-cubanita-den-helder\\\/\"]}]},{\"@type\":\"BreadcrumbList\",\"@id\":\"https:\\\/\\\/denhelder.online\\\/locatie\\\/la-cubanita-den-helder\\\/#breadcrumb\",\"itemListElement\":[{\"@type\":\"ListItem\",\"position\":1,\"name\":\"Home\",\"item\":\"https:\\\/\\\/denhelder.online\\\/\"},{\"@type\":\"ListItem\",\"position\":2,\"name\":\"Locaties\",\"item\":\"https:\\\/\\\/denhelder.online\\\/de\\\/standort\\\/\"},{\"@type\":\"ListItem\",\"position\":3,\"name\":\"La Cubanita Den Helder\"}]},{\"@type\":\"WebSite\",\"@id\":\"https:\\\/\\\/denhelder.online\\\/#website\",\"url\":\"https:\\\/\\\/denhelder.online\\\/\",\"name\":\"Den Helder Online\",\"description\":\"Beleef Den Helder\",\"publisher\":{\"@id\":\"https:\\\/\\\/denhelder.online\\\/#organization\"},\"potentialAction\":[{\"@type\":\"SearchAction\",\"target\":{\"@type\":\"EntryPoint\",\"urlTemplate\":\"https:\\\/\\\/denhelder.online\\\/?s={search_term_string}\"},\"query-input\":{\"@type\":\"PropertyValueSpecification\",\"valueRequired\":true,\"valueName\":\"search_term_string\"}}],\"inLanguage\":\"de\"},{\"@type\":\"Organization\",\"@id\":\"https:\\\/\\\/denhelder.online\\\/#organization\",\"name\":\"Den Helder Online\",\"url\":\"https:\\\/\\\/denhelder.online\\\/\",\"logo\":{\"@type\":\"ImageObject\",\"inLanguage\":\"de\",\"@id\":\"https:\\\/\\\/denhelder.online\\\/#\\\/schema\\\/logo\\\/image\\\/\",\"url\":\"https:\\\/\\\/denhelder.online\\\/wp-content\\\/uploads\\\/2021\\\/12\\\/DitIsDH-Logo-26-tagline.svg\",\"contentUrl\":\"https:\\\/\\\/denhelder.online\\\/wp-content\\\/uploads\\\/2021\\\/12\\\/DitIsDH-Logo-26-tagline.svg\",\"width\":1717.0999999999999,\"height\":934.89999999999998,\"caption\":\"Den Helder Online\"},\"image\":{\"@id\":\"https:\\\/\\\/denhelder.online\\\/#\\\/schema\\\/logo\\\/image\\\/\"}}]}<\/script>\n<!-- \/ Yoast SEO Premium plugin. -->","yoast_head_json":{"title":"La Cubanita Den Helder - Den Helder Online","robots":{"index":"index","follow":"follow","max-snippet":"max-snippet:-1","max-image-preview":"max-image-preview:large","max-video-preview":"max-video-preview:-1"},"canonical":"https:\/\/denhelder.online\/de\/standort\/die-cubanita-den-helder\/","og_locale":"de_DE","og_type":"article","og_title":"La Cubanita Den Helder","og_description":"Sfeervol tapasrestaurant in het centrum van Den Helder","og_url":"https:\/\/denhelder.online\/de\/standort\/die-cubanita-den-helder\/","og_site_name":"Den Helder Online","article_modified_time":"2026-01-28T09:59:27+00:00","twitter_card":"summary_large_image","twitter_misc":{"Gesch\u00e4tzte Lesezeit":"1\u00a0Minute"},"schema":{"@context":"https:\/\/schema.org","@graph":[{"@type":"WebPage","@id":"https:\/\/denhelder.online\/locatie\/la-cubanita-den-helder\/","url":"https:\/\/denhelder.online\/locatie\/la-cubanita-den-helder\/","name":"La Cubanita Den Helder - Den Helder Online","isPartOf":{"@id":"https:\/\/denhelder.online\/#website"},"datePublished":"2026-01-28T09:50:39+00:00","dateModified":"2026-01-28T09:59:27+00:00","breadcrumb":{"@id":"https:\/\/denhelder.online\/locatie\/la-cubanita-den-helder\/#breadcrumb"},"inLanguage":"de","potentialAction":[{"@type":"ReadAction","target":["https:\/\/denhelder.online\/locatie\/la-cubanita-den-helder\/"]}]},{"@type":"BreadcrumbList","@id":"https:\/\/denhelder.online\/locatie\/la-cubanita-den-helder\/#breadcrumb","itemListElement":[{"@type":"ListItem","position":1,"name":"Home","item":"https:\/\/denhelder.online\/"},{"@type":"ListItem","position":2,"name":"Locaties","item":"https:\/\/denhelder.online\/de\/standort\/"},{"@type":"ListItem","position":3,"name":"La Cubanita Den Helder"}]},{"@type":"WebSite","@id":"https:\/\/denhelder.online\/#website","url":"https:\/\/denhelder.online\/","name":"Den Helder Online","description":"Erleben Sie Den Helder","publisher":{"@id":"https:\/\/denhelder.online\/#organization"},"potentialAction":[{"@type":"SearchAction","target":{"@type":"EntryPoint","urlTemplate":"https:\/\/denhelder.online\/?s={search_term_string}"},"query-input":{"@type":"PropertyValueSpecification","valueRequired":true,"valueName":"search_term_string"}}],"inLanguage":"de"},{"@type":"Organization","@id":"https:\/\/denhelder.online\/#organization","name":"Den Helder Online","url":"https:\/\/denhelder.online\/","logo":{"@type":"ImageObject","inLanguage":"de","@id":"https:\/\/denhelder.online\/#\/schema\/logo\/image\/","url":"https:\/\/denhelder.online\/wp-content\/uploads\/2021\/12\/DitIsDH-Logo-26-tagline.svg","contentUrl":"https:\/\/denhelder.online\/wp-content\/uploads\/2021\/12\/DitIsDH-Logo-26-tagline.svg","width":1717.0999999999999,"height":934.89999999999998,"caption":"Den Helder Online"},"image":{"@id":"https:\/\/denhelder.online\/#\/schema\/logo\/image\/"}}]}},"_links":{"self":[{"href":"https:\/\/denhelder.online\/de\/wp-json\/wp\/v2\/locations\/19754","targetHints":{"allow":["GET"]}}],"collection":[{"href":"https:\/\/denhelder.online\/de\/wp-json\/wp\/v2\/locations"}],"about":[{"href":"https:\/\/denhelder.online\/de\/wp-json\/wp\/v2\/types\/locatie"}],"version-history":[{"count":0,"href":"https:\/\/denhelder.online\/de\/wp-json\/wp\/v2\/locations\/19754\/revisions"}],"wp:attachment":[{"href":"https:\/\/denhelder.online\/de\/wp-json\/wp\/v2\/media?parent=19754"}],"wp:term":[{"taxonomy":"category","embeddable":true,"href":"https:\/\/denhelder.online\/de\/wp-json\/wp\/v2\/categories?post=19754"},{"taxonomy":"post_tag","embeddable":true,"href":"https:\/\/denhelder.online\/de\/wp-json\/wp\/v2\/tags?post=19754"},{"taxonomy":"doelgroep","embeddable":true,"href":"https:\/\/denhelder.online\/de\/wp-json\/wp\/v2\/doelgroep?post=19754"}],"curies":[{"name":"wp","href":"https:\/\/api.w.org\/{rel}","templated":true}]}}

<p>La Cubanita Den Helder ist ein charmantes Tapas-Restaurant im Herzen der Stadt. Mit seiner warmen Einrichtung und der gemütlichen Atmosphäre ist es der ideale Ort für einen Abend mit Freunden oder der Familie oder ein romantisches Abendessen.</p>
<p><strong>Tapas in kubanischem Ambiente</strong></p>
<p>Lassen Sie sich von der großen Auswahl an Tapas begeistern – von warmen Klassikern bis hin zu kalten Überraschungen, inspiriert von der mediterranen und kubanischen Küche. Ob Fleisch, Fisch oder vegetarisch, hier ist für jeden Geschmack etwas dabei.</p>
<p><strong>Gemütlich und zugänglich</strong></p>
<p>Das überschaubare und gemütliche Interieur schafft eine einladende, entspannte Atmosphäre. Dadurch ist La Cubanita der perfekte Ort für einen ungezwungenen Abend.</p>

<p>Atmosphärisches Tapas-Restaurant im Zentrum von Den Helder</p>

<!-- This site is optimized with the Yoast SEO Premium plugin v24.7 (Yoast SEO v27.5) - https://yoast.com/product/yoast-seo-premium-wordpress/ -->
<title>La Cubanita Den Helder - Den Helder Online</title>
<meta name="robots" content="index, follow, max-snippet:-1, max-image-preview:large, max-video-preview:-1" />
<link rel="canonical" href="https://denhelder.online/de/standort/die-cubanita-den-helder/" />
<meta property="og:locale" content="de_DE" />
<meta property="og:type" content="article" />
<meta property="og:title" content="La Cubanita Den Helder" />
<meta property="og:description" content="Sfeervol tapasrestaurant in het centrum van Den Helder" />
<meta property="og:url" content="https://denhelder.online/de/standort/die-cubanita-den-helder/" />
<meta property="og:site_name" content="Den Helder Online" />
<meta property="article:modified_time" content="2026-01-28T09:59:27+00:00" />
<meta name="twitter:card" content="summary_large_image" />
<meta name="twitter:label1" content="Geschätzte Lesezeit" />
	<meta name="twitter:data1" content="1 Minute" />
<script type="application/ld+json" class="yoast-schema-graph">{"@context":"https:\/\/schema.org","@graph":[{"@type":"WebPage","@id":"https:\/\/denhelder.online\/locatie\/la-cubanita-den-helder\/","url":"https:\/\/denhelder.online\/locatie\/la-cubanita-den-helder\/","name":"La Cubanita Den Helder - Den Helder Online","isPartOf":{"@id":"https:\/\/denhelder.online\/#website"},"datePublished":"2026-01-28T09:50:39+00:00","dateModified":"2026-01-28T09:59:27+00:00","breadcrumb":{"@id":"https:\/\/denhelder.online\/locatie\/la-cubanita-den-helder\/#breadcrumb"},"inLanguage":"de","potentialAction":[{"@type":"ReadAction","target":["https:\/\/denhelder.online\/locatie\/la-cubanita-den-helder\/"]}]},{"@type":"BreadcrumbList","@id":"https:\/\/denhelder.online\/locatie\/la-cubanita-den-helder\/#breadcrumb","itemListElement":[{"@type":"ListItem","position":1,"name":"Home","item":"https:\/\/denhelder.online\/"},{"@type":"ListItem","position":2,"name":"Locaties","item":"https:\/\/denhelder.online\/de\/standort\/"},{"@type":"ListItem","position":3,"name":"La Cubanita Den Helder"}]},{"@type":"WebSite","@id":"https:\/\/denhelder.online\/#website","url":"https:\/\/denhelder.online\/","name":"Den Helder Online","description":"Beleef Den Helder","publisher":{"@id":"https:\/\/denhelder.online\/#organization"},"potentialAction":[{"@type":"SearchAction","target":{"@type":"EntryPoint","urlTemplate":"https:\/\/denhelder.online\/?s={search_term_string}"},"query-input":{"@type":"PropertyValueSpecification","valueRequired":true,"valueName":"search_term_string"}}],"inLanguage":"de"},{"@type":"Organization","@id":"https:\/\/denhelder.online\/#organization","name":"Den Helder Online","url":"https:\/\/denhelder.online\/","logo":{"@type":"ImageObject","inLanguage":"de","@id":"https:\/\/denhelder.online\/#\/schema\/logo\/image\/","url":"https:\/\/denhelder.online\/wp-content\/uploads\/2021\/12\/DitIsDH-Logo-26-tagline.svg","contentUrl":"https:\/\/denhelder.online\/wp-content\/uploads\/2021\/12\/DitIsDH-Logo-26-tagline.svg","width":1717.0999999999999,"height":934.89999999999998,"caption":"Den Helder Online"},"image":{"@id":"https:\/\/denhelder.online\/#\/schema\/logo\/image\/"}}]}</script>
<!-- / Yoast SEO Premium plugin. -->
