{"id":19782,"date":"2026-01-28T10:51:00","date_gmt":"2026-01-28T09:51:00","guid":{"rendered":"https:\/\/denhelder.online\/locatie\/de-helderse-vallei\/"},"modified":"2026-03-24T17:13:29","modified_gmt":"2026-03-24T16:13:29","slug":"das-klare-tal","status":"publish","type":"locatie","link":"https:\/\/denhelder.online\/de\/locatie\/de-helderse-vallei\/","title":{"rendered":"Das Helderse Tal"},"content":{"rendered":"<p>Das Helderse-Tal ist der Ort in Den Helder, wo Natur und Nachhaltigkeit aufeinandertreffen. Von der Stadt aus kann man direkt in die D\u00fcnen spazieren. Ob Spielen, Lernen, Kontakte kn\u00fcpfen oder einfach nur entspannen: Hier ist alles m\u00f6glich.<\/p>\n<p><strong>Entdecken Sie die Natur von oben<\/strong><\/p>\n<p>Die Dauerausstellung bietet einen umfassenden \u00dcberblick \u00fcber die Naturschutzgebiete der Region. Erkunden Sie eine riesige Karte von Den Helder und seiner Umgebung. Von D\u00fcnen \u00fcber Moore bis hin zu Str\u00e4nden und Festungen: Sie erhalten sofort einen \u00dcberblick und Inspiration.<\/p>\n<p><strong>Nachhaltiges Denken und Handeln<\/strong><\/p>\n<p>Im Besucherzentrum erfahren Sie mehr \u00fcber Ihren Einfluss auf die Natur. Hier finden Sie aktuelle Informationen und interessante Ausstellungsst\u00fccke. Im \u2018Waldatelier\u2019 k\u00f6nnen Sie eine besondere historische Sammlung pr\u00e4parierter Tiere besichtigen.<\/p>\n<p><strong>F\u00fcr Kinder und Erwachsene<\/strong><\/p>\n<p>Im De Helderse Vallei k\u00f6nnen Jung und Alt die Natur erleben. Ob Workshops, Aktivit\u00e4ten im Freien oder Ausfl\u00fcge \u2013 hier ist f\u00fcr jeden etwas dabei. Ideal f\u00fcr einen Familienausflug oder einen entspannten Nachmittag au\u00dferhalb der Stadt.<\/p>","protected":false},"excerpt":{"rendered":"<p>Gr\u00fcn und inspirierend: Entdecken Sie Natur, Tiere und Nachhaltigkeit bei einem Besuch<\/p>","protected":false},"featured_media":0,"template":"","meta":{"footnotes":""},"categories":[6381,6415,6432],"tags":[1087,1085,6315,1104],"doelgroep":[],"class_list":["post-19782","locatie","type-locatie","status-publish","hentry","category-attracties","category-groepsarrangementen-en-activiteiten","category-natuur","tag-denhelder","tag-gemeentedenhelder","tag-kinderen","tag-visitkop","marker-toonopdenhelder","marker-toonopvisitkopvanholland"],"yoast_head":"<!-- This site is optimized with the Yoast SEO Premium plugin v24.7 (Yoast SEO v27.5) - https:\/\/yoast.com\/product\/yoast-seo-premium-wordpress\/ -->\n<title>De Helderse Vallei - Den Helder Online<\/title>\n<meta name=\"robots\" content=\"index, follow, max-snippet:-1, max-image-preview:large, max-video-preview:-1\" \/>\n<link rel=\"canonical\" href=\"https:\/\/denhelder.online\/de\/standort\/das-klare-tal\/\" \/>\n<meta property=\"og:locale\" content=\"de_DE\" \/>\n<meta property=\"og:type\" content=\"article\" \/>\n<meta property=\"og:title\" content=\"De Helderse Vallei\" \/>\n<meta property=\"og:description\" content=\"Groen en inspirerend: ontdek natuur, dieren en duurzaamheid in \u00e9\u00e9n bezoek\" \/>\n<meta property=\"og:url\" content=\"https:\/\/denhelder.online\/de\/standort\/das-klare-tal\/\" \/>\n<meta property=\"og:site_name\" content=\"Den Helder Online\" \/>\n<meta property=\"article:modified_time\" content=\"2026-03-24T16:13:29+00:00\" \/>\n<meta name=\"twitter:card\" content=\"summary_large_image\" \/>\n<meta name=\"twitter:label1\" content=\"Gesch\u00e4tzte Lesezeit\" \/>\n\t<meta name=\"twitter:data1\" content=\"1\u00a0Minute\" \/>\n<script type=\"application\/ld+json\" class=\"yoast-schema-graph\">{\"@context\":\"https:\\\/\\\/schema.org\",\"@graph\":[{\"@type\":\"WebPage\",\"@id\":\"https:\\\/\\\/denhelder.online\\\/locatie\\\/de-helderse-vallei\\\/\",\"url\":\"https:\\\/\\\/denhelder.online\\\/locatie\\\/de-helderse-vallei\\\/\",\"name\":\"De Helderse Vallei - Den Helder Online\",\"isPartOf\":{\"@id\":\"https:\\\/\\\/denhelder.online\\\/#website\"},\"datePublished\":\"2026-01-28T09:51:00+00:00\",\"dateModified\":\"2026-03-24T16:13:29+00:00\",\"breadcrumb\":{\"@id\":\"https:\\\/\\\/denhelder.online\\\/locatie\\\/de-helderse-vallei\\\/#breadcrumb\"},\"inLanguage\":\"de\",\"potentialAction\":[{\"@type\":\"ReadAction\",\"target\":[\"https:\\\/\\\/denhelder.online\\\/locatie\\\/de-helderse-vallei\\\/\"]}]},{\"@type\":\"BreadcrumbList\",\"@id\":\"https:\\\/\\\/denhelder.online\\\/locatie\\\/de-helderse-vallei\\\/#breadcrumb\",\"itemListElement\":[{\"@type\":\"ListItem\",\"position\":1,\"name\":\"Home\",\"item\":\"https:\\\/\\\/denhelder.online\\\/\"},{\"@type\":\"ListItem\",\"position\":2,\"name\":\"Locaties\",\"item\":\"https:\\\/\\\/denhelder.online\\\/de\\\/standort\\\/\"},{\"@type\":\"ListItem\",\"position\":3,\"name\":\"De Helderse Vallei\"}]},{\"@type\":\"WebSite\",\"@id\":\"https:\\\/\\\/denhelder.online\\\/#website\",\"url\":\"https:\\\/\\\/denhelder.online\\\/\",\"name\":\"Den Helder Online\",\"description\":\"Beleef Den Helder\",\"publisher\":{\"@id\":\"https:\\\/\\\/denhelder.online\\\/#organization\"},\"potentialAction\":[{\"@type\":\"SearchAction\",\"target\":{\"@type\":\"EntryPoint\",\"urlTemplate\":\"https:\\\/\\\/denhelder.online\\\/?s={search_term_string}\"},\"query-input\":{\"@type\":\"PropertyValueSpecification\",\"valueRequired\":true,\"valueName\":\"search_term_string\"}}],\"inLanguage\":\"de\"},{\"@type\":\"Organization\",\"@id\":\"https:\\\/\\\/denhelder.online\\\/#organization\",\"name\":\"Den Helder Online\",\"url\":\"https:\\\/\\\/denhelder.online\\\/\",\"logo\":{\"@type\":\"ImageObject\",\"inLanguage\":\"de\",\"@id\":\"https:\\\/\\\/denhelder.online\\\/#\\\/schema\\\/logo\\\/image\\\/\",\"url\":\"https:\\\/\\\/denhelder.online\\\/wp-content\\\/uploads\\\/2021\\\/12\\\/DitIsDH-Logo-26-tagline.svg\",\"contentUrl\":\"https:\\\/\\\/denhelder.online\\\/wp-content\\\/uploads\\\/2021\\\/12\\\/DitIsDH-Logo-26-tagline.svg\",\"width\":1717.0999999999999,\"height\":934.89999999999998,\"caption\":\"Den Helder Online\"},\"image\":{\"@id\":\"https:\\\/\\\/denhelder.online\\\/#\\\/schema\\\/logo\\\/image\\\/\"}}]}<\/script>\n<!-- \/ Yoast SEO Premium plugin. -->","yoast_head_json":{"title":"Das Helderse-Tal \u2013 Den Helder Online","robots":{"index":"index","follow":"follow","max-snippet":"max-snippet:-1","max-image-preview":"max-image-preview:large","max-video-preview":"max-video-preview:-1"},"canonical":"https:\/\/denhelder.online\/de\/standort\/das-klare-tal\/","og_locale":"de_DE","og_type":"article","og_title":"De Helderse Vallei","og_description":"Groen en inspirerend: ontdek natuur, dieren en duurzaamheid in \u00e9\u00e9n bezoek","og_url":"https:\/\/denhelder.online\/de\/standort\/das-klare-tal\/","og_site_name":"Den Helder Online","article_modified_time":"2026-03-24T16:13:29+00:00","twitter_card":"summary_large_image","twitter_misc":{"Gesch\u00e4tzte Lesezeit":"1\u00a0Minute"},"schema":{"@context":"https:\/\/schema.org","@graph":[{"@type":"WebPage","@id":"https:\/\/denhelder.online\/locatie\/de-helderse-vallei\/","url":"https:\/\/denhelder.online\/locatie\/de-helderse-vallei\/","name":"Das Helderse-Tal \u2013 Den Helder Online","isPartOf":{"@id":"https:\/\/denhelder.online\/#website"},"datePublished":"2026-01-28T09:51:00+00:00","dateModified":"2026-03-24T16:13:29+00:00","breadcrumb":{"@id":"https:\/\/denhelder.online\/locatie\/de-helderse-vallei\/#breadcrumb"},"inLanguage":"de","potentialAction":[{"@type":"ReadAction","target":["https:\/\/denhelder.online\/locatie\/de-helderse-vallei\/"]}]},{"@type":"BreadcrumbList","@id":"https:\/\/denhelder.online\/locatie\/de-helderse-vallei\/#breadcrumb","itemListElement":[{"@type":"ListItem","position":1,"name":"Home","item":"https:\/\/denhelder.online\/"},{"@type":"ListItem","position":2,"name":"Locaties","item":"https:\/\/denhelder.online\/de\/standort\/"},{"@type":"ListItem","position":3,"name":"De Helderse Vallei"}]},{"@type":"WebSite","@id":"https:\/\/denhelder.online\/#website","url":"https:\/\/denhelder.online\/","name":"Den Helder Online","description":"Erleben Sie Den Helder","publisher":{"@id":"https:\/\/denhelder.online\/#organization"},"potentialAction":[{"@type":"SearchAction","target":{"@type":"EntryPoint","urlTemplate":"https:\/\/denhelder.online\/?s={search_term_string}"},"query-input":{"@type":"PropertyValueSpecification","valueRequired":true,"valueName":"search_term_string"}}],"inLanguage":"de"},{"@type":"Organization","@id":"https:\/\/denhelder.online\/#organization","name":"Den Helder Online","url":"https:\/\/denhelder.online\/","logo":{"@type":"ImageObject","inLanguage":"de","@id":"https:\/\/denhelder.online\/#\/schema\/logo\/image\/","url":"https:\/\/denhelder.online\/wp-content\/uploads\/2021\/12\/DitIsDH-Logo-26-tagline.svg","contentUrl":"https:\/\/denhelder.online\/wp-content\/uploads\/2021\/12\/DitIsDH-Logo-26-tagline.svg","width":1717.0999999999999,"height":934.89999999999998,"caption":"Den Helder Online"},"image":{"@id":"https:\/\/denhelder.online\/#\/schema\/logo\/image\/"}}]}},"_links":{"self":[{"href":"https:\/\/denhelder.online\/de\/wp-json\/wp\/v2\/locations\/19782","targetHints":{"allow":["GET"]}}],"collection":[{"href":"https:\/\/denhelder.online\/de\/wp-json\/wp\/v2\/locations"}],"about":[{"href":"https:\/\/denhelder.online\/de\/wp-json\/wp\/v2\/types\/locatie"}],"version-history":[{"count":0,"href":"https:\/\/denhelder.online\/de\/wp-json\/wp\/v2\/locations\/19782\/revisions"}],"wp:attachment":[{"href":"https:\/\/denhelder.online\/de\/wp-json\/wp\/v2\/media?parent=19782"}],"wp:term":[{"taxonomy":"category","embeddable":true,"href":"https:\/\/denhelder.online\/de\/wp-json\/wp\/v2\/categories?post=19782"},{"taxonomy":"post_tag","embeddable":true,"href":"https:\/\/denhelder.online\/de\/wp-json\/wp\/v2\/tags?post=19782"},{"taxonomy":"doelgroep","embeddable":true,"href":"https:\/\/denhelder.online\/de\/wp-json\/wp\/v2\/doelgroep?post=19782"}],"curies":[{"name":"wp","href":"https:\/\/api.w.org\/{rel}","templated":true}]}}

<p>Das Helderse-Tal ist der Ort in Den Helder, wo Natur und Nachhaltigkeit aufeinandertreffen. Von der Stadt aus kann man direkt in die Dünen spazieren. Ob Spielen, Lernen, Kontakte knüpfen oder einfach nur entspannen: Hier ist alles möglich.</p>
<p><strong>Entdecken Sie die Natur von oben</strong></p>
<p>Die Dauerausstellung bietet einen umfassenden Überblick über die Naturschutzgebiete der Region. Erkunden Sie eine riesige Karte von Den Helder und seiner Umgebung. Von Dünen über Moore bis hin zu Stränden und Festungen: Sie erhalten sofort einen Überblick und Inspiration.</p>
<p><strong>Nachhaltiges Denken und Handeln</strong></p>
<p>Im Besucherzentrum erfahren Sie mehr über Ihren Einfluss auf die Natur. Hier finden Sie aktuelle Informationen und interessante Ausstellungsstücke. Im ‘Waldatelier’ können Sie eine besondere historische Sammlung präparierter Tiere besichtigen.</p>
<p><strong>Für Kinder und Erwachsene</strong></p>
<p>Im De Helderse Vallei können Jung und Alt die Natur erleben. Ob Workshops, Aktivitäten im Freien oder Ausflüge – hier ist für jeden etwas dabei. Ideal für einen Familienausflug oder einen entspannten Nachmittag außerhalb der Stadt.</p>

<p>Grün und inspirierend: Entdecken Sie Natur, Tiere und Nachhaltigkeit bei einem Besuch</p>

<!-- This site is optimized with the Yoast SEO Premium plugin v24.7 (Yoast SEO v27.5) - https://yoast.com/product/yoast-seo-premium-wordpress/ -->
<title>De Helderse Vallei - Den Helder Online</title>
<meta name="robots" content="index, follow, max-snippet:-1, max-image-preview:large, max-video-preview:-1" />
<link rel="canonical" href="https://denhelder.online/de/standort/das-klare-tal/" />
<meta property="og:locale" content="de_DE" />
<meta property="og:type" content="article" />
<meta property="og:title" content="De Helderse Vallei" />
<meta property="og:description" content="Groen en inspirerend: ontdek natuur, dieren en duurzaamheid in één bezoek" />
<meta property="og:url" content="https://denhelder.online/de/standort/das-klare-tal/" />
<meta property="og:site_name" content="Den Helder Online" />
<meta property="article:modified_time" content="2026-03-24T16:13:29+00:00" />
<meta name="twitter:card" content="summary_large_image" />
<meta name="twitter:label1" content="Geschätzte Lesezeit" />
	<meta name="twitter:data1" content="1 Minute" />
<script type="application/ld+json" class="yoast-schema-graph">{"@context":"https:\/\/schema.org","@graph":[{"@type":"WebPage","@id":"https:\/\/denhelder.online\/locatie\/de-helderse-vallei\/","url":"https:\/\/denhelder.online\/locatie\/de-helderse-vallei\/","name":"De Helderse Vallei - Den Helder Online","isPartOf":{"@id":"https:\/\/denhelder.online\/#website"},"datePublished":"2026-01-28T09:51:00+00:00","dateModified":"2026-03-24T16:13:29+00:00","breadcrumb":{"@id":"https:\/\/denhelder.online\/locatie\/de-helderse-vallei\/#breadcrumb"},"inLanguage":"de","potentialAction":[{"@type":"ReadAction","target":["https:\/\/denhelder.online\/locatie\/de-helderse-vallei\/"]}]},{"@type":"BreadcrumbList","@id":"https:\/\/denhelder.online\/locatie\/de-helderse-vallei\/#breadcrumb","itemListElement":[{"@type":"ListItem","position":1,"name":"Home","item":"https:\/\/denhelder.online\/"},{"@type":"ListItem","position":2,"name":"Locaties","item":"https:\/\/denhelder.online\/de\/standort\/"},{"@type":"ListItem","position":3,"name":"De Helderse Vallei"}]},{"@type":"WebSite","@id":"https:\/\/denhelder.online\/#website","url":"https:\/\/denhelder.online\/","name":"Den Helder Online","description":"Beleef Den Helder","publisher":{"@id":"https:\/\/denhelder.online\/#organization"},"potentialAction":[{"@type":"SearchAction","target":{"@type":"EntryPoint","urlTemplate":"https:\/\/denhelder.online\/?s={search_term_string}"},"query-input":{"@type":"PropertyValueSpecification","valueRequired":true,"valueName":"search_term_string"}}],"inLanguage":"de"},{"@type":"Organization","@id":"https:\/\/denhelder.online\/#organization","name":"Den Helder Online","url":"https:\/\/denhelder.online\/","logo":{"@type":"ImageObject","inLanguage":"de","@id":"https:\/\/denhelder.online\/#\/schema\/logo\/image\/","url":"https:\/\/denhelder.online\/wp-content\/uploads\/2021\/12\/DitIsDH-Logo-26-tagline.svg","contentUrl":"https:\/\/denhelder.online\/wp-content\/uploads\/2021\/12\/DitIsDH-Logo-26-tagline.svg","width":1717.0999999999999,"height":934.89999999999998,"caption":"Den Helder Online"},"image":{"@id":"https:\/\/denhelder.online\/#\/schema\/logo\/image\/"}}]}</script>
<!-- / Yoast SEO Premium plugin. -->

Groen en inspirerend: ontdek natuur, dieren en duurzaamheid in één bezoek
