{"id":20266,"date":"2026-01-28T11:01:44","date_gmt":"2026-01-28T10:01:44","guid":{"rendered":"https:\/\/denhelder.online\/locatie\/winkeltje-van-jo\/"},"modified":"2026-01-28T11:01:44","modified_gmt":"2026-01-28T10:01:44","slug":"dein-kleiner-laden","status":"publish","type":"locatie","link":"https:\/\/denhelder.online\/de\/locatie\/winkeltje-van-jo\/","title":{"rendered":"Jos Laden"},"content":{"rendered":"<p>Sie sind herzlich willkommen in Jo&#039;s Shop, Brakkeveldweg, Den Helder.<\/p>\n<p>Hier finden Sie ein wechselndes Angebot an <strong>Secondhand-Kleidung<\/strong>, Schuhe, Taschen, Schmuck und Geldb\u00f6rsen.<\/p>\n<h4>Kaufen und Verkaufen<\/h4>\n<p>Sie k\u00f6nnen dort auch einkaufen; der Laden funktioniert nach dem An- und Verkaufsprinzip. Sie k\u00f6nnen Kleidung abgeben und erhalten beim Verkauf die H\u00e4lfte des Erl\u00f6ses.<\/p>\n<h4>Atmosph\u00e4risches Erlebnis<\/h4>\n<p>Inhaberin Jolanda Meijer gr\u00fcndete das Gesch\u00e4ft in ihrer eigenen Nachbarschaft. Der Laden wird als einladend und stilvoll eingerichtet beschrieben, mit einem starken Fokus auf den Kunden.<\/p>\n<h4><\/h4>","protected":false},"excerpt":{"rendered":"<p>Charmantes Secondhand-Kleidergesch\u00e4ft in Den Helder mit Accessoires<\/p>","protected":false},"featured_media":0,"template":"","meta":{"footnotes":""},"categories":[6467],"tags":[1087,6248],"doelgroep":[],"class_list":["post-20266","locatie","type-locatie","status-publish","hentry","category-winkels","tag-denhelder","tag-winkels","marker-toonopdenhelder"],"yoast_head":"<!-- This site is optimized with the Yoast SEO Premium plugin v24.7 (Yoast SEO v27.5) - https:\/\/yoast.com\/product\/yoast-seo-premium-wordpress\/ -->\n<title>Winkeltje\u202fvan\u202fJo - Den Helder Online<\/title>\n<meta name=\"robots\" content=\"index, follow, max-snippet:-1, max-image-preview:large, max-video-preview:-1\" \/>\n<link rel=\"canonical\" href=\"https:\/\/denhelder.online\/de\/standort\/dein-kleiner-laden\/\" \/>\n<meta property=\"og:locale\" content=\"de_DE\" \/>\n<meta property=\"og:type\" content=\"article\" \/>\n<meta property=\"og:title\" content=\"Winkeltje\u202fvan\u202fJo\" \/>\n<meta property=\"og:description\" content=\"Sfeervolle tweedehands kledingwinkel in Den\u202fHelder met accessoires\" \/>\n<meta property=\"og:url\" content=\"https:\/\/denhelder.online\/de\/standort\/dein-kleiner-laden\/\" \/>\n<meta property=\"og:site_name\" content=\"Den Helder Online\" \/>\n<meta name=\"twitter:card\" content=\"summary_large_image\" \/>\n<script type=\"application\/ld+json\" class=\"yoast-schema-graph\">{\"@context\":\"https:\\\/\\\/schema.org\",\"@graph\":[{\"@type\":\"WebPage\",\"@id\":\"https:\\\/\\\/denhelder.online\\\/locatie\\\/winkeltje-van-jo\\\/\",\"url\":\"https:\\\/\\\/denhelder.online\\\/locatie\\\/winkeltje-van-jo\\\/\",\"name\":\"Winkeltje\u202fvan\u202fJo - Den Helder Online\",\"isPartOf\":{\"@id\":\"https:\\\/\\\/denhelder.online\\\/#website\"},\"datePublished\":\"2026-01-28T10:01:44+00:00\",\"breadcrumb\":{\"@id\":\"https:\\\/\\\/denhelder.online\\\/locatie\\\/winkeltje-van-jo\\\/#breadcrumb\"},\"inLanguage\":\"de\",\"potentialAction\":[{\"@type\":\"ReadAction\",\"target\":[\"https:\\\/\\\/denhelder.online\\\/locatie\\\/winkeltje-van-jo\\\/\"]}]},{\"@type\":\"BreadcrumbList\",\"@id\":\"https:\\\/\\\/denhelder.online\\\/locatie\\\/winkeltje-van-jo\\\/#breadcrumb\",\"itemListElement\":[{\"@type\":\"ListItem\",\"position\":1,\"name\":\"Home\",\"item\":\"https:\\\/\\\/denhelder.online\\\/\"},{\"@type\":\"ListItem\",\"position\":2,\"name\":\"Locaties\",\"item\":\"https:\\\/\\\/denhelder.online\\\/de\\\/standort\\\/\"},{\"@type\":\"ListItem\",\"position\":3,\"name\":\"Winkeltje\u202fvan\u202fJo\"}]},{\"@type\":\"WebSite\",\"@id\":\"https:\\\/\\\/denhelder.online\\\/#website\",\"url\":\"https:\\\/\\\/denhelder.online\\\/\",\"name\":\"Den Helder Online\",\"description\":\"Beleef Den Helder\",\"publisher\":{\"@id\":\"https:\\\/\\\/denhelder.online\\\/#organization\"},\"potentialAction\":[{\"@type\":\"SearchAction\",\"target\":{\"@type\":\"EntryPoint\",\"urlTemplate\":\"https:\\\/\\\/denhelder.online\\\/?s={search_term_string}\"},\"query-input\":{\"@type\":\"PropertyValueSpecification\",\"valueRequired\":true,\"valueName\":\"search_term_string\"}}],\"inLanguage\":\"de\"},{\"@type\":\"Organization\",\"@id\":\"https:\\\/\\\/denhelder.online\\\/#organization\",\"name\":\"Den Helder Online\",\"url\":\"https:\\\/\\\/denhelder.online\\\/\",\"logo\":{\"@type\":\"ImageObject\",\"inLanguage\":\"de\",\"@id\":\"https:\\\/\\\/denhelder.online\\\/#\\\/schema\\\/logo\\\/image\\\/\",\"url\":\"https:\\\/\\\/denhelder.online\\\/wp-content\\\/uploads\\\/2021\\\/12\\\/DitIsDH-Logo-26-tagline.svg\",\"contentUrl\":\"https:\\\/\\\/denhelder.online\\\/wp-content\\\/uploads\\\/2021\\\/12\\\/DitIsDH-Logo-26-tagline.svg\",\"width\":1717.0999999999999,\"height\":934.89999999999998,\"caption\":\"Den Helder Online\"},\"image\":{\"@id\":\"https:\\\/\\\/denhelder.online\\\/#\\\/schema\\\/logo\\\/image\\\/\"}}]}<\/script>\n<!-- \/ Yoast SEO Premium plugin. -->","yoast_head_json":{"title":"Jo&#039;s Shop - Den Helder Online","robots":{"index":"index","follow":"follow","max-snippet":"max-snippet:-1","max-image-preview":"max-image-preview:large","max-video-preview":"max-video-preview:-1"},"canonical":"https:\/\/denhelder.online\/de\/standort\/dein-kleiner-laden\/","og_locale":"de_DE","og_type":"article","og_title":"Winkeltje\u202fvan\u202fJo","og_description":"Sfeervolle tweedehands kledingwinkel in Den\u202fHelder met accessoires","og_url":"https:\/\/denhelder.online\/de\/standort\/dein-kleiner-laden\/","og_site_name":"Den Helder Online","twitter_card":"summary_large_image","schema":{"@context":"https:\/\/schema.org","@graph":[{"@type":"WebPage","@id":"https:\/\/denhelder.online\/locatie\/winkeltje-van-jo\/","url":"https:\/\/denhelder.online\/locatie\/winkeltje-van-jo\/","name":"Jo&#039;s Shop - Den Helder Online","isPartOf":{"@id":"https:\/\/denhelder.online\/#website"},"datePublished":"2026-01-28T10:01:44+00:00","breadcrumb":{"@id":"https:\/\/denhelder.online\/locatie\/winkeltje-van-jo\/#breadcrumb"},"inLanguage":"de","potentialAction":[{"@type":"ReadAction","target":["https:\/\/denhelder.online\/locatie\/winkeltje-van-jo\/"]}]},{"@type":"BreadcrumbList","@id":"https:\/\/denhelder.online\/locatie\/winkeltje-van-jo\/#breadcrumb","itemListElement":[{"@type":"ListItem","position":1,"name":"Home","item":"https:\/\/denhelder.online\/"},{"@type":"ListItem","position":2,"name":"Locaties","item":"https:\/\/denhelder.online\/de\/standort\/"},{"@type":"ListItem","position":3,"name":"Winkeltje\u202fvan\u202fJo"}]},{"@type":"WebSite","@id":"https:\/\/denhelder.online\/#website","url":"https:\/\/denhelder.online\/","name":"Den Helder Online","description":"Erleben Sie Den Helder","publisher":{"@id":"https:\/\/denhelder.online\/#organization"},"potentialAction":[{"@type":"SearchAction","target":{"@type":"EntryPoint","urlTemplate":"https:\/\/denhelder.online\/?s={search_term_string}"},"query-input":{"@type":"PropertyValueSpecification","valueRequired":true,"valueName":"search_term_string"}}],"inLanguage":"de"},{"@type":"Organization","@id":"https:\/\/denhelder.online\/#organization","name":"Den Helder Online","url":"https:\/\/denhelder.online\/","logo":{"@type":"ImageObject","inLanguage":"de","@id":"https:\/\/denhelder.online\/#\/schema\/logo\/image\/","url":"https:\/\/denhelder.online\/wp-content\/uploads\/2021\/12\/DitIsDH-Logo-26-tagline.svg","contentUrl":"https:\/\/denhelder.online\/wp-content\/uploads\/2021\/12\/DitIsDH-Logo-26-tagline.svg","width":1717.0999999999999,"height":934.89999999999998,"caption":"Den Helder Online"},"image":{"@id":"https:\/\/denhelder.online\/#\/schema\/logo\/image\/"}}]}},"_links":{"self":[{"href":"https:\/\/denhelder.online\/de\/wp-json\/wp\/v2\/locations\/20266","targetHints":{"allow":["GET"]}}],"collection":[{"href":"https:\/\/denhelder.online\/de\/wp-json\/wp\/v2\/locations"}],"about":[{"href":"https:\/\/denhelder.online\/de\/wp-json\/wp\/v2\/types\/locatie"}],"version-history":[{"count":0,"href":"https:\/\/denhelder.online\/de\/wp-json\/wp\/v2\/locations\/20266\/revisions"}],"wp:attachment":[{"href":"https:\/\/denhelder.online\/de\/wp-json\/wp\/v2\/media?parent=20266"}],"wp:term":[{"taxonomy":"category","embeddable":true,"href":"https:\/\/denhelder.online\/de\/wp-json\/wp\/v2\/categories?post=20266"},{"taxonomy":"post_tag","embeddable":true,"href":"https:\/\/denhelder.online\/de\/wp-json\/wp\/v2\/tags?post=20266"},{"taxonomy":"doelgroep","embeddable":true,"href":"https:\/\/denhelder.online\/de\/wp-json\/wp\/v2\/doelgroep?post=20266"}],"curies":[{"name":"wp","href":"https:\/\/api.w.org\/{rel}","templated":true}]}}

<p>Sie sind herzlich willkommen in Jo&#039;s Shop, Brakkeveldweg, Den Helder.</p>
<p>Hier finden Sie ein wechselndes Angebot an <strong>Secondhand-Kleidung</strong>, Schuhe, Taschen, Schmuck und Geldbörsen.</p>
<h4>Kaufen und Verkaufen</h4>
<p>Sie können dort auch einkaufen; der Laden funktioniert nach dem An- und Verkaufsprinzip. Sie können Kleidung abgeben und erhalten beim Verkauf die Hälfte des Erlöses.</p>
<h4>Atmosphärisches Erlebnis</h4>
<p>Inhaberin Jolanda Meijer gründete das Geschäft in ihrer eigenen Nachbarschaft. Der Laden wird als einladend und stilvoll eingerichtet beschrieben, mit einem starken Fokus auf den Kunden.</p>
<h4></h4>

<p>Charmantes Secondhand-Kleidergeschäft in Den Helder mit Accessoires</p>
