{"id":20322,"date":"2026-01-28T11:02:49","date_gmt":"2026-01-28T10:02:49","guid":{"rendered":"https:\/\/denhelder.online\/locatie\/kunsthal-45\/"},"modified":"2026-03-24T17:13:23","modified_gmt":"2026-03-24T16:13:23","slug":"kunstgalerie-45","status":"publish","type":"locatie","link":"https:\/\/denhelder.online\/de\/locatie\/kunsthal-45\/","title":{"rendered":"Kunsthal 45"},"content":{"rendered":"<p>Die Kunsthal 45 ist einzigartig und \u00fcberraschend. Sie finden diese Kunstgalerie am Rande des Stadtzentrums, in einem Viertel, das sich noch im Aufbau befindet.<\/p>\n<p><strong>Es gibt immer etwas Neues zu sehen<\/strong><\/p>\n<p>F\u00fcnfmal j\u00e4hrlich finden wechselnde Ausstellungen mit Werken zeitgen\u00f6ssischer K\u00fcnstler statt. Sowohl etablierte Namen als auch Nachwuchstalente erhalten hier eine Plattform. Begleitend zu den Ausstellungen werden zudem weitere Veranstaltungen organisiert.<\/p>\n<p><strong>Preisg\u00fcnstige Kunst- und Gruppenpakete<\/strong><\/p>\n<p>In der WinWin45-Galerie k\u00f6nnen Sie Kunstwerke direkt zu erschwinglichen Preisen erwerben. Besuchen Sie die Galerie lieber in einer Gruppe? Buchen Sie \u2018Kaffee, Kekse und Kunst\u2019 f\u00fcr einen k\u00fcnstlerischen Nachmittag mit bis zu 20 Personen.<\/p>\n<p><strong>Offen f\u00fcr alle<\/strong><\/p>\n<p>F\u00fcr einen Besuch der Kunsthal 45 sind keinerlei Kunstkenntnisse erforderlich. Offenheit f\u00fcr neue Erfahrungen gen\u00fcgt. Der Eintritt ist frei, und Sie sind an vier Nachmittagen pro Woche oder nach Vereinbarung herzlich willkommen.<\/p>","protected":false},"excerpt":{"rendered":"<p>Zeitgen\u00f6ssische Kunst im rauen Ambiente von Den Helder, Eintritt frei<\/p>","protected":false},"featured_media":0,"template":"","meta":{"footnotes":""},"categories":[6381],"tags":[1087,6252,1085,6229],"doelgroep":[],"class_list":["post-20322","locatie","type-locatie","status-publish","hentry","category-attracties","tag-denhelder","tag-galerie","tag-gemeentedenhelder","tag-kunst-en-cultuur","marker-toonopdenhelder","marker-toonopvisitkopvanholland"],"yoast_head":"<!-- This site is optimized with the Yoast SEO Premium plugin v24.7 (Yoast SEO v27.5) - https:\/\/yoast.com\/product\/yoast-seo-premium-wordpress\/ -->\n<title>Kunsthal 45 - Den Helder Online<\/title>\n<meta name=\"robots\" content=\"index, follow, max-snippet:-1, max-image-preview:large, max-video-preview:-1\" \/>\n<link rel=\"canonical\" href=\"https:\/\/denhelder.online\/de\/standort\/kunstgalerie-45\/\" \/>\n<meta property=\"og:locale\" content=\"de_DE\" \/>\n<meta property=\"og:type\" content=\"article\" \/>\n<meta property=\"og:title\" content=\"Kunsthal 45\" \/>\n<meta property=\"og:description\" content=\"Eigentijdse kunst in een rauw randje van Den Helder, gratis toegankelijk\" \/>\n<meta property=\"og:url\" content=\"https:\/\/denhelder.online\/de\/standort\/kunstgalerie-45\/\" \/>\n<meta property=\"og:site_name\" content=\"Den Helder Online\" \/>\n<meta property=\"article:modified_time\" content=\"2026-03-24T16:13:23+00:00\" \/>\n<meta name=\"twitter:card\" content=\"summary_large_image\" \/>\n<meta name=\"twitter:label1\" content=\"Gesch\u00e4tzte Lesezeit\" \/>\n\t<meta name=\"twitter:data1\" content=\"1\u00a0Minute\" \/>\n<script type=\"application\/ld+json\" class=\"yoast-schema-graph\">{\"@context\":\"https:\\\/\\\/schema.org\",\"@graph\":[{\"@type\":\"WebPage\",\"@id\":\"https:\\\/\\\/denhelder.online\\\/locatie\\\/kunsthal-45\\\/\",\"url\":\"https:\\\/\\\/denhelder.online\\\/locatie\\\/kunsthal-45\\\/\",\"name\":\"Kunsthal 45 - Den Helder Online\",\"isPartOf\":{\"@id\":\"https:\\\/\\\/denhelder.online\\\/#website\"},\"datePublished\":\"2026-01-28T10:02:49+00:00\",\"dateModified\":\"2026-03-24T16:13:23+00:00\",\"breadcrumb\":{\"@id\":\"https:\\\/\\\/denhelder.online\\\/locatie\\\/kunsthal-45\\\/#breadcrumb\"},\"inLanguage\":\"de\",\"potentialAction\":[{\"@type\":\"ReadAction\",\"target\":[\"https:\\\/\\\/denhelder.online\\\/locatie\\\/kunsthal-45\\\/\"]}]},{\"@type\":\"BreadcrumbList\",\"@id\":\"https:\\\/\\\/denhelder.online\\\/locatie\\\/kunsthal-45\\\/#breadcrumb\",\"itemListElement\":[{\"@type\":\"ListItem\",\"position\":1,\"name\":\"Home\",\"item\":\"https:\\\/\\\/denhelder.online\\\/\"},{\"@type\":\"ListItem\",\"position\":2,\"name\":\"Locaties\",\"item\":\"https:\\\/\\\/denhelder.online\\\/de\\\/standort\\\/\"},{\"@type\":\"ListItem\",\"position\":3,\"name\":\"Kunsthal 45\"}]},{\"@type\":\"WebSite\",\"@id\":\"https:\\\/\\\/denhelder.online\\\/#website\",\"url\":\"https:\\\/\\\/denhelder.online\\\/\",\"name\":\"Den Helder Online\",\"description\":\"Beleef Den Helder\",\"publisher\":{\"@id\":\"https:\\\/\\\/denhelder.online\\\/#organization\"},\"potentialAction\":[{\"@type\":\"SearchAction\",\"target\":{\"@type\":\"EntryPoint\",\"urlTemplate\":\"https:\\\/\\\/denhelder.online\\\/?s={search_term_string}\"},\"query-input\":{\"@type\":\"PropertyValueSpecification\",\"valueRequired\":true,\"valueName\":\"search_term_string\"}}],\"inLanguage\":\"de\"},{\"@type\":\"Organization\",\"@id\":\"https:\\\/\\\/denhelder.online\\\/#organization\",\"name\":\"Den Helder Online\",\"url\":\"https:\\\/\\\/denhelder.online\\\/\",\"logo\":{\"@type\":\"ImageObject\",\"inLanguage\":\"de\",\"@id\":\"https:\\\/\\\/denhelder.online\\\/#\\\/schema\\\/logo\\\/image\\\/\",\"url\":\"https:\\\/\\\/denhelder.online\\\/wp-content\\\/uploads\\\/2021\\\/12\\\/DitIsDH-Logo-26-tagline.svg\",\"contentUrl\":\"https:\\\/\\\/denhelder.online\\\/wp-content\\\/uploads\\\/2021\\\/12\\\/DitIsDH-Logo-26-tagline.svg\",\"width\":1717.0999999999999,\"height\":934.89999999999998,\"caption\":\"Den Helder Online\"},\"image\":{\"@id\":\"https:\\\/\\\/denhelder.online\\\/#\\\/schema\\\/logo\\\/image\\\/\"}}]}<\/script>\n<!-- \/ Yoast SEO Premium plugin. -->","yoast_head_json":{"title":"Kunsthal 45 - Den Helder Online","robots":{"index":"index","follow":"follow","max-snippet":"max-snippet:-1","max-image-preview":"max-image-preview:large","max-video-preview":"max-video-preview:-1"},"canonical":"https:\/\/denhelder.online\/de\/standort\/kunstgalerie-45\/","og_locale":"de_DE","og_type":"article","og_title":"Kunsthal 45","og_description":"Eigentijdse kunst in een rauw randje van Den Helder, gratis toegankelijk","og_url":"https:\/\/denhelder.online\/de\/standort\/kunstgalerie-45\/","og_site_name":"Den Helder Online","article_modified_time":"2026-03-24T16:13:23+00:00","twitter_card":"summary_large_image","twitter_misc":{"Gesch\u00e4tzte Lesezeit":"1\u00a0Minute"},"schema":{"@context":"https:\/\/schema.org","@graph":[{"@type":"WebPage","@id":"https:\/\/denhelder.online\/locatie\/kunsthal-45\/","url":"https:\/\/denhelder.online\/locatie\/kunsthal-45\/","name":"Kunsthal 45 - Den Helder Online","isPartOf":{"@id":"https:\/\/denhelder.online\/#website"},"datePublished":"2026-01-28T10:02:49+00:00","dateModified":"2026-03-24T16:13:23+00:00","breadcrumb":{"@id":"https:\/\/denhelder.online\/locatie\/kunsthal-45\/#breadcrumb"},"inLanguage":"de","potentialAction":[{"@type":"ReadAction","target":["https:\/\/denhelder.online\/locatie\/kunsthal-45\/"]}]},{"@type":"BreadcrumbList","@id":"https:\/\/denhelder.online\/locatie\/kunsthal-45\/#breadcrumb","itemListElement":[{"@type":"ListItem","position":1,"name":"Home","item":"https:\/\/denhelder.online\/"},{"@type":"ListItem","position":2,"name":"Locaties","item":"https:\/\/denhelder.online\/de\/standort\/"},{"@type":"ListItem","position":3,"name":"Kunsthal 45"}]},{"@type":"WebSite","@id":"https:\/\/denhelder.online\/#website","url":"https:\/\/denhelder.online\/","name":"Den Helder Online","description":"Erleben Sie Den Helder","publisher":{"@id":"https:\/\/denhelder.online\/#organization"},"potentialAction":[{"@type":"SearchAction","target":{"@type":"EntryPoint","urlTemplate":"https:\/\/denhelder.online\/?s={search_term_string}"},"query-input":{"@type":"PropertyValueSpecification","valueRequired":true,"valueName":"search_term_string"}}],"inLanguage":"de"},{"@type":"Organization","@id":"https:\/\/denhelder.online\/#organization","name":"Den Helder Online","url":"https:\/\/denhelder.online\/","logo":{"@type":"ImageObject","inLanguage":"de","@id":"https:\/\/denhelder.online\/#\/schema\/logo\/image\/","url":"https:\/\/denhelder.online\/wp-content\/uploads\/2021\/12\/DitIsDH-Logo-26-tagline.svg","contentUrl":"https:\/\/denhelder.online\/wp-content\/uploads\/2021\/12\/DitIsDH-Logo-26-tagline.svg","width":1717.0999999999999,"height":934.89999999999998,"caption":"Den Helder Online"},"image":{"@id":"https:\/\/denhelder.online\/#\/schema\/logo\/image\/"}}]}},"_links":{"self":[{"href":"https:\/\/denhelder.online\/de\/wp-json\/wp\/v2\/locations\/20322","targetHints":{"allow":["GET"]}}],"collection":[{"href":"https:\/\/denhelder.online\/de\/wp-json\/wp\/v2\/locations"}],"about":[{"href":"https:\/\/denhelder.online\/de\/wp-json\/wp\/v2\/types\/locatie"}],"version-history":[{"count":0,"href":"https:\/\/denhelder.online\/de\/wp-json\/wp\/v2\/locations\/20322\/revisions"}],"wp:attachment":[{"href":"https:\/\/denhelder.online\/de\/wp-json\/wp\/v2\/media?parent=20322"}],"wp:term":[{"taxonomy":"category","embeddable":true,"href":"https:\/\/denhelder.online\/de\/wp-json\/wp\/v2\/categories?post=20322"},{"taxonomy":"post_tag","embeddable":true,"href":"https:\/\/denhelder.online\/de\/wp-json\/wp\/v2\/tags?post=20322"},{"taxonomy":"doelgroep","embeddable":true,"href":"https:\/\/denhelder.online\/de\/wp-json\/wp\/v2\/doelgroep?post=20322"}],"curies":[{"name":"wp","href":"https:\/\/api.w.org\/{rel}","templated":true}]}}

<p>Die Kunsthal 45 ist einzigartig und überraschend. Sie finden diese Kunstgalerie am Rande des Stadtzentrums, in einem Viertel, das sich noch im Aufbau befindet.</p>
<p><strong>Es gibt immer etwas Neues zu sehen</strong></p>
<p>Fünfmal jährlich finden wechselnde Ausstellungen mit Werken zeitgenössischer Künstler statt. Sowohl etablierte Namen als auch Nachwuchstalente erhalten hier eine Plattform. Begleitend zu den Ausstellungen werden zudem weitere Veranstaltungen organisiert.</p>
<p><strong>Preisgünstige Kunst- und Gruppenpakete</strong></p>
<p>In der WinWin45-Galerie können Sie Kunstwerke direkt zu erschwinglichen Preisen erwerben. Besuchen Sie die Galerie lieber in einer Gruppe? Buchen Sie ‘Kaffee, Kekse und Kunst’ für einen künstlerischen Nachmittag mit bis zu 20 Personen.</p>
<p><strong>Offen für alle</strong></p>
<p>Für einen Besuch der Kunsthal 45 sind keinerlei Kunstkenntnisse erforderlich. Offenheit für neue Erfahrungen genügt. Der Eintritt ist frei, und Sie sind an vier Nachmittagen pro Woche oder nach Vereinbarung herzlich willkommen.</p>

<p>Zeitgenössische Kunst im rauen Ambiente von Den Helder, Eintritt frei</p>

<!-- This site is optimized with the Yoast SEO Premium plugin v24.7 (Yoast SEO v27.5) - https://yoast.com/product/yoast-seo-premium-wordpress/ -->
<title>Kunsthal 45 - Den Helder Online</title>
<meta name="robots" content="index, follow, max-snippet:-1, max-image-preview:large, max-video-preview:-1" />
<link rel="canonical" href="https://denhelder.online/de/standort/kunstgalerie-45/" />
<meta property="og:locale" content="de_DE" />
<meta property="og:type" content="article" />
<meta property="og:title" content="Kunsthal 45" />
<meta property="og:description" content="Eigentijdse kunst in een rauw randje van Den Helder, gratis toegankelijk" />
<meta property="og:url" content="https://denhelder.online/de/standort/kunstgalerie-45/" />
<meta property="og:site_name" content="Den Helder Online" />
<meta property="article:modified_time" content="2026-03-24T16:13:23+00:00" />
<meta name="twitter:card" content="summary_large_image" />
<meta name="twitter:label1" content="Geschätzte Lesezeit" />
	<meta name="twitter:data1" content="1 Minute" />
<script type="application/ld+json" class="yoast-schema-graph">{"@context":"https:\/\/schema.org","@graph":[{"@type":"WebPage","@id":"https:\/\/denhelder.online\/locatie\/kunsthal-45\/","url":"https:\/\/denhelder.online\/locatie\/kunsthal-45\/","name":"Kunsthal 45 - Den Helder Online","isPartOf":{"@id":"https:\/\/denhelder.online\/#website"},"datePublished":"2026-01-28T10:02:49+00:00","dateModified":"2026-03-24T16:13:23+00:00","breadcrumb":{"@id":"https:\/\/denhelder.online\/locatie\/kunsthal-45\/#breadcrumb"},"inLanguage":"de","potentialAction":[{"@type":"ReadAction","target":["https:\/\/denhelder.online\/locatie\/kunsthal-45\/"]}]},{"@type":"BreadcrumbList","@id":"https:\/\/denhelder.online\/locatie\/kunsthal-45\/#breadcrumb","itemListElement":[{"@type":"ListItem","position":1,"name":"Home","item":"https:\/\/denhelder.online\/"},{"@type":"ListItem","position":2,"name":"Locaties","item":"https:\/\/denhelder.online\/de\/standort\/"},{"@type":"ListItem","position":3,"name":"Kunsthal 45"}]},{"@type":"WebSite","@id":"https:\/\/denhelder.online\/#website","url":"https:\/\/denhelder.online\/","name":"Den Helder Online","description":"Beleef Den Helder","publisher":{"@id":"https:\/\/denhelder.online\/#organization"},"potentialAction":[{"@type":"SearchAction","target":{"@type":"EntryPoint","urlTemplate":"https:\/\/denhelder.online\/?s={search_term_string}"},"query-input":{"@type":"PropertyValueSpecification","valueRequired":true,"valueName":"search_term_string"}}],"inLanguage":"de"},{"@type":"Organization","@id":"https:\/\/denhelder.online\/#organization","name":"Den Helder Online","url":"https:\/\/denhelder.online\/","logo":{"@type":"ImageObject","inLanguage":"de","@id":"https:\/\/denhelder.online\/#\/schema\/logo\/image\/","url":"https:\/\/denhelder.online\/wp-content\/uploads\/2021\/12\/DitIsDH-Logo-26-tagline.svg","contentUrl":"https:\/\/denhelder.online\/wp-content\/uploads\/2021\/12\/DitIsDH-Logo-26-tagline.svg","width":1717.0999999999999,"height":934.89999999999998,"caption":"Den Helder Online"},"image":{"@id":"https:\/\/denhelder.online\/#\/schema\/logo\/image\/"}}]}</script>
<!-- / Yoast SEO Premium plugin. -->
