{"id":20335,"date":"2026-01-28T11:03:38","date_gmt":"2026-01-28T10:03:38","guid":{"rendered":"https:\/\/denhelder.online\/locatie\/bovenjan\/"},"modified":"2026-01-28T11:03:38","modified_gmt":"2026-01-28T10:03:38","slug":"topman","status":"publish","type":"locatie","link":"https:\/\/denhelder.online\/de\/locatie\/bovenjan\/","title":{"rendered":"Bovenjan"},"content":{"rendered":"<p>Suchen Sie Ruhe und Erholung? Bovenjan liegt am Rande von Wald und D\u00fcnen, nur wenige Gehminuten vom Strand entfernt. Sie wohnen in einem der beiden komplett m\u00f6blierten Apartments im Geb\u00e4ude Den Helder.<\/p>\n<p><strong>W\u00e4hlen Sie eine Garten- oder Dachterrasse<\/strong><\/p>\n<p>Die helle und ger\u00e4umige Wohnung im Erdgeschoss ist im Strandstil eingerichtet. Sie verf\u00fcgt \u00fcber zwei Wohn-\/Schlafzimmer, jeweils mit eigenem Bad, sowie ein gemeinsames Wohnzimmer, eine K\u00fcche und einen Garten mit Picknicktisch und Liegest\u00fchlen. Ideal f\u00fcr ein sonniges Fr\u00fchst\u00fcck im Freien.<\/p>\n<p>Die Wohnung im Obergeschoss bietet Platz f\u00fcr vier bis sechs Personen. Sie verf\u00fcgt \u00fcber zwei Schlafzimmer, ein gem\u00fctliches Wohnzimmer, eine K\u00fcche und eine Dachterrasse mit Sonne bis Sonnenuntergang. Gartenm\u00f6bel laden zum Entspannen ein.<\/p>\n<p><strong>Aktiv von Natur<\/strong><\/p>\n<p>Wandern, Radfahren oder Kanufahren? Im nahegelegenen Naturschutzgebiet ist alles m\u00f6glich. Bovenjan ist der ideale Ort f\u00fcr einen aktiven und erholsamen Badeurlaub.<\/p>\n<p><strong>Gesch\u00e4fte um die Ecke<\/strong><\/p>\n<p>Sie m\u00fcssen nicht weit zum Einkaufen gehen: Ein Einkaufszentrum ist fu\u00dfl\u00e4ufig erreichbar.<\/p>","protected":false},"excerpt":{"rendered":"<p>Zwei komfortable Apartments in der N\u00e4he von Wald, D\u00fcnen und Strand<\/p>","protected":false},"featured_media":0,"template":"","meta":{"footnotes":""},"categories":[6426],"tags":[6246,1087],"doelgroep":[],"class_list":["post-20335","locatie","type-locatie","status-publish","hentry","category-logies","tag-appartement","tag-denhelder","marker-toonopdenhelder","marker-toonopvisitkopvanholland"],"yoast_head":"<!-- This site is optimized with the Yoast SEO Premium plugin v24.7 (Yoast SEO v27.5) - https:\/\/yoast.com\/product\/yoast-seo-premium-wordpress\/ -->\n<title>Bovenjan - Den Helder Online<\/title>\n<meta name=\"robots\" content=\"index, follow, max-snippet:-1, max-image-preview:large, max-video-preview:-1\" \/>\n<link rel=\"canonical\" href=\"https:\/\/denhelder.online\/de\/standort\/topman\/\" \/>\n<meta property=\"og:locale\" content=\"de_DE\" \/>\n<meta property=\"og:type\" content=\"article\" \/>\n<meta property=\"og:title\" content=\"Bovenjan\" \/>\n<meta property=\"og:description\" content=\"Twee comfortabele appartementen bij bos, duin en strand\" \/>\n<meta property=\"og:url\" content=\"https:\/\/denhelder.online\/de\/standort\/topman\/\" \/>\n<meta property=\"og:site_name\" content=\"Den Helder Online\" \/>\n<meta name=\"twitter:card\" content=\"summary_large_image\" \/>\n<meta name=\"twitter:label1\" content=\"Gesch\u00e4tzte Lesezeit\" \/>\n\t<meta name=\"twitter:data1\" content=\"1\u00a0Minute\" \/>\n<script type=\"application\/ld+json\" class=\"yoast-schema-graph\">{\"@context\":\"https:\\\/\\\/schema.org\",\"@graph\":[{\"@type\":\"WebPage\",\"@id\":\"https:\\\/\\\/denhelder.online\\\/en\\\/location\\\/topman\\\/\",\"url\":\"https:\\\/\\\/denhelder.online\\\/en\\\/location\\\/topman\\\/\",\"name\":\"Bovenjan - Den Helder Online\",\"isPartOf\":{\"@id\":\"https:\\\/\\\/denhelder.online\\\/#website\"},\"datePublished\":\"2026-01-28T10:03:38+00:00\",\"breadcrumb\":{\"@id\":\"https:\\\/\\\/denhelder.online\\\/en\\\/location\\\/topman\\\/#breadcrumb\"},\"inLanguage\":\"de\",\"potentialAction\":[{\"@type\":\"ReadAction\",\"target\":[\"https:\\\/\\\/denhelder.online\\\/en\\\/location\\\/topman\\\/\"]}]},{\"@type\":\"BreadcrumbList\",\"@id\":\"https:\\\/\\\/denhelder.online\\\/en\\\/location\\\/topman\\\/#breadcrumb\",\"itemListElement\":[{\"@type\":\"ListItem\",\"position\":1,\"name\":\"Home\",\"item\":\"https:\\\/\\\/denhelder.online\\\/\"},{\"@type\":\"ListItem\",\"position\":2,\"name\":\"Locaties\",\"item\":\"https:\\\/\\\/denhelder.online\\\/de\\\/standort\\\/\"},{\"@type\":\"ListItem\",\"position\":3,\"name\":\"Bovenjan\"}]},{\"@type\":\"WebSite\",\"@id\":\"https:\\\/\\\/denhelder.online\\\/#website\",\"url\":\"https:\\\/\\\/denhelder.online\\\/\",\"name\":\"Den Helder Online\",\"description\":\"Beleef Den Helder\",\"publisher\":{\"@id\":\"https:\\\/\\\/denhelder.online\\\/#organization\"},\"potentialAction\":[{\"@type\":\"SearchAction\",\"target\":{\"@type\":\"EntryPoint\",\"urlTemplate\":\"https:\\\/\\\/denhelder.online\\\/?s={search_term_string}\"},\"query-input\":{\"@type\":\"PropertyValueSpecification\",\"valueRequired\":true,\"valueName\":\"search_term_string\"}}],\"inLanguage\":\"de\"},{\"@type\":\"Organization\",\"@id\":\"https:\\\/\\\/denhelder.online\\\/#organization\",\"name\":\"Den Helder Online\",\"url\":\"https:\\\/\\\/denhelder.online\\\/\",\"logo\":{\"@type\":\"ImageObject\",\"inLanguage\":\"de\",\"@id\":\"https:\\\/\\\/denhelder.online\\\/#\\\/schema\\\/logo\\\/image\\\/\",\"url\":\"https:\\\/\\\/denhelder.online\\\/wp-content\\\/uploads\\\/2021\\\/12\\\/DitIsDH-Logo-26-tagline.svg\",\"contentUrl\":\"https:\\\/\\\/denhelder.online\\\/wp-content\\\/uploads\\\/2021\\\/12\\\/DitIsDH-Logo-26-tagline.svg\",\"width\":1717.0999999999999,\"height\":934.89999999999998,\"caption\":\"Den Helder Online\"},\"image\":{\"@id\":\"https:\\\/\\\/denhelder.online\\\/#\\\/schema\\\/logo\\\/image\\\/\"}}]}<\/script>\n<!-- \/ Yoast SEO Premium plugin. -->","yoast_head_json":{"title":"Bovenjan - Den Helder Online","robots":{"index":"index","follow":"follow","max-snippet":"max-snippet:-1","max-image-preview":"max-image-preview:large","max-video-preview":"max-video-preview:-1"},"canonical":"https:\/\/denhelder.online\/de\/standort\/topman\/","og_locale":"de_DE","og_type":"article","og_title":"Bovenjan","og_description":"Twee comfortabele appartementen bij bos, duin en strand","og_url":"https:\/\/denhelder.online\/de\/standort\/topman\/","og_site_name":"Den Helder Online","twitter_card":"summary_large_image","twitter_misc":{"Gesch\u00e4tzte Lesezeit":"1\u00a0Minute"},"schema":{"@context":"https:\/\/schema.org","@graph":[{"@type":"WebPage","@id":"https:\/\/denhelder.online\/en\/location\/topman\/","url":"https:\/\/denhelder.online\/en\/location\/topman\/","name":"Bovenjan - Den Helder Online","isPartOf":{"@id":"https:\/\/denhelder.online\/#website"},"datePublished":"2026-01-28T10:03:38+00:00","breadcrumb":{"@id":"https:\/\/denhelder.online\/en\/location\/topman\/#breadcrumb"},"inLanguage":"de","potentialAction":[{"@type":"ReadAction","target":["https:\/\/denhelder.online\/en\/location\/topman\/"]}]},{"@type":"BreadcrumbList","@id":"https:\/\/denhelder.online\/en\/location\/topman\/#breadcrumb","itemListElement":[{"@type":"ListItem","position":1,"name":"Home","item":"https:\/\/denhelder.online\/"},{"@type":"ListItem","position":2,"name":"Locaties","item":"https:\/\/denhelder.online\/de\/standort\/"},{"@type":"ListItem","position":3,"name":"Bovenjan"}]},{"@type":"WebSite","@id":"https:\/\/denhelder.online\/#website","url":"https:\/\/denhelder.online\/","name":"Den Helder Online","description":"Erleben Sie Den Helder","publisher":{"@id":"https:\/\/denhelder.online\/#organization"},"potentialAction":[{"@type":"SearchAction","target":{"@type":"EntryPoint","urlTemplate":"https:\/\/denhelder.online\/?s={search_term_string}"},"query-input":{"@type":"PropertyValueSpecification","valueRequired":true,"valueName":"search_term_string"}}],"inLanguage":"de"},{"@type":"Organization","@id":"https:\/\/denhelder.online\/#organization","name":"Den Helder Online","url":"https:\/\/denhelder.online\/","logo":{"@type":"ImageObject","inLanguage":"de","@id":"https:\/\/denhelder.online\/#\/schema\/logo\/image\/","url":"https:\/\/denhelder.online\/wp-content\/uploads\/2021\/12\/DitIsDH-Logo-26-tagline.svg","contentUrl":"https:\/\/denhelder.online\/wp-content\/uploads\/2021\/12\/DitIsDH-Logo-26-tagline.svg","width":1717.0999999999999,"height":934.89999999999998,"caption":"Den Helder Online"},"image":{"@id":"https:\/\/denhelder.online\/#\/schema\/logo\/image\/"}}]}},"_links":{"self":[{"href":"https:\/\/denhelder.online\/de\/wp-json\/wp\/v2\/locations\/20335","targetHints":{"allow":["GET"]}}],"collection":[{"href":"https:\/\/denhelder.online\/de\/wp-json\/wp\/v2\/locations"}],"about":[{"href":"https:\/\/denhelder.online\/de\/wp-json\/wp\/v2\/types\/locatie"}],"version-history":[{"count":0,"href":"https:\/\/denhelder.online\/de\/wp-json\/wp\/v2\/locations\/20335\/revisions"}],"wp:attachment":[{"href":"https:\/\/denhelder.online\/de\/wp-json\/wp\/v2\/media?parent=20335"}],"wp:term":[{"taxonomy":"category","embeddable":true,"href":"https:\/\/denhelder.online\/de\/wp-json\/wp\/v2\/categories?post=20335"},{"taxonomy":"post_tag","embeddable":true,"href":"https:\/\/denhelder.online\/de\/wp-json\/wp\/v2\/tags?post=20335"},{"taxonomy":"doelgroep","embeddable":true,"href":"https:\/\/denhelder.online\/de\/wp-json\/wp\/v2\/doelgroep?post=20335"}],"curies":[{"name":"wp","href":"https:\/\/api.w.org\/{rel}","templated":true}]}}

<p>Suchen Sie Ruhe und Erholung? Bovenjan liegt am Rande von Wald und Dünen, nur wenige Gehminuten vom Strand entfernt. Sie wohnen in einem der beiden komplett möblierten Apartments im Gebäude Den Helder.</p>
<p><strong>Wählen Sie eine Garten- oder Dachterrasse</strong></p>
<p>Die helle und geräumige Wohnung im Erdgeschoss ist im Strandstil eingerichtet. Sie verfügt über zwei Wohn-/Schlafzimmer, jeweils mit eigenem Bad, sowie ein gemeinsames Wohnzimmer, eine Küche und einen Garten mit Picknicktisch und Liegestühlen. Ideal für ein sonniges Frühstück im Freien.</p>
<p>Die Wohnung im Obergeschoss bietet Platz für vier bis sechs Personen. Sie verfügt über zwei Schlafzimmer, ein gemütliches Wohnzimmer, eine Küche und eine Dachterrasse mit Sonne bis Sonnenuntergang. Gartenmöbel laden zum Entspannen ein.</p>
<p><strong>Aktiv von Natur</strong></p>
<p>Wandern, Radfahren oder Kanufahren? Im nahegelegenen Naturschutzgebiet ist alles möglich. Bovenjan ist der ideale Ort für einen aktiven und erholsamen Badeurlaub.</p>
<p><strong>Geschäfte um die Ecke</strong></p>
<p>Sie müssen nicht weit zum Einkaufen gehen: Ein Einkaufszentrum ist fußläufig erreichbar.</p>

<p>Zwei komfortable Apartments in der Nähe von Wald, Dünen und Strand</p>

<!-- This site is optimized with the Yoast SEO Premium plugin v24.7 (Yoast SEO v27.5) - https://yoast.com/product/yoast-seo-premium-wordpress/ -->
<title>Bovenjan - Den Helder Online</title>
<meta name="robots" content="index, follow, max-snippet:-1, max-image-preview:large, max-video-preview:-1" />
<link rel="canonical" href="https://denhelder.online/de/standort/topman/" />
<meta property="og:locale" content="de_DE" />
<meta property="og:type" content="article" />
<meta property="og:title" content="Bovenjan" />
<meta property="og:description" content="Twee comfortabele appartementen bij bos, duin en strand" />
<meta property="og:url" content="https://denhelder.online/de/standort/topman/" />
<meta property="og:site_name" content="Den Helder Online" />
<meta name="twitter:card" content="summary_large_image" />
<meta name="twitter:label1" content="Geschätzte Lesezeit" />
	<meta name="twitter:data1" content="1 Minute" />
<script type="application/ld+json" class="yoast-schema-graph">{"@context":"https:\/\/schema.org","@graph":[{"@type":"WebPage","@id":"https:\/\/denhelder.online\/en\/location\/topman\/","url":"https:\/\/denhelder.online\/en\/location\/topman\/","name":"Bovenjan - Den Helder Online","isPartOf":{"@id":"https:\/\/denhelder.online\/#website"},"datePublished":"2026-01-28T10:03:38+00:00","breadcrumb":{"@id":"https:\/\/denhelder.online\/en\/location\/topman\/#breadcrumb"},"inLanguage":"de","potentialAction":[{"@type":"ReadAction","target":["https:\/\/denhelder.online\/en\/location\/topman\/"]}]},{"@type":"BreadcrumbList","@id":"https:\/\/denhelder.online\/en\/location\/topman\/#breadcrumb","itemListElement":[{"@type":"ListItem","position":1,"name":"Home","item":"https:\/\/denhelder.online\/"},{"@type":"ListItem","position":2,"name":"Locaties","item":"https:\/\/denhelder.online\/de\/standort\/"},{"@type":"ListItem","position":3,"name":"Bovenjan"}]},{"@type":"WebSite","@id":"https:\/\/denhelder.online\/#website","url":"https:\/\/denhelder.online\/","name":"Den Helder Online","description":"Beleef Den Helder","publisher":{"@id":"https:\/\/denhelder.online\/#organization"},"potentialAction":[{"@type":"SearchAction","target":{"@type":"EntryPoint","urlTemplate":"https:\/\/denhelder.online\/?s={search_term_string}"},"query-input":{"@type":"PropertyValueSpecification","valueRequired":true,"valueName":"search_term_string"}}],"inLanguage":"de"},{"@type":"Organization","@id":"https:\/\/denhelder.online\/#organization","name":"Den Helder Online","url":"https:\/\/denhelder.online\/","logo":{"@type":"ImageObject","inLanguage":"de","@id":"https:\/\/denhelder.online\/#\/schema\/logo\/image\/","url":"https:\/\/denhelder.online\/wp-content\/uploads\/2021\/12\/DitIsDH-Logo-26-tagline.svg","contentUrl":"https:\/\/denhelder.online\/wp-content\/uploads\/2021\/12\/DitIsDH-Logo-26-tagline.svg","width":1717.0999999999999,"height":934.89999999999998,"caption":"Den Helder Online"},"image":{"@id":"https:\/\/denhelder.online\/#\/schema\/logo\/image\/"}}]}</script>
<!-- / Yoast SEO Premium plugin. -->
