{"id":20384,"date":"2026-01-28T11:04:24","date_gmt":"2026-01-28T10:04:24","guid":{"rendered":"https:\/\/denhelder.online\/locatie\/fietsverhuur-t-noorder-sandt\/"},"modified":"2026-01-28T11:04:24","modified_gmt":"2026-01-28T10:04:24","slug":"fahrradverleih-t-noorder-sandt","status":"publish","type":"locatie","link":"https:\/\/denhelder.online\/de\/locatie\/fietsverhuur-t-noorder-sandt\/","title":{"rendered":"Fahrradverleih &#039;t Noorder Sandt"},"content":{"rendered":"<p>Lust auf frische Luft und traumhafte Ausblicke? Mieten Sie sich ein Fahrrad bei &#039;t Noorder Sandt und erkunden Sie die abwechslungsreiche Umgebung von Julianadorp. Ihre Radtour f\u00fchrt Sie vorbei an bl\u00fchenden Blumenzwiebelfeldern, durch Naturschutzgebiete und bis ans Meer.<\/p>\n<p><strong>Radfahren direkt in die Natur<\/strong><\/p>\n<p>Der Campingplatz liegt an einer malerischen Radroute. Die D\u00fcnen und der Strand sind nur wenige Minuten entfernt. Ideal f\u00fcr alle, die frische Luft schnappen oder einen entspannten Tagesausflug genie\u00dfen m\u00f6chten.<\/p>\n<p><strong>Geeignet f\u00fcr Jung und Alt<\/strong><\/p>\n<p>Ob Sie nun in Ihrer Freizeit Rad fahren oder mit der Familie unterwegs sind, unsere Mietoptionen bieten f\u00fcr jeden etwas Passendes. Fragen Sie nach der Verf\u00fcgbarkeit und entdecken Sie, wie einfach es ist, die Region zu erkunden.<\/p>\n<p><strong>Ruhe, Weite und eine Aussicht<\/strong><\/p>\n<p>Die Region Kop van Noord-Holland ist ideal f\u00fcr Radtouren. Freuen Sie sich auf weite Ausblicke, ruhige Stra\u00dfen und zahlreiche Rastpl\u00e4tze. Mieten Sie sich ein Fahrrad und los geht&#039;s!<\/p>","protected":false},"excerpt":{"rendered":"<p>Schwing dich aufs Fahrrad und erkunde die Blumenzwiebelfelder, die D\u00fcnen und den Strand.<\/p>","protected":false},"featured_media":0,"template":"","meta":{"footnotes":""},"categories":[6381,6412],"tags":[6281,1108,6227],"doelgroep":[],"class_list":["post-20384","locatie","type-locatie","status-publish","hentry","category-attracties","category-functie","tag-fietsverhuurbedrijf","tag-julianadorp","tag-natuur","marker-toonopdenhelder","marker-toonopvisitkopvanholland"],"yoast_head":"<!-- This site is optimized with the Yoast SEO Premium plugin v24.7 (Yoast SEO v27.5) - https:\/\/yoast.com\/product\/yoast-seo-premium-wordpress\/ -->\n<title>Fietsverhuur &#039;t Noorder Sandt - Den Helder Online<\/title>\n<meta name=\"robots\" content=\"index, follow, max-snippet:-1, max-image-preview:large, max-video-preview:-1\" \/>\n<link rel=\"canonical\" href=\"https:\/\/denhelder.online\/de\/standort\/fahrradverleih-t-noorder-sandt\/\" \/>\n<meta property=\"og:locale\" content=\"de_DE\" \/>\n<meta property=\"og:type\" content=\"article\" \/>\n<meta property=\"og:title\" content=\"Fietsverhuur &#039;t Noorder Sandt\" \/>\n<meta property=\"og:description\" content=\"Spring op de fiets en verken de bollenvelden, duinen en het strand\" \/>\n<meta property=\"og:url\" content=\"https:\/\/denhelder.online\/de\/standort\/fahrradverleih-t-noorder-sandt\/\" \/>\n<meta property=\"og:site_name\" content=\"Den Helder Online\" \/>\n<meta name=\"twitter:card\" content=\"summary_large_image\" \/>\n<meta name=\"twitter:label1\" content=\"Gesch\u00e4tzte Lesezeit\" \/>\n\t<meta name=\"twitter:data1\" content=\"1\u00a0Minute\" \/>\n<script type=\"application\/ld+json\" class=\"yoast-schema-graph\">{\"@context\":\"https:\\\/\\\/schema.org\",\"@graph\":[{\"@type\":\"WebPage\",\"@id\":\"https:\\\/\\\/denhelder.online\\\/en\\\/location\\\/bike-rental-t-noorder-sandt\\\/\",\"url\":\"https:\\\/\\\/denhelder.online\\\/en\\\/location\\\/bike-rental-t-noorder-sandt\\\/\",\"name\":\"Fietsverhuur 't Noorder Sandt - Den Helder Online\",\"isPartOf\":{\"@id\":\"https:\\\/\\\/denhelder.online\\\/#website\"},\"datePublished\":\"2026-01-28T10:04:24+00:00\",\"breadcrumb\":{\"@id\":\"https:\\\/\\\/denhelder.online\\\/en\\\/location\\\/bike-rental-t-noorder-sandt\\\/#breadcrumb\"},\"inLanguage\":\"de\",\"potentialAction\":[{\"@type\":\"ReadAction\",\"target\":[\"https:\\\/\\\/denhelder.online\\\/en\\\/location\\\/bike-rental-t-noorder-sandt\\\/\"]}]},{\"@type\":\"BreadcrumbList\",\"@id\":\"https:\\\/\\\/denhelder.online\\\/en\\\/location\\\/bike-rental-t-noorder-sandt\\\/#breadcrumb\",\"itemListElement\":[{\"@type\":\"ListItem\",\"position\":1,\"name\":\"Home\",\"item\":\"https:\\\/\\\/denhelder.online\\\/\"},{\"@type\":\"ListItem\",\"position\":2,\"name\":\"Locaties\",\"item\":\"https:\\\/\\\/denhelder.online\\\/de\\\/standort\\\/\"},{\"@type\":\"ListItem\",\"position\":3,\"name\":\"Fietsverhuur &#8217;t Noorder Sandt\"}]},{\"@type\":\"WebSite\",\"@id\":\"https:\\\/\\\/denhelder.online\\\/#website\",\"url\":\"https:\\\/\\\/denhelder.online\\\/\",\"name\":\"Den Helder Online\",\"description\":\"Beleef Den Helder\",\"publisher\":{\"@id\":\"https:\\\/\\\/denhelder.online\\\/#organization\"},\"potentialAction\":[{\"@type\":\"SearchAction\",\"target\":{\"@type\":\"EntryPoint\",\"urlTemplate\":\"https:\\\/\\\/denhelder.online\\\/?s={search_term_string}\"},\"query-input\":{\"@type\":\"PropertyValueSpecification\",\"valueRequired\":true,\"valueName\":\"search_term_string\"}}],\"inLanguage\":\"de\"},{\"@type\":\"Organization\",\"@id\":\"https:\\\/\\\/denhelder.online\\\/#organization\",\"name\":\"Den Helder Online\",\"url\":\"https:\\\/\\\/denhelder.online\\\/\",\"logo\":{\"@type\":\"ImageObject\",\"inLanguage\":\"de\",\"@id\":\"https:\\\/\\\/denhelder.online\\\/#\\\/schema\\\/logo\\\/image\\\/\",\"url\":\"https:\\\/\\\/denhelder.online\\\/wp-content\\\/uploads\\\/2021\\\/12\\\/DitIsDH-Logo-26-tagline.svg\",\"contentUrl\":\"https:\\\/\\\/denhelder.online\\\/wp-content\\\/uploads\\\/2021\\\/12\\\/DitIsDH-Logo-26-tagline.svg\",\"width\":1717.0999999999999,\"height\":934.89999999999998,\"caption\":\"Den Helder Online\"},\"image\":{\"@id\":\"https:\\\/\\\/denhelder.online\\\/#\\\/schema\\\/logo\\\/image\\\/\"}}]}<\/script>\n<!-- \/ Yoast SEO Premium plugin. -->","yoast_head_json":{"title":"Fahrradverleih &#039;t Noorder Sandt - Den Helder Online","robots":{"index":"index","follow":"follow","max-snippet":"max-snippet:-1","max-image-preview":"max-image-preview:large","max-video-preview":"max-video-preview:-1"},"canonical":"https:\/\/denhelder.online\/de\/standort\/fahrradverleih-t-noorder-sandt\/","og_locale":"de_DE","og_type":"article","og_title":"Fietsverhuur 't Noorder Sandt","og_description":"Spring op de fiets en verken de bollenvelden, duinen en het strand","og_url":"https:\/\/denhelder.online\/de\/standort\/fahrradverleih-t-noorder-sandt\/","og_site_name":"Den Helder Online","twitter_card":"summary_large_image","twitter_misc":{"Gesch\u00e4tzte Lesezeit":"1\u00a0Minute"},"schema":{"@context":"https:\/\/schema.org","@graph":[{"@type":"WebPage","@id":"https:\/\/denhelder.online\/en\/location\/bike-rental-t-noorder-sandt\/","url":"https:\/\/denhelder.online\/en\/location\/bike-rental-t-noorder-sandt\/","name":"Fahrradverleih &#039;t Noorder Sandt - Den Helder Online","isPartOf":{"@id":"https:\/\/denhelder.online\/#website"},"datePublished":"2026-01-28T10:04:24+00:00","breadcrumb":{"@id":"https:\/\/denhelder.online\/en\/location\/bike-rental-t-noorder-sandt\/#breadcrumb"},"inLanguage":"de","potentialAction":[{"@type":"ReadAction","target":["https:\/\/denhelder.online\/en\/location\/bike-rental-t-noorder-sandt\/"]}]},{"@type":"BreadcrumbList","@id":"https:\/\/denhelder.online\/en\/location\/bike-rental-t-noorder-sandt\/#breadcrumb","itemListElement":[{"@type":"ListItem","position":1,"name":"Home","item":"https:\/\/denhelder.online\/"},{"@type":"ListItem","position":2,"name":"Locaties","item":"https:\/\/denhelder.online\/de\/standort\/"},{"@type":"ListItem","position":3,"name":"Fietsverhuur &#8217;t Noorder Sandt"}]},{"@type":"WebSite","@id":"https:\/\/denhelder.online\/#website","url":"https:\/\/denhelder.online\/","name":"Den Helder Online","description":"Erleben Sie Den Helder","publisher":{"@id":"https:\/\/denhelder.online\/#organization"},"potentialAction":[{"@type":"SearchAction","target":{"@type":"EntryPoint","urlTemplate":"https:\/\/denhelder.online\/?s={search_term_string}"},"query-input":{"@type":"PropertyValueSpecification","valueRequired":true,"valueName":"search_term_string"}}],"inLanguage":"de"},{"@type":"Organization","@id":"https:\/\/denhelder.online\/#organization","name":"Den Helder Online","url":"https:\/\/denhelder.online\/","logo":{"@type":"ImageObject","inLanguage":"de","@id":"https:\/\/denhelder.online\/#\/schema\/logo\/image\/","url":"https:\/\/denhelder.online\/wp-content\/uploads\/2021\/12\/DitIsDH-Logo-26-tagline.svg","contentUrl":"https:\/\/denhelder.online\/wp-content\/uploads\/2021\/12\/DitIsDH-Logo-26-tagline.svg","width":1717.0999999999999,"height":934.89999999999998,"caption":"Den Helder Online"},"image":{"@id":"https:\/\/denhelder.online\/#\/schema\/logo\/image\/"}}]}},"_links":{"self":[{"href":"https:\/\/denhelder.online\/de\/wp-json\/wp\/v2\/locations\/20384","targetHints":{"allow":["GET"]}}],"collection":[{"href":"https:\/\/denhelder.online\/de\/wp-json\/wp\/v2\/locations"}],"about":[{"href":"https:\/\/denhelder.online\/de\/wp-json\/wp\/v2\/types\/locatie"}],"version-history":[{"count":0,"href":"https:\/\/denhelder.online\/de\/wp-json\/wp\/v2\/locations\/20384\/revisions"}],"wp:attachment":[{"href":"https:\/\/denhelder.online\/de\/wp-json\/wp\/v2\/media?parent=20384"}],"wp:term":[{"taxonomy":"category","embeddable":true,"href":"https:\/\/denhelder.online\/de\/wp-json\/wp\/v2\/categories?post=20384"},{"taxonomy":"post_tag","embeddable":true,"href":"https:\/\/denhelder.online\/de\/wp-json\/wp\/v2\/tags?post=20384"},{"taxonomy":"doelgroep","embeddable":true,"href":"https:\/\/denhelder.online\/de\/wp-json\/wp\/v2\/doelgroep?post=20384"}],"curies":[{"name":"wp","href":"https:\/\/api.w.org\/{rel}","templated":true}]}}

<p>Lust auf frische Luft und traumhafte Ausblicke? Mieten Sie sich ein Fahrrad bei &#039;t Noorder Sandt und erkunden Sie die abwechslungsreiche Umgebung von Julianadorp. Ihre Radtour führt Sie vorbei an blühenden Blumenzwiebelfeldern, durch Naturschutzgebiete und bis ans Meer.</p>
<p><strong>Radfahren direkt in die Natur</strong></p>
<p>Der Campingplatz liegt an einer malerischen Radroute. Die Dünen und der Strand sind nur wenige Minuten entfernt. Ideal für alle, die frische Luft schnappen oder einen entspannten Tagesausflug genießen möchten.</p>
<p><strong>Geeignet für Jung und Alt</strong></p>
<p>Ob Sie nun in Ihrer Freizeit Rad fahren oder mit der Familie unterwegs sind, unsere Mietoptionen bieten für jeden etwas Passendes. Fragen Sie nach der Verfügbarkeit und entdecken Sie, wie einfach es ist, die Region zu erkunden.</p>
<p><strong>Ruhe, Weite und eine Aussicht</strong></p>
<p>Die Region Kop van Noord-Holland ist ideal für Radtouren. Freuen Sie sich auf weite Ausblicke, ruhige Straßen und zahlreiche Rastplätze. Mieten Sie sich ein Fahrrad und los geht&#039;s!</p>

<p>Schwing dich aufs Fahrrad und erkunde die Blumenzwiebelfelder, die Dünen und den Strand.</p>

<!-- This site is optimized with the Yoast SEO Premium plugin v24.7 (Yoast SEO v27.5) - https://yoast.com/product/yoast-seo-premium-wordpress/ -->
<title>Fietsverhuur &#039;t Noorder Sandt - Den Helder Online</title>
<meta name="robots" content="index, follow, max-snippet:-1, max-image-preview:large, max-video-preview:-1" />
<link rel="canonical" href="https://denhelder.online/de/standort/fahrradverleih-t-noorder-sandt/" />
<meta property="og:locale" content="de_DE" />
<meta property="og:type" content="article" />
<meta property="og:title" content="Fietsverhuur &#039;t Noorder Sandt" />
<meta property="og:description" content="Spring op de fiets en verken de bollenvelden, duinen en het strand" />
<meta property="og:url" content="https://denhelder.online/de/standort/fahrradverleih-t-noorder-sandt/" />
<meta property="og:site_name" content="Den Helder Online" />
<meta name="twitter:card" content="summary_large_image" />
<meta name="twitter:label1" content="Geschätzte Lesezeit" />
	<meta name="twitter:data1" content="1 Minute" />
<script type="application/ld+json" class="yoast-schema-graph">{"@context":"https:\/\/schema.org","@graph":[{"@type":"WebPage","@id":"https:\/\/denhelder.online\/en\/location\/bike-rental-t-noorder-sandt\/","url":"https:\/\/denhelder.online\/en\/location\/bike-rental-t-noorder-sandt\/","name":"Fietsverhuur 't Noorder Sandt - Den Helder Online","isPartOf":{"@id":"https:\/\/denhelder.online\/#website"},"datePublished":"2026-01-28T10:04:24+00:00","breadcrumb":{"@id":"https:\/\/denhelder.online\/en\/location\/bike-rental-t-noorder-sandt\/#breadcrumb"},"inLanguage":"de","potentialAction":[{"@type":"ReadAction","target":["https:\/\/denhelder.online\/en\/location\/bike-rental-t-noorder-sandt\/"]}]},{"@type":"BreadcrumbList","@id":"https:\/\/denhelder.online\/en\/location\/bike-rental-t-noorder-sandt\/#breadcrumb","itemListElement":[{"@type":"ListItem","position":1,"name":"Home","item":"https:\/\/denhelder.online\/"},{"@type":"ListItem","position":2,"name":"Locaties","item":"https:\/\/denhelder.online\/de\/standort\/"},{"@type":"ListItem","position":3,"name":"Fietsverhuur &#8217;t Noorder Sandt"}]},{"@type":"WebSite","@id":"https:\/\/denhelder.online\/#website","url":"https:\/\/denhelder.online\/","name":"Den Helder Online","description":"Beleef Den Helder","publisher":{"@id":"https:\/\/denhelder.online\/#organization"},"potentialAction":[{"@type":"SearchAction","target":{"@type":"EntryPoint","urlTemplate":"https:\/\/denhelder.online\/?s={search_term_string}"},"query-input":{"@type":"PropertyValueSpecification","valueRequired":true,"valueName":"search_term_string"}}],"inLanguage":"de"},{"@type":"Organization","@id":"https:\/\/denhelder.online\/#organization","name":"Den Helder Online","url":"https:\/\/denhelder.online\/","logo":{"@type":"ImageObject","inLanguage":"de","@id":"https:\/\/denhelder.online\/#\/schema\/logo\/image\/","url":"https:\/\/denhelder.online\/wp-content\/uploads\/2021\/12\/DitIsDH-Logo-26-tagline.svg","contentUrl":"https:\/\/denhelder.online\/wp-content\/uploads\/2021\/12\/DitIsDH-Logo-26-tagline.svg","width":1717.0999999999999,"height":934.89999999999998,"caption":"Den Helder Online"},"image":{"@id":"https:\/\/denhelder.online\/#\/schema\/logo\/image\/"}}]}</script>
<!-- / Yoast SEO Premium plugin. -->
