{"id":20442,"date":"2026-01-28T11:05:12","date_gmt":"2026-01-28T10:05:12","guid":{"rendered":"https:\/\/denhelder.online\/locatie\/de-kunstuitleen-den-helder-2\/"},"modified":"2026-01-28T11:05:12","modified_gmt":"2026-01-28T10:05:12","slug":"die-kunstbibliothek-den-helder-2","status":"publish","type":"locatie","link":"https:\/\/denhelder.online\/de\/locatie\/de-kunstuitleen-den-helder-2\/","title":{"rendered":"Die Kunstbibliothek Den Helder"},"content":{"rendered":"<p>Lust auf etwas Neues f\u00fcr Ihre Wand? Bei De Kunstuitleen Den Helder k\u00f6nnen Sie Kunstwerke g\u00fcnstig und flexibel f\u00fcr Ihr Zuhause, Ihre Schule oder Ihr B\u00fcro ausleihen.<\/p>\n<p><strong>Kunst ohne Verpflichtung<\/strong><\/p>\n<p>F\u00fcr 10 \u20ac im Monat k\u00f6nnen Sie sich ein Kunstwerk aus unserer umfangreichen Kollektion aussuchen. Gef\u00e4llt es Ihnen nicht mehr? Tauschen Sie es einfach aus. So finden Sie immer wieder neue Inspiration f\u00fcr Ihr Zuhause.<\/p>\n<p><strong>F\u00fcr jeden etwas Sch\u00f6nes<\/strong><\/p>\n<p>Die Sammlung ist breit gef\u00e4chert und vielf\u00e4ltig: von abstrakt bis figurativ, von farbenfroh bis zur\u00fcckhaltend. Egal, ob Sie gerade erst mit der Kunst beginnen oder schon seit Jahren ein Kunstliebhaber sind, Sie werden etwas Passendes finden.<\/p>\n<p><strong>Ebenfalls zu verkaufen<\/strong><\/p>\n<p>Sind Sie von einem Kunstwerk begeistert? Dann k\u00f6nnen Sie es kaufen. Ideal f\u00fcr alle, die Kunst entdecken m\u00f6chten, ohne gleich Geld auszugeben.<\/p>","protected":false},"excerpt":{"rendered":"<p>F\u00fcr 10 \u20ac im Monat Kunst an Ihrer Wand: W\u00e4hlen, leihen oder kaufen Sie Ihr Lieblingskunstwerk<\/p>","protected":false},"featured_media":0,"template":"","meta":{"footnotes":""},"categories":[6381],"tags":[1087,6252,6229,6238],"doelgroep":[],"class_list":["post-20442","locatie","type-locatie","status-publish","hentry","category-attracties","tag-denhelder","tag-galerie","tag-kunst-en-cultuur","tag-willemsoord","marker-toonopdenhelder"],"yoast_head":"<!-- This site is optimized with the Yoast SEO Premium plugin v24.7 (Yoast SEO v27.5) - https:\/\/yoast.com\/product\/yoast-seo-premium-wordpress\/ -->\n<title>De Kunstuitleen Den Helder - Den Helder Online<\/title>\n<meta name=\"robots\" content=\"index, follow, max-snippet:-1, max-image-preview:large, max-video-preview:-1\" \/>\n<link rel=\"canonical\" href=\"https:\/\/denhelder.online\/de\/standort\/die-kunstbibliothek-den-helder-2\/\" \/>\n<meta property=\"og:locale\" content=\"de_DE\" \/>\n<meta property=\"og:type\" content=\"article\" \/>\n<meta property=\"og:title\" content=\"De Kunstuitleen Den Helder\" \/>\n<meta property=\"og:description\" content=\"Voor \u20ac10 per maand kunst aan je muur: kies, leen of koop jouw favoriet\" \/>\n<meta property=\"og:url\" content=\"https:\/\/denhelder.online\/de\/standort\/die-kunstbibliothek-den-helder-2\/\" \/>\n<meta property=\"og:site_name\" content=\"Den Helder Online\" \/>\n<meta name=\"twitter:card\" content=\"summary_large_image\" \/>\n<meta name=\"twitter:label1\" content=\"Gesch\u00e4tzte Lesezeit\" \/>\n\t<meta name=\"twitter:data1\" content=\"1\u00a0Minute\" \/>\n<script type=\"application\/ld+json\" class=\"yoast-schema-graph\">{\"@context\":\"https:\\\/\\\/schema.org\",\"@graph\":[{\"@type\":\"WebPage\",\"@id\":\"https:\\\/\\\/denhelder.online\\\/locatie\\\/de-kunstuitleen-den-helder-2\\\/\",\"url\":\"https:\\\/\\\/denhelder.online\\\/locatie\\\/de-kunstuitleen-den-helder-2\\\/\",\"name\":\"De Kunstuitleen Den Helder - Den Helder Online\",\"isPartOf\":{\"@id\":\"https:\\\/\\\/denhelder.online\\\/#website\"},\"datePublished\":\"2026-01-28T10:05:12+00:00\",\"breadcrumb\":{\"@id\":\"https:\\\/\\\/denhelder.online\\\/locatie\\\/de-kunstuitleen-den-helder-2\\\/#breadcrumb\"},\"inLanguage\":\"de\",\"potentialAction\":[{\"@type\":\"ReadAction\",\"target\":[\"https:\\\/\\\/denhelder.online\\\/locatie\\\/de-kunstuitleen-den-helder-2\\\/\"]}]},{\"@type\":\"BreadcrumbList\",\"@id\":\"https:\\\/\\\/denhelder.online\\\/locatie\\\/de-kunstuitleen-den-helder-2\\\/#breadcrumb\",\"itemListElement\":[{\"@type\":\"ListItem\",\"position\":1,\"name\":\"Home\",\"item\":\"https:\\\/\\\/denhelder.online\\\/\"},{\"@type\":\"ListItem\",\"position\":2,\"name\":\"Locaties\",\"item\":\"https:\\\/\\\/denhelder.online\\\/de\\\/standort\\\/\"},{\"@type\":\"ListItem\",\"position\":3,\"name\":\"De Kunstuitleen Den Helder\"}]},{\"@type\":\"WebSite\",\"@id\":\"https:\\\/\\\/denhelder.online\\\/#website\",\"url\":\"https:\\\/\\\/denhelder.online\\\/\",\"name\":\"Den Helder Online\",\"description\":\"Beleef Den Helder\",\"publisher\":{\"@id\":\"https:\\\/\\\/denhelder.online\\\/#organization\"},\"potentialAction\":[{\"@type\":\"SearchAction\",\"target\":{\"@type\":\"EntryPoint\",\"urlTemplate\":\"https:\\\/\\\/denhelder.online\\\/?s={search_term_string}\"},\"query-input\":{\"@type\":\"PropertyValueSpecification\",\"valueRequired\":true,\"valueName\":\"search_term_string\"}}],\"inLanguage\":\"de\"},{\"@type\":\"Organization\",\"@id\":\"https:\\\/\\\/denhelder.online\\\/#organization\",\"name\":\"Den Helder Online\",\"url\":\"https:\\\/\\\/denhelder.online\\\/\",\"logo\":{\"@type\":\"ImageObject\",\"inLanguage\":\"de\",\"@id\":\"https:\\\/\\\/denhelder.online\\\/#\\\/schema\\\/logo\\\/image\\\/\",\"url\":\"https:\\\/\\\/denhelder.online\\\/wp-content\\\/uploads\\\/2021\\\/12\\\/DitIsDH-Logo-26-tagline.svg\",\"contentUrl\":\"https:\\\/\\\/denhelder.online\\\/wp-content\\\/uploads\\\/2021\\\/12\\\/DitIsDH-Logo-26-tagline.svg\",\"width\":1717.0999999999999,\"height\":934.89999999999998,\"caption\":\"Den Helder Online\"},\"image\":{\"@id\":\"https:\\\/\\\/denhelder.online\\\/#\\\/schema\\\/logo\\\/image\\\/\"}}]}<\/script>\n<!-- \/ Yoast SEO Premium plugin. -->","yoast_head_json":{"title":"Die Kunstbibliothek Den Helder - Den Helder Online","robots":{"index":"index","follow":"follow","max-snippet":"max-snippet:-1","max-image-preview":"max-image-preview:large","max-video-preview":"max-video-preview:-1"},"canonical":"https:\/\/denhelder.online\/de\/standort\/die-kunstbibliothek-den-helder-2\/","og_locale":"de_DE","og_type":"article","og_title":"De Kunstuitleen Den Helder","og_description":"Voor \u20ac10 per maand kunst aan je muur: kies, leen of koop jouw favoriet","og_url":"https:\/\/denhelder.online\/de\/standort\/die-kunstbibliothek-den-helder-2\/","og_site_name":"Den Helder Online","twitter_card":"summary_large_image","twitter_misc":{"Gesch\u00e4tzte Lesezeit":"1\u00a0Minute"},"schema":{"@context":"https:\/\/schema.org","@graph":[{"@type":"WebPage","@id":"https:\/\/denhelder.online\/locatie\/de-kunstuitleen-den-helder-2\/","url":"https:\/\/denhelder.online\/locatie\/de-kunstuitleen-den-helder-2\/","name":"Die Kunstbibliothek Den Helder - Den Helder Online","isPartOf":{"@id":"https:\/\/denhelder.online\/#website"},"datePublished":"2026-01-28T10:05:12+00:00","breadcrumb":{"@id":"https:\/\/denhelder.online\/locatie\/de-kunstuitleen-den-helder-2\/#breadcrumb"},"inLanguage":"de","potentialAction":[{"@type":"ReadAction","target":["https:\/\/denhelder.online\/locatie\/de-kunstuitleen-den-helder-2\/"]}]},{"@type":"BreadcrumbList","@id":"https:\/\/denhelder.online\/locatie\/de-kunstuitleen-den-helder-2\/#breadcrumb","itemListElement":[{"@type":"ListItem","position":1,"name":"Home","item":"https:\/\/denhelder.online\/"},{"@type":"ListItem","position":2,"name":"Locaties","item":"https:\/\/denhelder.online\/de\/standort\/"},{"@type":"ListItem","position":3,"name":"De Kunstuitleen Den Helder"}]},{"@type":"WebSite","@id":"https:\/\/denhelder.online\/#website","url":"https:\/\/denhelder.online\/","name":"Den Helder Online","description":"Erleben Sie Den Helder","publisher":{"@id":"https:\/\/denhelder.online\/#organization"},"potentialAction":[{"@type":"SearchAction","target":{"@type":"EntryPoint","urlTemplate":"https:\/\/denhelder.online\/?s={search_term_string}"},"query-input":{"@type":"PropertyValueSpecification","valueRequired":true,"valueName":"search_term_string"}}],"inLanguage":"de"},{"@type":"Organization","@id":"https:\/\/denhelder.online\/#organization","name":"Den Helder Online","url":"https:\/\/denhelder.online\/","logo":{"@type":"ImageObject","inLanguage":"de","@id":"https:\/\/denhelder.online\/#\/schema\/logo\/image\/","url":"https:\/\/denhelder.online\/wp-content\/uploads\/2021\/12\/DitIsDH-Logo-26-tagline.svg","contentUrl":"https:\/\/denhelder.online\/wp-content\/uploads\/2021\/12\/DitIsDH-Logo-26-tagline.svg","width":1717.0999999999999,"height":934.89999999999998,"caption":"Den Helder Online"},"image":{"@id":"https:\/\/denhelder.online\/#\/schema\/logo\/image\/"}}]}},"_links":{"self":[{"href":"https:\/\/denhelder.online\/de\/wp-json\/wp\/v2\/locations\/20442","targetHints":{"allow":["GET"]}}],"collection":[{"href":"https:\/\/denhelder.online\/de\/wp-json\/wp\/v2\/locations"}],"about":[{"href":"https:\/\/denhelder.online\/de\/wp-json\/wp\/v2\/types\/locatie"}],"version-history":[{"count":0,"href":"https:\/\/denhelder.online\/de\/wp-json\/wp\/v2\/locations\/20442\/revisions"}],"wp:attachment":[{"href":"https:\/\/denhelder.online\/de\/wp-json\/wp\/v2\/media?parent=20442"}],"wp:term":[{"taxonomy":"category","embeddable":true,"href":"https:\/\/denhelder.online\/de\/wp-json\/wp\/v2\/categories?post=20442"},{"taxonomy":"post_tag","embeddable":true,"href":"https:\/\/denhelder.online\/de\/wp-json\/wp\/v2\/tags?post=20442"},{"taxonomy":"doelgroep","embeddable":true,"href":"https:\/\/denhelder.online\/de\/wp-json\/wp\/v2\/doelgroep?post=20442"}],"curies":[{"name":"wp","href":"https:\/\/api.w.org\/{rel}","templated":true}]}}

<p>Lust auf etwas Neues für Ihre Wand? Bei De Kunstuitleen Den Helder können Sie Kunstwerke günstig und flexibel für Ihr Zuhause, Ihre Schule oder Ihr Büro ausleihen.</p>
<p><strong>Kunst ohne Verpflichtung</strong></p>
<p>Für 10 € im Monat können Sie sich ein Kunstwerk aus unserer umfangreichen Kollektion aussuchen. Gefällt es Ihnen nicht mehr? Tauschen Sie es einfach aus. So finden Sie immer wieder neue Inspiration für Ihr Zuhause.</p>
<p><strong>Für jeden etwas Schönes</strong></p>
<p>Die Sammlung ist breit gefächert und vielfältig: von abstrakt bis figurativ, von farbenfroh bis zurückhaltend. Egal, ob Sie gerade erst mit der Kunst beginnen oder schon seit Jahren ein Kunstliebhaber sind, Sie werden etwas Passendes finden.</p>
<p><strong>Ebenfalls zu verkaufen</strong></p>
<p>Sind Sie von einem Kunstwerk begeistert? Dann können Sie es kaufen. Ideal für alle, die Kunst entdecken möchten, ohne gleich Geld auszugeben.</p>

<p>Für 10 € im Monat Kunst an Ihrer Wand: Wählen, leihen oder kaufen Sie Ihr Lieblingskunstwerk</p>

<!-- This site is optimized with the Yoast SEO Premium plugin v24.7 (Yoast SEO v27.5) - https://yoast.com/product/yoast-seo-premium-wordpress/ -->
<title>De Kunstuitleen Den Helder - Den Helder Online</title>
<meta name="robots" content="index, follow, max-snippet:-1, max-image-preview:large, max-video-preview:-1" />
<link rel="canonical" href="https://denhelder.online/de/standort/die-kunstbibliothek-den-helder-2/" />
<meta property="og:locale" content="de_DE" />
<meta property="og:type" content="article" />
<meta property="og:title" content="De Kunstuitleen Den Helder" />
<meta property="og:description" content="Voor €10 per maand kunst aan je muur: kies, leen of koop jouw favoriet" />
<meta property="og:url" content="https://denhelder.online/de/standort/die-kunstbibliothek-den-helder-2/" />
<meta property="og:site_name" content="Den Helder Online" />
<meta name="twitter:card" content="summary_large_image" />
<meta name="twitter:label1" content="Geschätzte Lesezeit" />
	<meta name="twitter:data1" content="1 Minute" />
<script type="application/ld+json" class="yoast-schema-graph">{"@context":"https:\/\/schema.org","@graph":[{"@type":"WebPage","@id":"https:\/\/denhelder.online\/locatie\/de-kunstuitleen-den-helder-2\/","url":"https:\/\/denhelder.online\/locatie\/de-kunstuitleen-den-helder-2\/","name":"De Kunstuitleen Den Helder - Den Helder Online","isPartOf":{"@id":"https:\/\/denhelder.online\/#website"},"datePublished":"2026-01-28T10:05:12+00:00","breadcrumb":{"@id":"https:\/\/denhelder.online\/locatie\/de-kunstuitleen-den-helder-2\/#breadcrumb"},"inLanguage":"de","potentialAction":[{"@type":"ReadAction","target":["https:\/\/denhelder.online\/locatie\/de-kunstuitleen-den-helder-2\/"]}]},{"@type":"BreadcrumbList","@id":"https:\/\/denhelder.online\/locatie\/de-kunstuitleen-den-helder-2\/#breadcrumb","itemListElement":[{"@type":"ListItem","position":1,"name":"Home","item":"https:\/\/denhelder.online\/"},{"@type":"ListItem","position":2,"name":"Locaties","item":"https:\/\/denhelder.online\/de\/standort\/"},{"@type":"ListItem","position":3,"name":"De Kunstuitleen Den Helder"}]},{"@type":"WebSite","@id":"https:\/\/denhelder.online\/#website","url":"https:\/\/denhelder.online\/","name":"Den Helder Online","description":"Beleef Den Helder","publisher":{"@id":"https:\/\/denhelder.online\/#organization"},"potentialAction":[{"@type":"SearchAction","target":{"@type":"EntryPoint","urlTemplate":"https:\/\/denhelder.online\/?s={search_term_string}"},"query-input":{"@type":"PropertyValueSpecification","valueRequired":true,"valueName":"search_term_string"}}],"inLanguage":"de"},{"@type":"Organization","@id":"https:\/\/denhelder.online\/#organization","name":"Den Helder Online","url":"https:\/\/denhelder.online\/","logo":{"@type":"ImageObject","inLanguage":"de","@id":"https:\/\/denhelder.online\/#\/schema\/logo\/image\/","url":"https:\/\/denhelder.online\/wp-content\/uploads\/2021\/12\/DitIsDH-Logo-26-tagline.svg","contentUrl":"https:\/\/denhelder.online\/wp-content\/uploads\/2021\/12\/DitIsDH-Logo-26-tagline.svg","width":1717.0999999999999,"height":934.89999999999998,"caption":"Den Helder Online"},"image":{"@id":"https:\/\/denhelder.online\/#\/schema\/logo\/image\/"}}]}</script>
<!-- / Yoast SEO Premium plugin. -->
