{"id":20459,"date":"2026-01-28T11:05:24","date_gmt":"2026-01-28T10:05:24","guid":{"rendered":"https:\/\/denhelder.online\/locatie\/stal-van-haaster-en-de-jong\/"},"modified":"2026-01-28T11:05:24","modified_gmt":"2026-01-28T10:05:24","slug":"stall-von-rusher-und-dem-jungen","status":"publish","type":"locatie","link":"https:\/\/denhelder.online\/de\/locatie\/stal-van-haaster-en-de-jong\/","title":{"rendered":"Haaster und de Jongs Stall"},"content":{"rendered":"<p>Lust auf einen entspannten Ausritt am Strand? Oder vielleicht Reitstunden auf einem gut erzogenen Freizeitpferd? Dann sind Sie im Stal van Haaster en de Jong genau richtig. Dieser private Reitstall legt Wert auf Spa\u00df und unkompliziertes Reiten, nicht auf Sportpferde.<\/p>\n<p><strong>Ruhige Pferde, ehrlicher Umgang<\/strong><\/p>\n<p>Die Pferde sind zuverl\u00e4ssig, werden zum Freizeitreiten eingesetzt und eignen sich f\u00fcr Reitstunden und Ausritte am Strand. Sie sind nicht f\u00fcr den Leistungssport geeignet, sondern einfach f\u00fcr genussvolles Reiten im Freien. Alle Pferde haben ein ruhiges Temperament und werden ehrlich angeboten.<\/p>\n<p><strong>Pferdeverk\u00e4ufe im unteren Preissegment<\/strong><\/p>\n<p>Der Stall bietet regelm\u00e4\u00dfig gut gerittene Pferde und Ponys zum Verkauf an. Sie sind gesund, haben ein angenehmes Wesen und sind stets offen f\u00fcr Fragen und Anliegen. Gerne bespricht der Stall alle Ihre Fragen mit Ihnen.<\/p>\n<p><strong>Immer nur nach Vereinbarung<\/strong><\/p>\n<p>H\u00e4tten Sie Lust auf einen Ausritt? Bitte vereinbaren Sie einen Termin. So haben Sie gen\u00fcgend Zeit, das Pferd und seine Umgebung kennenzulernen.<\/p>\n<h3><\/h3>","protected":false},"excerpt":{"rendered":"<p>Strandritte, Reitstunden und Freizeitpferde in diesem kleinen Stall in Den Helder<\/p>","protected":false},"featured_media":0,"template":"","meta":{"footnotes":""},"categories":[6415],"tags":[1087,6335,1104],"doelgroep":[],"class_list":["post-20459","locatie","type-locatie","status-publish","hentry","category-groepsarrangementen-en-activiteiten","tag-denhelder","tag-manage","tag-visitkop","marker-toonopdenhelder","marker-toonopvisitkopvanholland"],"yoast_head":"<!-- This site is optimized with the Yoast SEO Premium plugin v24.7 (Yoast SEO v27.5) - https:\/\/yoast.com\/product\/yoast-seo-premium-wordpress\/ -->\n<title>Stal van Haaster en de Jong - Den Helder Online<\/title>\n<meta name=\"robots\" content=\"index, follow, max-snippet:-1, max-image-preview:large, max-video-preview:-1\" \/>\n<link rel=\"canonical\" href=\"https:\/\/denhelder.online\/de\/standort\/stall-von-rusher-und-dem-jungen\/\" \/>\n<meta property=\"og:locale\" content=\"de_DE\" \/>\n<meta property=\"og:type\" content=\"article\" \/>\n<meta property=\"og:title\" content=\"Stal van Haaster en de Jong\" \/>\n<meta property=\"og:description\" content=\"Strandritten, lessen en recreatiepaarden bij deze kleinschalige stal in Den Helder\" \/>\n<meta property=\"og:url\" content=\"https:\/\/denhelder.online\/de\/standort\/stall-von-rusher-und-dem-jungen\/\" \/>\n<meta property=\"og:site_name\" content=\"Den Helder Online\" \/>\n<meta name=\"twitter:card\" content=\"summary_large_image\" \/>\n<meta name=\"twitter:label1\" content=\"Gesch\u00e4tzte Lesezeit\" \/>\n\t<meta name=\"twitter:data1\" content=\"1\u00a0Minute\" \/>\n<script type=\"application\/ld+json\" class=\"yoast-schema-graph\">{\"@context\":\"https:\\\/\\\/schema.org\",\"@graph\":[{\"@type\":\"WebPage\",\"@id\":\"https:\\\/\\\/denhelder.online\\\/locatie\\\/stal-van-haaster-en-de-jong\\\/\",\"url\":\"https:\\\/\\\/denhelder.online\\\/locatie\\\/stal-van-haaster-en-de-jong\\\/\",\"name\":\"Stal van Haaster en de Jong - Den Helder Online\",\"isPartOf\":{\"@id\":\"https:\\\/\\\/denhelder.online\\\/#website\"},\"datePublished\":\"2026-01-28T10:05:24+00:00\",\"breadcrumb\":{\"@id\":\"https:\\\/\\\/denhelder.online\\\/locatie\\\/stal-van-haaster-en-de-jong\\\/#breadcrumb\"},\"inLanguage\":\"de\",\"potentialAction\":[{\"@type\":\"ReadAction\",\"target\":[\"https:\\\/\\\/denhelder.online\\\/locatie\\\/stal-van-haaster-en-de-jong\\\/\"]}]},{\"@type\":\"BreadcrumbList\",\"@id\":\"https:\\\/\\\/denhelder.online\\\/locatie\\\/stal-van-haaster-en-de-jong\\\/#breadcrumb\",\"itemListElement\":[{\"@type\":\"ListItem\",\"position\":1,\"name\":\"Home\",\"item\":\"https:\\\/\\\/denhelder.online\\\/\"},{\"@type\":\"ListItem\",\"position\":2,\"name\":\"Locaties\",\"item\":\"https:\\\/\\\/denhelder.online\\\/de\\\/standort\\\/\"},{\"@type\":\"ListItem\",\"position\":3,\"name\":\"Stal van Haaster en de Jong\"}]},{\"@type\":\"WebSite\",\"@id\":\"https:\\\/\\\/denhelder.online\\\/#website\",\"url\":\"https:\\\/\\\/denhelder.online\\\/\",\"name\":\"Den Helder Online\",\"description\":\"Beleef Den Helder\",\"publisher\":{\"@id\":\"https:\\\/\\\/denhelder.online\\\/#organization\"},\"potentialAction\":[{\"@type\":\"SearchAction\",\"target\":{\"@type\":\"EntryPoint\",\"urlTemplate\":\"https:\\\/\\\/denhelder.online\\\/?s={search_term_string}\"},\"query-input\":{\"@type\":\"PropertyValueSpecification\",\"valueRequired\":true,\"valueName\":\"search_term_string\"}}],\"inLanguage\":\"de\"},{\"@type\":\"Organization\",\"@id\":\"https:\\\/\\\/denhelder.online\\\/#organization\",\"name\":\"Den Helder Online\",\"url\":\"https:\\\/\\\/denhelder.online\\\/\",\"logo\":{\"@type\":\"ImageObject\",\"inLanguage\":\"de\",\"@id\":\"https:\\\/\\\/denhelder.online\\\/#\\\/schema\\\/logo\\\/image\\\/\",\"url\":\"https:\\\/\\\/denhelder.online\\\/wp-content\\\/uploads\\\/2021\\\/12\\\/DitIsDH-Logo-26-tagline.svg\",\"contentUrl\":\"https:\\\/\\\/denhelder.online\\\/wp-content\\\/uploads\\\/2021\\\/12\\\/DitIsDH-Logo-26-tagline.svg\",\"width\":1717.0999999999999,\"height\":934.89999999999998,\"caption\":\"Den Helder Online\"},\"image\":{\"@id\":\"https:\\\/\\\/denhelder.online\\\/#\\\/schema\\\/logo\\\/image\\\/\"}}]}<\/script>\n<!-- \/ Yoast SEO Premium plugin. -->","yoast_head_json":{"title":"Haaster und de Jong Stables - Den Helder Online","robots":{"index":"index","follow":"follow","max-snippet":"max-snippet:-1","max-image-preview":"max-image-preview:large","max-video-preview":"max-video-preview:-1"},"canonical":"https:\/\/denhelder.online\/de\/standort\/stall-von-rusher-und-dem-jungen\/","og_locale":"de_DE","og_type":"article","og_title":"Stal van Haaster en de Jong","og_description":"Strandritten, lessen en recreatiepaarden bij deze kleinschalige stal in Den Helder","og_url":"https:\/\/denhelder.online\/de\/standort\/stall-von-rusher-und-dem-jungen\/","og_site_name":"Den Helder Online","twitter_card":"summary_large_image","twitter_misc":{"Gesch\u00e4tzte Lesezeit":"1\u00a0Minute"},"schema":{"@context":"https:\/\/schema.org","@graph":[{"@type":"WebPage","@id":"https:\/\/denhelder.online\/locatie\/stal-van-haaster-en-de-jong\/","url":"https:\/\/denhelder.online\/locatie\/stal-van-haaster-en-de-jong\/","name":"Haaster und de Jong Stables - Den Helder Online","isPartOf":{"@id":"https:\/\/denhelder.online\/#website"},"datePublished":"2026-01-28T10:05:24+00:00","breadcrumb":{"@id":"https:\/\/denhelder.online\/locatie\/stal-van-haaster-en-de-jong\/#breadcrumb"},"inLanguage":"de","potentialAction":[{"@type":"ReadAction","target":["https:\/\/denhelder.online\/locatie\/stal-van-haaster-en-de-jong\/"]}]},{"@type":"BreadcrumbList","@id":"https:\/\/denhelder.online\/locatie\/stal-van-haaster-en-de-jong\/#breadcrumb","itemListElement":[{"@type":"ListItem","position":1,"name":"Home","item":"https:\/\/denhelder.online\/"},{"@type":"ListItem","position":2,"name":"Locaties","item":"https:\/\/denhelder.online\/de\/standort\/"},{"@type":"ListItem","position":3,"name":"Stal van Haaster en de Jong"}]},{"@type":"WebSite","@id":"https:\/\/denhelder.online\/#website","url":"https:\/\/denhelder.online\/","name":"Den Helder Online","description":"Erleben Sie Den Helder","publisher":{"@id":"https:\/\/denhelder.online\/#organization"},"potentialAction":[{"@type":"SearchAction","target":{"@type":"EntryPoint","urlTemplate":"https:\/\/denhelder.online\/?s={search_term_string}"},"query-input":{"@type":"PropertyValueSpecification","valueRequired":true,"valueName":"search_term_string"}}],"inLanguage":"de"},{"@type":"Organization","@id":"https:\/\/denhelder.online\/#organization","name":"Den Helder Online","url":"https:\/\/denhelder.online\/","logo":{"@type":"ImageObject","inLanguage":"de","@id":"https:\/\/denhelder.online\/#\/schema\/logo\/image\/","url":"https:\/\/denhelder.online\/wp-content\/uploads\/2021\/12\/DitIsDH-Logo-26-tagline.svg","contentUrl":"https:\/\/denhelder.online\/wp-content\/uploads\/2021\/12\/DitIsDH-Logo-26-tagline.svg","width":1717.0999999999999,"height":934.89999999999998,"caption":"Den Helder Online"},"image":{"@id":"https:\/\/denhelder.online\/#\/schema\/logo\/image\/"}}]}},"_links":{"self":[{"href":"https:\/\/denhelder.online\/de\/wp-json\/wp\/v2\/locations\/20459","targetHints":{"allow":["GET"]}}],"collection":[{"href":"https:\/\/denhelder.online\/de\/wp-json\/wp\/v2\/locations"}],"about":[{"href":"https:\/\/denhelder.online\/de\/wp-json\/wp\/v2\/types\/locatie"}],"version-history":[{"count":0,"href":"https:\/\/denhelder.online\/de\/wp-json\/wp\/v2\/locations\/20459\/revisions"}],"wp:attachment":[{"href":"https:\/\/denhelder.online\/de\/wp-json\/wp\/v2\/media?parent=20459"}],"wp:term":[{"taxonomy":"category","embeddable":true,"href":"https:\/\/denhelder.online\/de\/wp-json\/wp\/v2\/categories?post=20459"},{"taxonomy":"post_tag","embeddable":true,"href":"https:\/\/denhelder.online\/de\/wp-json\/wp\/v2\/tags?post=20459"},{"taxonomy":"doelgroep","embeddable":true,"href":"https:\/\/denhelder.online\/de\/wp-json\/wp\/v2\/doelgroep?post=20459"}],"curies":[{"name":"wp","href":"https:\/\/api.w.org\/{rel}","templated":true}]}}

<p>Lust auf einen entspannten Ausritt am Strand? Oder vielleicht Reitstunden auf einem gut erzogenen Freizeitpferd? Dann sind Sie im Stal van Haaster en de Jong genau richtig. Dieser private Reitstall legt Wert auf Spaß und unkompliziertes Reiten, nicht auf Sportpferde.</p>
<p><strong>Ruhige Pferde, ehrlicher Umgang</strong></p>
<p>Die Pferde sind zuverlässig, werden zum Freizeitreiten eingesetzt und eignen sich für Reitstunden und Ausritte am Strand. Sie sind nicht für den Leistungssport geeignet, sondern einfach für genussvolles Reiten im Freien. Alle Pferde haben ein ruhiges Temperament und werden ehrlich angeboten.</p>
<p><strong>Pferdeverkäufe im unteren Preissegment</strong></p>
<p>Der Stall bietet regelmäßig gut gerittene Pferde und Ponys zum Verkauf an. Sie sind gesund, haben ein angenehmes Wesen und sind stets offen für Fragen und Anliegen. Gerne bespricht der Stall alle Ihre Fragen mit Ihnen.</p>
<p><strong>Immer nur nach Vereinbarung</strong></p>
<p>Hätten Sie Lust auf einen Ausritt? Bitte vereinbaren Sie einen Termin. So haben Sie genügend Zeit, das Pferd und seine Umgebung kennenzulernen.</p>
<h3></h3>

<!-- This site is optimized with the Yoast SEO Premium plugin v24.7 (Yoast SEO v27.5) - https://yoast.com/product/yoast-seo-premium-wordpress/ -->
<title>Stal van Haaster en de Jong - Den Helder Online</title>
<meta name="robots" content="index, follow, max-snippet:-1, max-image-preview:large, max-video-preview:-1" />
<link rel="canonical" href="https://denhelder.online/de/standort/stall-von-rusher-und-dem-jungen/" />
<meta property="og:locale" content="de_DE" />
<meta property="og:type" content="article" />
<meta property="og:title" content="Stal van Haaster en de Jong" />
<meta property="og:description" content="Strandritten, lessen en recreatiepaarden bij deze kleinschalige stal in Den Helder" />
<meta property="og:url" content="https://denhelder.online/de/standort/stall-von-rusher-und-dem-jungen/" />
<meta property="og:site_name" content="Den Helder Online" />
<meta name="twitter:card" content="summary_large_image" />
<meta name="twitter:label1" content="Geschätzte Lesezeit" />
	<meta name="twitter:data1" content="1 Minute" />
<script type="application/ld+json" class="yoast-schema-graph">{"@context":"https:\/\/schema.org","@graph":[{"@type":"WebPage","@id":"https:\/\/denhelder.online\/locatie\/stal-van-haaster-en-de-jong\/","url":"https:\/\/denhelder.online\/locatie\/stal-van-haaster-en-de-jong\/","name":"Stal van Haaster en de Jong - Den Helder Online","isPartOf":{"@id":"https:\/\/denhelder.online\/#website"},"datePublished":"2026-01-28T10:05:24+00:00","breadcrumb":{"@id":"https:\/\/denhelder.online\/locatie\/stal-van-haaster-en-de-jong\/#breadcrumb"},"inLanguage":"de","potentialAction":[{"@type":"ReadAction","target":["https:\/\/denhelder.online\/locatie\/stal-van-haaster-en-de-jong\/"]}]},{"@type":"BreadcrumbList","@id":"https:\/\/denhelder.online\/locatie\/stal-van-haaster-en-de-jong\/#breadcrumb","itemListElement":[{"@type":"ListItem","position":1,"name":"Home","item":"https:\/\/denhelder.online\/"},{"@type":"ListItem","position":2,"name":"Locaties","item":"https:\/\/denhelder.online\/de\/standort\/"},{"@type":"ListItem","position":3,"name":"Stal van Haaster en de Jong"}]},{"@type":"WebSite","@id":"https:\/\/denhelder.online\/#website","url":"https:\/\/denhelder.online\/","name":"Den Helder Online","description":"Beleef Den Helder","publisher":{"@id":"https:\/\/denhelder.online\/#organization"},"potentialAction":[{"@type":"SearchAction","target":{"@type":"EntryPoint","urlTemplate":"https:\/\/denhelder.online\/?s={search_term_string}"},"query-input":{"@type":"PropertyValueSpecification","valueRequired":true,"valueName":"search_term_string"}}],"inLanguage":"de"},{"@type":"Organization","@id":"https:\/\/denhelder.online\/#organization","name":"Den Helder Online","url":"https:\/\/denhelder.online\/","logo":{"@type":"ImageObject","inLanguage":"de","@id":"https:\/\/denhelder.online\/#\/schema\/logo\/image\/","url":"https:\/\/denhelder.online\/wp-content\/uploads\/2021\/12\/DitIsDH-Logo-26-tagline.svg","contentUrl":"https:\/\/denhelder.online\/wp-content\/uploads\/2021\/12\/DitIsDH-Logo-26-tagline.svg","width":1717.0999999999999,"height":934.89999999999998,"caption":"Den Helder Online"},"image":{"@id":"https:\/\/denhelder.online\/#\/schema\/logo\/image\/"}}]}</script>
<!-- / Yoast SEO Premium plugin. -->
