{"id":20468,"date":"2026-01-28T11:05:30","date_gmt":"2026-01-28T10:05:30","guid":{"rendered":"https:\/\/denhelder.online\/locatie\/bed-breakfast-noordwest8-2\/"},"modified":"2026-01-28T11:05:30","modified_gmt":"2026-01-28T10:05:30","slug":"bed-breakfast-nordwest-8-2","status":"publish","type":"locatie","link":"https:\/\/denhelder.online\/de\/locatie\/bed-breakfast-noordwest8-2\/","title":{"rendered":"Bed &amp; Breakfast NoordWest8"},"content":{"rendered":"<p>Wohnen Sie inmitten der Natur, nur einen Katzensprung vom Strand entfernt. NoordWest8 liegt in einem ruhigen Viertel in Den Helder und ist der ideale Ausgangspunkt f\u00fcr Naturliebhaber und Kulturinteressierte.<\/p>\n<p><strong>Strand, D\u00fcnen und Blumenzwiebelfelder gleich um die Ecke<\/strong><\/p>\n<p>Spazieren Sie zum Meer, radeln Sie durch die D\u00fcnen oder bewundern Sie im Fr\u00fchling die Tulpen. Lust auf einen Tagesausflug nach Texel? Die F\u00e4hre ist ganz in der N\u00e4he. Auch Fort Kijkduin, das Marinemuseum und das Atlantic Wall Centre sind bequem zu erreichen.<\/p>\n<p><strong>Komfortable Unterkunft mit eigener Terrasse<\/strong><\/p>\n<p>Sie wohnen in einem ger\u00e4umigen Zimmer mit einem kompakten, privaten Badezimmer. Bei sch\u00f6nem Wetter k\u00f6nnen Sie auf Ihrer privaten Terrasse sitzen \u2013 herrlich nach einem aktiven Tag im Freien.<\/p>\n<p><strong>Schlaf ruhig, alles in unmittelbarer N\u00e4he<\/strong><\/p>\n<p>Genie\u00dfen Sie die Ruhe der Gegend. Restaurants, das Stadtzentrum und der Hafen sind bequem zu Fu\u00df oder mit dem Fahrrad erreichbar. Ein wunderbarer Ort, um ein paar Tage an der K\u00fcste zu entspannen.<\/p>","protected":false},"excerpt":{"rendered":"<p>Ger\u00e4umiges Zimmer in einem Naturschutzgebiet, in der N\u00e4he von Strand, D\u00fcnen und Stadt<\/p>","protected":false},"featured_media":0,"template":"","meta":{"footnotes":""},"categories":[6426],"tags":[6250,1087,6282],"doelgroep":[],"class_list":["post-20468","locatie","type-locatie","status-publish","hentry","category-logies","tag-bed-and-breakfast","tag-denhelder","tag-natuurgebied","marker-toonopdenhelder","marker-toonopvisitkopvanholland"],"yoast_head":"<!-- This site is optimized with the Yoast SEO Premium plugin v24.7 (Yoast SEO v27.5) - https:\/\/yoast.com\/product\/yoast-seo-premium-wordpress\/ -->\n<title>Bed &amp; Breakfast NoordWest8 - Den Helder Online<\/title>\n<meta name=\"robots\" content=\"index, follow, max-snippet:-1, max-image-preview:large, max-video-preview:-1\" \/>\n<link rel=\"canonical\" href=\"https:\/\/denhelder.online\/de\/standort\/bed-breakfast-nordwest-8-2\/\" \/>\n<meta property=\"og:locale\" content=\"de_DE\" \/>\n<meta property=\"og:type\" content=\"article\" \/>\n<meta property=\"og:title\" content=\"Bed &amp; Breakfast NoordWest8\" \/>\n<meta property=\"og:description\" content=\"Ruime kamer aan natuurgebied, vlak bij strand, duin en stad\" \/>\n<meta property=\"og:url\" content=\"https:\/\/denhelder.online\/de\/standort\/bed-breakfast-nordwest-8-2\/\" \/>\n<meta property=\"og:site_name\" content=\"Den Helder Online\" \/>\n<meta name=\"twitter:card\" content=\"summary_large_image\" \/>\n<meta name=\"twitter:label1\" content=\"Gesch\u00e4tzte Lesezeit\" \/>\n\t<meta name=\"twitter:data1\" content=\"1\u00a0Minute\" \/>\n<script type=\"application\/ld+json\" class=\"yoast-schema-graph\">{\"@context\":\"https:\\\/\\\/schema.org\",\"@graph\":[{\"@type\":\"WebPage\",\"@id\":\"https:\\\/\\\/denhelder.online\\\/locatie\\\/bed-breakfast-noordwest8-2\\\/\",\"url\":\"https:\\\/\\\/denhelder.online\\\/locatie\\\/bed-breakfast-noordwest8-2\\\/\",\"name\":\"Bed & Breakfast NoordWest8 - Den Helder Online\",\"isPartOf\":{\"@id\":\"https:\\\/\\\/denhelder.online\\\/#website\"},\"datePublished\":\"2026-01-28T10:05:30+00:00\",\"breadcrumb\":{\"@id\":\"https:\\\/\\\/denhelder.online\\\/locatie\\\/bed-breakfast-noordwest8-2\\\/#breadcrumb\"},\"inLanguage\":\"de\",\"potentialAction\":[{\"@type\":\"ReadAction\",\"target\":[\"https:\\\/\\\/denhelder.online\\\/locatie\\\/bed-breakfast-noordwest8-2\\\/\"]}]},{\"@type\":\"BreadcrumbList\",\"@id\":\"https:\\\/\\\/denhelder.online\\\/locatie\\\/bed-breakfast-noordwest8-2\\\/#breadcrumb\",\"itemListElement\":[{\"@type\":\"ListItem\",\"position\":1,\"name\":\"Home\",\"item\":\"https:\\\/\\\/denhelder.online\\\/\"},{\"@type\":\"ListItem\",\"position\":2,\"name\":\"Locaties\",\"item\":\"https:\\\/\\\/denhelder.online\\\/de\\\/standort\\\/\"},{\"@type\":\"ListItem\",\"position\":3,\"name\":\"Bed &#038; Breakfast NoordWest8\"}]},{\"@type\":\"WebSite\",\"@id\":\"https:\\\/\\\/denhelder.online\\\/#website\",\"url\":\"https:\\\/\\\/denhelder.online\\\/\",\"name\":\"Den Helder Online\",\"description\":\"Beleef Den Helder\",\"publisher\":{\"@id\":\"https:\\\/\\\/denhelder.online\\\/#organization\"},\"potentialAction\":[{\"@type\":\"SearchAction\",\"target\":{\"@type\":\"EntryPoint\",\"urlTemplate\":\"https:\\\/\\\/denhelder.online\\\/?s={search_term_string}\"},\"query-input\":{\"@type\":\"PropertyValueSpecification\",\"valueRequired\":true,\"valueName\":\"search_term_string\"}}],\"inLanguage\":\"de\"},{\"@type\":\"Organization\",\"@id\":\"https:\\\/\\\/denhelder.online\\\/#organization\",\"name\":\"Den Helder Online\",\"url\":\"https:\\\/\\\/denhelder.online\\\/\",\"logo\":{\"@type\":\"ImageObject\",\"inLanguage\":\"de\",\"@id\":\"https:\\\/\\\/denhelder.online\\\/#\\\/schema\\\/logo\\\/image\\\/\",\"url\":\"https:\\\/\\\/denhelder.online\\\/wp-content\\\/uploads\\\/2021\\\/12\\\/DitIsDH-Logo-26-tagline.svg\",\"contentUrl\":\"https:\\\/\\\/denhelder.online\\\/wp-content\\\/uploads\\\/2021\\\/12\\\/DitIsDH-Logo-26-tagline.svg\",\"width\":1717.0999999999999,\"height\":934.89999999999998,\"caption\":\"Den Helder Online\"},\"image\":{\"@id\":\"https:\\\/\\\/denhelder.online\\\/#\\\/schema\\\/logo\\\/image\\\/\"}}]}<\/script>\n<!-- \/ Yoast SEO Premium plugin. -->","yoast_head_json":{"title":"Bed &amp; Breakfast NoordWest8 - Den Helder Online","robots":{"index":"index","follow":"follow","max-snippet":"max-snippet:-1","max-image-preview":"max-image-preview:large","max-video-preview":"max-video-preview:-1"},"canonical":"https:\/\/denhelder.online\/de\/standort\/bed-breakfast-nordwest-8-2\/","og_locale":"de_DE","og_type":"article","og_title":"Bed & Breakfast NoordWest8","og_description":"Ruime kamer aan natuurgebied, vlak bij strand, duin en stad","og_url":"https:\/\/denhelder.online\/de\/standort\/bed-breakfast-nordwest-8-2\/","og_site_name":"Den Helder Online","twitter_card":"summary_large_image","twitter_misc":{"Gesch\u00e4tzte Lesezeit":"1\u00a0Minute"},"schema":{"@context":"https:\/\/schema.org","@graph":[{"@type":"WebPage","@id":"https:\/\/denhelder.online\/locatie\/bed-breakfast-noordwest8-2\/","url":"https:\/\/denhelder.online\/locatie\/bed-breakfast-noordwest8-2\/","name":"Bed &amp; Breakfast NoordWest8 - Den Helder Online","isPartOf":{"@id":"https:\/\/denhelder.online\/#website"},"datePublished":"2026-01-28T10:05:30+00:00","breadcrumb":{"@id":"https:\/\/denhelder.online\/locatie\/bed-breakfast-noordwest8-2\/#breadcrumb"},"inLanguage":"de","potentialAction":[{"@type":"ReadAction","target":["https:\/\/denhelder.online\/locatie\/bed-breakfast-noordwest8-2\/"]}]},{"@type":"BreadcrumbList","@id":"https:\/\/denhelder.online\/locatie\/bed-breakfast-noordwest8-2\/#breadcrumb","itemListElement":[{"@type":"ListItem","position":1,"name":"Home","item":"https:\/\/denhelder.online\/"},{"@type":"ListItem","position":2,"name":"Locaties","item":"https:\/\/denhelder.online\/de\/standort\/"},{"@type":"ListItem","position":3,"name":"Bed &#038; Breakfast NoordWest8"}]},{"@type":"WebSite","@id":"https:\/\/denhelder.online\/#website","url":"https:\/\/denhelder.online\/","name":"Den Helder Online","description":"Erleben Sie Den Helder","publisher":{"@id":"https:\/\/denhelder.online\/#organization"},"potentialAction":[{"@type":"SearchAction","target":{"@type":"EntryPoint","urlTemplate":"https:\/\/denhelder.online\/?s={search_term_string}"},"query-input":{"@type":"PropertyValueSpecification","valueRequired":true,"valueName":"search_term_string"}}],"inLanguage":"de"},{"@type":"Organization","@id":"https:\/\/denhelder.online\/#organization","name":"Den Helder Online","url":"https:\/\/denhelder.online\/","logo":{"@type":"ImageObject","inLanguage":"de","@id":"https:\/\/denhelder.online\/#\/schema\/logo\/image\/","url":"https:\/\/denhelder.online\/wp-content\/uploads\/2021\/12\/DitIsDH-Logo-26-tagline.svg","contentUrl":"https:\/\/denhelder.online\/wp-content\/uploads\/2021\/12\/DitIsDH-Logo-26-tagline.svg","width":1717.0999999999999,"height":934.89999999999998,"caption":"Den Helder Online"},"image":{"@id":"https:\/\/denhelder.online\/#\/schema\/logo\/image\/"}}]}},"_links":{"self":[{"href":"https:\/\/denhelder.online\/de\/wp-json\/wp\/v2\/locations\/20468","targetHints":{"allow":["GET"]}}],"collection":[{"href":"https:\/\/denhelder.online\/de\/wp-json\/wp\/v2\/locations"}],"about":[{"href":"https:\/\/denhelder.online\/de\/wp-json\/wp\/v2\/types\/locatie"}],"version-history":[{"count":0,"href":"https:\/\/denhelder.online\/de\/wp-json\/wp\/v2\/locations\/20468\/revisions"}],"wp:attachment":[{"href":"https:\/\/denhelder.online\/de\/wp-json\/wp\/v2\/media?parent=20468"}],"wp:term":[{"taxonomy":"category","embeddable":true,"href":"https:\/\/denhelder.online\/de\/wp-json\/wp\/v2\/categories?post=20468"},{"taxonomy":"post_tag","embeddable":true,"href":"https:\/\/denhelder.online\/de\/wp-json\/wp\/v2\/tags?post=20468"},{"taxonomy":"doelgroep","embeddable":true,"href":"https:\/\/denhelder.online\/de\/wp-json\/wp\/v2\/doelgroep?post=20468"}],"curies":[{"name":"wp","href":"https:\/\/api.w.org\/{rel}","templated":true}]}}

<p>Wohnen Sie inmitten der Natur, nur einen Katzensprung vom Strand entfernt. NoordWest8 liegt in einem ruhigen Viertel in Den Helder und ist der ideale Ausgangspunkt für Naturliebhaber und Kulturinteressierte.</p>
<p><strong>Strand, Dünen und Blumenzwiebelfelder gleich um die Ecke</strong></p>
<p>Spazieren Sie zum Meer, radeln Sie durch die Dünen oder bewundern Sie im Frühling die Tulpen. Lust auf einen Tagesausflug nach Texel? Die Fähre ist ganz in der Nähe. Auch Fort Kijkduin, das Marinemuseum und das Atlantic Wall Centre sind bequem zu erreichen.</p>
<p><strong>Komfortable Unterkunft mit eigener Terrasse</strong></p>
<p>Sie wohnen in einem geräumigen Zimmer mit einem kompakten, privaten Badezimmer. Bei schönem Wetter können Sie auf Ihrer privaten Terrasse sitzen – herrlich nach einem aktiven Tag im Freien.</p>
<p><strong>Schlaf ruhig, alles in unmittelbarer Nähe</strong></p>
<p>Genießen Sie die Ruhe der Gegend. Restaurants, das Stadtzentrum und der Hafen sind bequem zu Fuß oder mit dem Fahrrad erreichbar. Ein wunderbarer Ort, um ein paar Tage an der Küste zu entspannen.</p>

<p>Geräumiges Zimmer in einem Naturschutzgebiet, in der Nähe von Strand, Dünen und Stadt</p>

<!-- This site is optimized with the Yoast SEO Premium plugin v24.7 (Yoast SEO v27.5) - https://yoast.com/product/yoast-seo-premium-wordpress/ -->
<title>Bed &amp; Breakfast NoordWest8 - Den Helder Online</title>
<meta name="robots" content="index, follow, max-snippet:-1, max-image-preview:large, max-video-preview:-1" />
<link rel="canonical" href="https://denhelder.online/de/standort/bed-breakfast-nordwest-8-2/" />
<meta property="og:locale" content="de_DE" />
<meta property="og:type" content="article" />
<meta property="og:title" content="Bed &amp; Breakfast NoordWest8" />
<meta property="og:description" content="Ruime kamer aan natuurgebied, vlak bij strand, duin en stad" />
<meta property="og:url" content="https://denhelder.online/de/standort/bed-breakfast-nordwest-8-2/" />
<meta property="og:site_name" content="Den Helder Online" />
<meta name="twitter:card" content="summary_large_image" />
<meta name="twitter:label1" content="Geschätzte Lesezeit" />
	<meta name="twitter:data1" content="1 Minute" />
<script type="application/ld+json" class="yoast-schema-graph">{"@context":"https:\/\/schema.org","@graph":[{"@type":"WebPage","@id":"https:\/\/denhelder.online\/locatie\/bed-breakfast-noordwest8-2\/","url":"https:\/\/denhelder.online\/locatie\/bed-breakfast-noordwest8-2\/","name":"Bed & Breakfast NoordWest8 - Den Helder Online","isPartOf":{"@id":"https:\/\/denhelder.online\/#website"},"datePublished":"2026-01-28T10:05:30+00:00","breadcrumb":{"@id":"https:\/\/denhelder.online\/locatie\/bed-breakfast-noordwest8-2\/#breadcrumb"},"inLanguage":"de","potentialAction":[{"@type":"ReadAction","target":["https:\/\/denhelder.online\/locatie\/bed-breakfast-noordwest8-2\/"]}]},{"@type":"BreadcrumbList","@id":"https:\/\/denhelder.online\/locatie\/bed-breakfast-noordwest8-2\/#breadcrumb","itemListElement":[{"@type":"ListItem","position":1,"name":"Home","item":"https:\/\/denhelder.online\/"},{"@type":"ListItem","position":2,"name":"Locaties","item":"https:\/\/denhelder.online\/de\/standort\/"},{"@type":"ListItem","position":3,"name":"Bed &#038; Breakfast NoordWest8"}]},{"@type":"WebSite","@id":"https:\/\/denhelder.online\/#website","url":"https:\/\/denhelder.online\/","name":"Den Helder Online","description":"Beleef Den Helder","publisher":{"@id":"https:\/\/denhelder.online\/#organization"},"potentialAction":[{"@type":"SearchAction","target":{"@type":"EntryPoint","urlTemplate":"https:\/\/denhelder.online\/?s={search_term_string}"},"query-input":{"@type":"PropertyValueSpecification","valueRequired":true,"valueName":"search_term_string"}}],"inLanguage":"de"},{"@type":"Organization","@id":"https:\/\/denhelder.online\/#organization","name":"Den Helder Online","url":"https:\/\/denhelder.online\/","logo":{"@type":"ImageObject","inLanguage":"de","@id":"https:\/\/denhelder.online\/#\/schema\/logo\/image\/","url":"https:\/\/denhelder.online\/wp-content\/uploads\/2021\/12\/DitIsDH-Logo-26-tagline.svg","contentUrl":"https:\/\/denhelder.online\/wp-content\/uploads\/2021\/12\/DitIsDH-Logo-26-tagline.svg","width":1717.0999999999999,"height":934.89999999999998,"caption":"Den Helder Online"},"image":{"@id":"https:\/\/denhelder.online\/#\/schema\/logo\/image\/"}}]}</script>
<!-- / Yoast SEO Premium plugin. -->
