{"id":20495,"date":"2026-01-28T11:05:51","date_gmt":"2026-01-28T10:05:51","guid":{"rendered":"https:\/\/denhelder.online\/locatie\/kapsalon-helder\/"},"modified":"2026-01-28T11:05:51","modified_gmt":"2026-01-28T10:05:51","slug":"friseursalon-hell","status":"publish","type":"locatie","link":"https:\/\/denhelder.online\/de\/locatie\/kapsalon-helder\/","title":{"rendered":"Friseursalon Helder"},"content":{"rendered":"<p>Schauen Sie bei Kapsalon Helder vorbei und g\u00f6nnen Sie Ihrem Haar die Aufmerksamkeit, die es verdient. Kurz gesagt: Hier dreht sich alles um Ihren Look, Ihren Stil und Ihren besonderen Moment.<\/p>\n<p><strong>Pers\u00f6nliches Styling, abgestimmt auf Ihre Bed\u00fcrfnisse<\/strong><\/p>\n<p>Egal ob Sie sich f\u00fcr einen neuen Haarschnitt, eine Farbbehandlung oder ein komplettes Umstyling entscheiden, das Team h\u00f6rt Ihnen zu, denkt mit und sorgt daf\u00fcr, dass Sie zufrieden den Salon verlassen.<\/p>\n<p><strong>Komfortabel und gastfreundlich<\/strong><\/p>\n<p>Sie erwartet eine famili\u00e4re Atmosph\u00e4re, in der Sie Ihre W\u00fcnsche unkompliziert besprechen k\u00f6nnen. Keine Massenbehandlungen, sondern eine f\u00fcrsorgliche Betreuung.<\/p>\n<p><strong>Herzlich willkommen an alle!<\/strong><\/p>\n<p>Damen, Herren und Kinder \u2013 alle k\u00f6nnen hier einen Termin vereinbaren. Der Standort ist ideal f\u00fcr einen kurzen Besuch oder eine ausf\u00fchrlichere Styling-Behandlung.<\/p>","protected":false},"excerpt":{"rendered":"<p>Stilvoller Friseursalon f\u00fcr Damen und Herren mit pers\u00f6nlichem Styling<\/p>","protected":false},"featured_media":0,"template":"","meta":{"footnotes":""},"categories":[6467],"tags":[6267,1087,6314,6248],"doelgroep":[],"class_list":["post-20495","locatie","type-locatie","status-publish","hentry","category-winkels","tag-binnenstad","tag-denhelder","tag-kapper","tag-winkels","marker-toonopdenhelder"],"yoast_head":"<!-- This site is optimized with the Yoast SEO Premium plugin v24.7 (Yoast SEO v27.5) - https:\/\/yoast.com\/product\/yoast-seo-premium-wordpress\/ -->\n<title>Kapsalon Helder - Den Helder Online<\/title>\n<meta name=\"robots\" content=\"index, follow, max-snippet:-1, max-image-preview:large, max-video-preview:-1\" \/>\n<link rel=\"canonical\" href=\"https:\/\/denhelder.online\/de\/standort\/friseursalon-hell\/\" \/>\n<meta property=\"og:locale\" content=\"de_DE\" \/>\n<meta property=\"og:type\" content=\"article\" \/>\n<meta property=\"og:title\" content=\"Kapsalon Helder\" \/>\n<meta property=\"og:description\" content=\"Sfeervolle kapsalon voor dames en heren met persoonlijke styling\" \/>\n<meta property=\"og:url\" content=\"https:\/\/denhelder.online\/de\/standort\/friseursalon-hell\/\" \/>\n<meta property=\"og:site_name\" content=\"Den Helder Online\" \/>\n<meta name=\"twitter:card\" content=\"summary_large_image\" \/>\n<meta name=\"twitter:label1\" content=\"Gesch\u00e4tzte Lesezeit\" \/>\n\t<meta name=\"twitter:data1\" content=\"1\u00a0Minute\" \/>\n<script type=\"application\/ld+json\" class=\"yoast-schema-graph\">{\"@context\":\"https:\\\/\\\/schema.org\",\"@graph\":[{\"@type\":\"WebPage\",\"@id\":\"https:\\\/\\\/denhelder.online\\\/de\\\/standort\\\/friseursalon-hell\\\/\",\"url\":\"https:\\\/\\\/denhelder.online\\\/de\\\/standort\\\/friseursalon-hell\\\/\",\"name\":\"Kapsalon Helder - Den Helder Online\",\"isPartOf\":{\"@id\":\"https:\\\/\\\/denhelder.online\\\/#website\"},\"datePublished\":\"2026-01-28T10:05:51+00:00\",\"breadcrumb\":{\"@id\":\"https:\\\/\\\/denhelder.online\\\/de\\\/standort\\\/friseursalon-hell\\\/#breadcrumb\"},\"inLanguage\":\"de\",\"potentialAction\":[{\"@type\":\"ReadAction\",\"target\":[\"https:\\\/\\\/denhelder.online\\\/de\\\/standort\\\/friseursalon-hell\\\/\"]}]},{\"@type\":\"BreadcrumbList\",\"@id\":\"https:\\\/\\\/denhelder.online\\\/de\\\/standort\\\/friseursalon-hell\\\/#breadcrumb\",\"itemListElement\":[{\"@type\":\"ListItem\",\"position\":1,\"name\":\"Home\",\"item\":\"https:\\\/\\\/denhelder.online\\\/\"},{\"@type\":\"ListItem\",\"position\":2,\"name\":\"Locaties\",\"item\":\"https:\\\/\\\/denhelder.online\\\/de\\\/standort\\\/\"},{\"@type\":\"ListItem\",\"position\":3,\"name\":\"Kapsalon Helder\"}]},{\"@type\":\"WebSite\",\"@id\":\"https:\\\/\\\/denhelder.online\\\/#website\",\"url\":\"https:\\\/\\\/denhelder.online\\\/\",\"name\":\"Den Helder Online\",\"description\":\"Beleef Den Helder\",\"publisher\":{\"@id\":\"https:\\\/\\\/denhelder.online\\\/#organization\"},\"potentialAction\":[{\"@type\":\"SearchAction\",\"target\":{\"@type\":\"EntryPoint\",\"urlTemplate\":\"https:\\\/\\\/denhelder.online\\\/?s={search_term_string}\"},\"query-input\":{\"@type\":\"PropertyValueSpecification\",\"valueRequired\":true,\"valueName\":\"search_term_string\"}}],\"inLanguage\":\"de\"},{\"@type\":\"Organization\",\"@id\":\"https:\\\/\\\/denhelder.online\\\/#organization\",\"name\":\"Den Helder Online\",\"url\":\"https:\\\/\\\/denhelder.online\\\/\",\"logo\":{\"@type\":\"ImageObject\",\"inLanguage\":\"de\",\"@id\":\"https:\\\/\\\/denhelder.online\\\/#\\\/schema\\\/logo\\\/image\\\/\",\"url\":\"https:\\\/\\\/denhelder.online\\\/wp-content\\\/uploads\\\/2021\\\/12\\\/DitIsDH-Logo-26-tagline.svg\",\"contentUrl\":\"https:\\\/\\\/denhelder.online\\\/wp-content\\\/uploads\\\/2021\\\/12\\\/DitIsDH-Logo-26-tagline.svg\",\"width\":1717.0999999999999,\"height\":934.89999999999998,\"caption\":\"Den Helder Online\"},\"image\":{\"@id\":\"https:\\\/\\\/denhelder.online\\\/#\\\/schema\\\/logo\\\/image\\\/\"}}]}<\/script>\n<!-- \/ Yoast SEO Premium plugin. -->","yoast_head_json":{"title":"Friseursalon Helder - Den Helder Online","robots":{"index":"index","follow":"follow","max-snippet":"max-snippet:-1","max-image-preview":"max-image-preview:large","max-video-preview":"max-video-preview:-1"},"canonical":"https:\/\/denhelder.online\/de\/standort\/friseursalon-hell\/","og_locale":"de_DE","og_type":"article","og_title":"Kapsalon Helder","og_description":"Sfeervolle kapsalon voor dames en heren met persoonlijke styling","og_url":"https:\/\/denhelder.online\/de\/standort\/friseursalon-hell\/","og_site_name":"Den Helder Online","twitter_card":"summary_large_image","twitter_misc":{"Gesch\u00e4tzte Lesezeit":"1\u00a0Minute"},"schema":{"@context":"https:\/\/schema.org","@graph":[{"@type":"WebPage","@id":"https:\/\/denhelder.online\/de\/standort\/friseursalon-hell\/","url":"https:\/\/denhelder.online\/de\/standort\/friseursalon-hell\/","name":"Friseursalon Helder - Den Helder Online","isPartOf":{"@id":"https:\/\/denhelder.online\/#website"},"datePublished":"2026-01-28T10:05:51+00:00","breadcrumb":{"@id":"https:\/\/denhelder.online\/de\/standort\/friseursalon-hell\/#breadcrumb"},"inLanguage":"de","potentialAction":[{"@type":"ReadAction","target":["https:\/\/denhelder.online\/de\/standort\/friseursalon-hell\/"]}]},{"@type":"BreadcrumbList","@id":"https:\/\/denhelder.online\/de\/standort\/friseursalon-hell\/#breadcrumb","itemListElement":[{"@type":"ListItem","position":1,"name":"Home","item":"https:\/\/denhelder.online\/"},{"@type":"ListItem","position":2,"name":"Locaties","item":"https:\/\/denhelder.online\/de\/standort\/"},{"@type":"ListItem","position":3,"name":"Kapsalon Helder"}]},{"@type":"WebSite","@id":"https:\/\/denhelder.online\/#website","url":"https:\/\/denhelder.online\/","name":"Den Helder Online","description":"Erleben Sie Den Helder","publisher":{"@id":"https:\/\/denhelder.online\/#organization"},"potentialAction":[{"@type":"SearchAction","target":{"@type":"EntryPoint","urlTemplate":"https:\/\/denhelder.online\/?s={search_term_string}"},"query-input":{"@type":"PropertyValueSpecification","valueRequired":true,"valueName":"search_term_string"}}],"inLanguage":"de"},{"@type":"Organization","@id":"https:\/\/denhelder.online\/#organization","name":"Den Helder Online","url":"https:\/\/denhelder.online\/","logo":{"@type":"ImageObject","inLanguage":"de","@id":"https:\/\/denhelder.online\/#\/schema\/logo\/image\/","url":"https:\/\/denhelder.online\/wp-content\/uploads\/2021\/12\/DitIsDH-Logo-26-tagline.svg","contentUrl":"https:\/\/denhelder.online\/wp-content\/uploads\/2021\/12\/DitIsDH-Logo-26-tagline.svg","width":1717.0999999999999,"height":934.89999999999998,"caption":"Den Helder Online"},"image":{"@id":"https:\/\/denhelder.online\/#\/schema\/logo\/image\/"}}]}},"_links":{"self":[{"href":"https:\/\/denhelder.online\/de\/wp-json\/wp\/v2\/locations\/20495","targetHints":{"allow":["GET"]}}],"collection":[{"href":"https:\/\/denhelder.online\/de\/wp-json\/wp\/v2\/locations"}],"about":[{"href":"https:\/\/denhelder.online\/de\/wp-json\/wp\/v2\/types\/locatie"}],"version-history":[{"count":0,"href":"https:\/\/denhelder.online\/de\/wp-json\/wp\/v2\/locations\/20495\/revisions"}],"wp:attachment":[{"href":"https:\/\/denhelder.online\/de\/wp-json\/wp\/v2\/media?parent=20495"}],"wp:term":[{"taxonomy":"category","embeddable":true,"href":"https:\/\/denhelder.online\/de\/wp-json\/wp\/v2\/categories?post=20495"},{"taxonomy":"post_tag","embeddable":true,"href":"https:\/\/denhelder.online\/de\/wp-json\/wp\/v2\/tags?post=20495"},{"taxonomy":"doelgroep","embeddable":true,"href":"https:\/\/denhelder.online\/de\/wp-json\/wp\/v2\/doelgroep?post=20495"}],"curies":[{"name":"wp","href":"https:\/\/api.w.org\/{rel}","templated":true}]}}

<p>Schauen Sie bei Kapsalon Helder vorbei und gönnen Sie Ihrem Haar die Aufmerksamkeit, die es verdient. Kurz gesagt: Hier dreht sich alles um Ihren Look, Ihren Stil und Ihren besonderen Moment.</p>
<p><strong>Persönliches Styling, abgestimmt auf Ihre Bedürfnisse</strong></p>
<p>Egal ob Sie sich für einen neuen Haarschnitt, eine Farbbehandlung oder ein komplettes Umstyling entscheiden, das Team hört Ihnen zu, denkt mit und sorgt dafür, dass Sie zufrieden den Salon verlassen.</p>
<p><strong>Komfortabel und gastfreundlich</strong></p>
<p>Sie erwartet eine familiäre Atmosphäre, in der Sie Ihre Wünsche unkompliziert besprechen können. Keine Massenbehandlungen, sondern eine fürsorgliche Betreuung.</p>
<p><strong>Herzlich willkommen an alle!</strong></p>
<p>Damen, Herren und Kinder – alle können hier einen Termin vereinbaren. Der Standort ist ideal für einen kurzen Besuch oder eine ausführlichere Styling-Behandlung.</p>

<p>Stilvoller Friseursalon für Damen und Herren mit persönlichem Styling</p>

<!-- This site is optimized with the Yoast SEO Premium plugin v24.7 (Yoast SEO v27.5) - https://yoast.com/product/yoast-seo-premium-wordpress/ -->
<title>Kapsalon Helder - Den Helder Online</title>
<meta name="robots" content="index, follow, max-snippet:-1, max-image-preview:large, max-video-preview:-1" />
<link rel="canonical" href="https://denhelder.online/de/standort/friseursalon-hell/" />
<meta property="og:locale" content="de_DE" />
<meta property="og:type" content="article" />
<meta property="og:title" content="Kapsalon Helder" />
<meta property="og:description" content="Sfeervolle kapsalon voor dames en heren met persoonlijke styling" />
<meta property="og:url" content="https://denhelder.online/de/standort/friseursalon-hell/" />
<meta property="og:site_name" content="Den Helder Online" />
<meta name="twitter:card" content="summary_large_image" />
<meta name="twitter:label1" content="Geschätzte Lesezeit" />
	<meta name="twitter:data1" content="1 Minute" />
<script type="application/ld+json" class="yoast-schema-graph">{"@context":"https:\/\/schema.org","@graph":[{"@type":"WebPage","@id":"https:\/\/denhelder.online\/de\/standort\/friseursalon-hell\/","url":"https:\/\/denhelder.online\/de\/standort\/friseursalon-hell\/","name":"Kapsalon Helder - Den Helder Online","isPartOf":{"@id":"https:\/\/denhelder.online\/#website"},"datePublished":"2026-01-28T10:05:51+00:00","breadcrumb":{"@id":"https:\/\/denhelder.online\/de\/standort\/friseursalon-hell\/#breadcrumb"},"inLanguage":"de","potentialAction":[{"@type":"ReadAction","target":["https:\/\/denhelder.online\/de\/standort\/friseursalon-hell\/"]}]},{"@type":"BreadcrumbList","@id":"https:\/\/denhelder.online\/de\/standort\/friseursalon-hell\/#breadcrumb","itemListElement":[{"@type":"ListItem","position":1,"name":"Home","item":"https:\/\/denhelder.online\/"},{"@type":"ListItem","position":2,"name":"Locaties","item":"https:\/\/denhelder.online\/de\/standort\/"},{"@type":"ListItem","position":3,"name":"Kapsalon Helder"}]},{"@type":"WebSite","@id":"https:\/\/denhelder.online\/#website","url":"https:\/\/denhelder.online\/","name":"Den Helder Online","description":"Beleef Den Helder","publisher":{"@id":"https:\/\/denhelder.online\/#organization"},"potentialAction":[{"@type":"SearchAction","target":{"@type":"EntryPoint","urlTemplate":"https:\/\/denhelder.online\/?s={search_term_string}"},"query-input":{"@type":"PropertyValueSpecification","valueRequired":true,"valueName":"search_term_string"}}],"inLanguage":"de"},{"@type":"Organization","@id":"https:\/\/denhelder.online\/#organization","name":"Den Helder Online","url":"https:\/\/denhelder.online\/","logo":{"@type":"ImageObject","inLanguage":"de","@id":"https:\/\/denhelder.online\/#\/schema\/logo\/image\/","url":"https:\/\/denhelder.online\/wp-content\/uploads\/2021\/12\/DitIsDH-Logo-26-tagline.svg","contentUrl":"https:\/\/denhelder.online\/wp-content\/uploads\/2021\/12\/DitIsDH-Logo-26-tagline.svg","width":1717.0999999999999,"height":934.89999999999998,"caption":"Den Helder Online"},"image":{"@id":"https:\/\/denhelder.online\/#\/schema\/logo\/image\/"}}]}</script>
<!-- / Yoast SEO Premium plugin. -->
