{"id":20535,"date":"2026-01-28T11:06:23","date_gmt":"2026-01-28T10:06:23","guid":{"rendered":"https:\/\/denhelder.online\/locatie\/stadskwekerij-de-groene-stek\/"},"modified":"2026-01-28T11:06:23","modified_gmt":"2026-01-28T10:06:23","slug":"stadtische-baumschule-der-grune-fleck","status":"publish","type":"locatie","link":"https:\/\/denhelder.online\/de\/locatie\/stadskwekerij-de-groene-stek\/","title":{"rendered":"Stadtg\u00e4rtnerei De Groene Stek"},"content":{"rendered":"<p>Suchen Sie frische oder getrocknete Kr\u00e4uter aus der Region? Dann besuchen Sie die De Groene Stek City Nursery. Hier arbeiten Sie buchst\u00e4blich inmitten von Pflanzen und Menschen. Diese einzigartige Stadtg\u00e4rtnerei bietet Menschen, die dem Arbeitsmarkt fernstehen, tags\u00fcber eine sinnvolle Besch\u00e4ftigung.<\/p>\n<p><strong>Getrocknete Kr\u00e4uter, auch im Winter<\/strong><\/p>\n<p>Obwohl die G\u00e4rtnerei mit saisonalen Produkten arbeitet, finden Sie dort das ganze Jahr \u00fcber getrocknete Kr\u00e4uter. Diese werden direkt vom Feld geerntet und schonend getrocknet. So k\u00f6nnen Sie auch im Winter regionale Aromen zu Hause genie\u00dfen.<\/p>\n<p><strong>Wachstum aufgrund der Nachfrage nach Catering und Unternehmern<\/strong><\/p>\n<p>Im Dezember und Januar k\u00f6nnen Sie sich als Unternehmer f\u00fcr den Anbau bestimmter Feldfr\u00fcchte bewerben. De Groene Stek unterst\u00fctzt Sie gerne bei der Planung der neuen Saison.<\/p>\n<p><strong>Mehr als nur eine Kindertagesst\u00e4tte<\/strong><\/p>\n<p>Neben frischen Produkten steht hier der Mensch im Mittelpunkt. Der Standort bietet einen sicheren Arbeitsplatz im Freien mit professioneller Anleitung und entspannter Atmosph\u00e4re. Ein Ort, an dem Wachstum im Vordergrund steht \u2013 sowohl auf dem Bauernhof als auch dar\u00fcber hinaus.<\/p>\n<h3><\/h3>","protected":false},"excerpt":{"rendered":"<p>Kaufen Sie saisonale Kr\u00e4uter und unterst\u00fctzen Sie gleichzeitig eine soziale, lokale G\u00e4rtnerei.<\/p>","protected":false},"featured_media":0,"template":"","meta":{"footnotes":""},"categories":[6415],"tags":[1087],"doelgroep":[],"class_list":["post-20535","locatie","type-locatie","status-publish","hentry","category-groepsarrangementen-en-activiteiten","tag-denhelder","marker-toonopdenhelder"],"yoast_head":"<!-- This site is optimized with the Yoast SEO Premium plugin v24.7 (Yoast SEO v27.5) - https:\/\/yoast.com\/product\/yoast-seo-premium-wordpress\/ -->\n<title>Stadskwekerij De Groene Stek - Den Helder Online<\/title>\n<meta name=\"robots\" content=\"index, follow, max-snippet:-1, max-image-preview:large, max-video-preview:-1\" \/>\n<link rel=\"canonical\" href=\"https:\/\/denhelder.online\/de\/standort\/stadtische-baumschule-der-grune-fleck\/\" \/>\n<meta property=\"og:locale\" content=\"de_DE\" \/>\n<meta property=\"og:type\" content=\"article\" \/>\n<meta property=\"og:title\" content=\"Stadskwekerij De Groene Stek\" \/>\n<meta property=\"og:description\" content=\"Koop seizoenskruiden en steun tegelijk een sociale, lokale kwekerij\" \/>\n<meta property=\"og:url\" content=\"https:\/\/denhelder.online\/de\/standort\/stadtische-baumschule-der-grune-fleck\/\" \/>\n<meta property=\"og:site_name\" content=\"Den Helder Online\" \/>\n<meta name=\"twitter:card\" content=\"summary_large_image\" \/>\n<meta name=\"twitter:label1\" content=\"Gesch\u00e4tzte Lesezeit\" \/>\n\t<meta name=\"twitter:data1\" content=\"1\u00a0Minute\" \/>\n<script type=\"application\/ld+json\" class=\"yoast-schema-graph\">{\"@context\":\"https:\\\/\\\/schema.org\",\"@graph\":[{\"@type\":\"WebPage\",\"@id\":\"https:\\\/\\\/denhelder.online\\\/locatie\\\/stadskwekerij-de-groene-stek\\\/\",\"url\":\"https:\\\/\\\/denhelder.online\\\/locatie\\\/stadskwekerij-de-groene-stek\\\/\",\"name\":\"Stadskwekerij De Groene Stek - Den Helder Online\",\"isPartOf\":{\"@id\":\"https:\\\/\\\/denhelder.online\\\/#website\"},\"datePublished\":\"2026-01-28T10:06:23+00:00\",\"breadcrumb\":{\"@id\":\"https:\\\/\\\/denhelder.online\\\/locatie\\\/stadskwekerij-de-groene-stek\\\/#breadcrumb\"},\"inLanguage\":\"de\",\"potentialAction\":[{\"@type\":\"ReadAction\",\"target\":[\"https:\\\/\\\/denhelder.online\\\/locatie\\\/stadskwekerij-de-groene-stek\\\/\"]}]},{\"@type\":\"BreadcrumbList\",\"@id\":\"https:\\\/\\\/denhelder.online\\\/locatie\\\/stadskwekerij-de-groene-stek\\\/#breadcrumb\",\"itemListElement\":[{\"@type\":\"ListItem\",\"position\":1,\"name\":\"Home\",\"item\":\"https:\\\/\\\/denhelder.online\\\/\"},{\"@type\":\"ListItem\",\"position\":2,\"name\":\"Locaties\",\"item\":\"https:\\\/\\\/denhelder.online\\\/de\\\/standort\\\/\"},{\"@type\":\"ListItem\",\"position\":3,\"name\":\"Stadskwekerij De Groene Stek\"}]},{\"@type\":\"WebSite\",\"@id\":\"https:\\\/\\\/denhelder.online\\\/#website\",\"url\":\"https:\\\/\\\/denhelder.online\\\/\",\"name\":\"Den Helder Online\",\"description\":\"Beleef Den Helder\",\"publisher\":{\"@id\":\"https:\\\/\\\/denhelder.online\\\/#organization\"},\"potentialAction\":[{\"@type\":\"SearchAction\",\"target\":{\"@type\":\"EntryPoint\",\"urlTemplate\":\"https:\\\/\\\/denhelder.online\\\/?s={search_term_string}\"},\"query-input\":{\"@type\":\"PropertyValueSpecification\",\"valueRequired\":true,\"valueName\":\"search_term_string\"}}],\"inLanguage\":\"de\"},{\"@type\":\"Organization\",\"@id\":\"https:\\\/\\\/denhelder.online\\\/#organization\",\"name\":\"Den Helder Online\",\"url\":\"https:\\\/\\\/denhelder.online\\\/\",\"logo\":{\"@type\":\"ImageObject\",\"inLanguage\":\"de\",\"@id\":\"https:\\\/\\\/denhelder.online\\\/#\\\/schema\\\/logo\\\/image\\\/\",\"url\":\"https:\\\/\\\/denhelder.online\\\/wp-content\\\/uploads\\\/2021\\\/12\\\/DitIsDH-Logo-26-tagline.svg\",\"contentUrl\":\"https:\\\/\\\/denhelder.online\\\/wp-content\\\/uploads\\\/2021\\\/12\\\/DitIsDH-Logo-26-tagline.svg\",\"width\":1717.0999999999999,\"height\":934.89999999999998,\"caption\":\"Den Helder Online\"},\"image\":{\"@id\":\"https:\\\/\\\/denhelder.online\\\/#\\\/schema\\\/logo\\\/image\\\/\"}}]}<\/script>\n<!-- \/ Yoast SEO Premium plugin. -->","yoast_head_json":{"title":"St\u00e4dtischer Kindergarten De Groene Stek - Den Helder Online","robots":{"index":"index","follow":"follow","max-snippet":"max-snippet:-1","max-image-preview":"max-image-preview:large","max-video-preview":"max-video-preview:-1"},"canonical":"https:\/\/denhelder.online\/de\/standort\/stadtische-baumschule-der-grune-fleck\/","og_locale":"de_DE","og_type":"article","og_title":"Stadskwekerij De Groene Stek","og_description":"Koop seizoenskruiden en steun tegelijk een sociale, lokale kwekerij","og_url":"https:\/\/denhelder.online\/de\/standort\/stadtische-baumschule-der-grune-fleck\/","og_site_name":"Den Helder Online","twitter_card":"summary_large_image","twitter_misc":{"Gesch\u00e4tzte Lesezeit":"1\u00a0Minute"},"schema":{"@context":"https:\/\/schema.org","@graph":[{"@type":"WebPage","@id":"https:\/\/denhelder.online\/locatie\/stadskwekerij-de-groene-stek\/","url":"https:\/\/denhelder.online\/locatie\/stadskwekerij-de-groene-stek\/","name":"St\u00e4dtischer Kindergarten De Groene Stek - Den Helder Online","isPartOf":{"@id":"https:\/\/denhelder.online\/#website"},"datePublished":"2026-01-28T10:06:23+00:00","breadcrumb":{"@id":"https:\/\/denhelder.online\/locatie\/stadskwekerij-de-groene-stek\/#breadcrumb"},"inLanguage":"de","potentialAction":[{"@type":"ReadAction","target":["https:\/\/denhelder.online\/locatie\/stadskwekerij-de-groene-stek\/"]}]},{"@type":"BreadcrumbList","@id":"https:\/\/denhelder.online\/locatie\/stadskwekerij-de-groene-stek\/#breadcrumb","itemListElement":[{"@type":"ListItem","position":1,"name":"Home","item":"https:\/\/denhelder.online\/"},{"@type":"ListItem","position":2,"name":"Locaties","item":"https:\/\/denhelder.online\/de\/standort\/"},{"@type":"ListItem","position":3,"name":"Stadskwekerij De Groene Stek"}]},{"@type":"WebSite","@id":"https:\/\/denhelder.online\/#website","url":"https:\/\/denhelder.online\/","name":"Den Helder Online","description":"Erleben Sie Den Helder","publisher":{"@id":"https:\/\/denhelder.online\/#organization"},"potentialAction":[{"@type":"SearchAction","target":{"@type":"EntryPoint","urlTemplate":"https:\/\/denhelder.online\/?s={search_term_string}"},"query-input":{"@type":"PropertyValueSpecification","valueRequired":true,"valueName":"search_term_string"}}],"inLanguage":"de"},{"@type":"Organization","@id":"https:\/\/denhelder.online\/#organization","name":"Den Helder Online","url":"https:\/\/denhelder.online\/","logo":{"@type":"ImageObject","inLanguage":"de","@id":"https:\/\/denhelder.online\/#\/schema\/logo\/image\/","url":"https:\/\/denhelder.online\/wp-content\/uploads\/2021\/12\/DitIsDH-Logo-26-tagline.svg","contentUrl":"https:\/\/denhelder.online\/wp-content\/uploads\/2021\/12\/DitIsDH-Logo-26-tagline.svg","width":1717.0999999999999,"height":934.89999999999998,"caption":"Den Helder Online"},"image":{"@id":"https:\/\/denhelder.online\/#\/schema\/logo\/image\/"}}]}},"_links":{"self":[{"href":"https:\/\/denhelder.online\/de\/wp-json\/wp\/v2\/locations\/20535","targetHints":{"allow":["GET"]}}],"collection":[{"href":"https:\/\/denhelder.online\/de\/wp-json\/wp\/v2\/locations"}],"about":[{"href":"https:\/\/denhelder.online\/de\/wp-json\/wp\/v2\/types\/locatie"}],"version-history":[{"count":0,"href":"https:\/\/denhelder.online\/de\/wp-json\/wp\/v2\/locations\/20535\/revisions"}],"wp:attachment":[{"href":"https:\/\/denhelder.online\/de\/wp-json\/wp\/v2\/media?parent=20535"}],"wp:term":[{"taxonomy":"category","embeddable":true,"href":"https:\/\/denhelder.online\/de\/wp-json\/wp\/v2\/categories?post=20535"},{"taxonomy":"post_tag","embeddable":true,"href":"https:\/\/denhelder.online\/de\/wp-json\/wp\/v2\/tags?post=20535"},{"taxonomy":"doelgroep","embeddable":true,"href":"https:\/\/denhelder.online\/de\/wp-json\/wp\/v2\/doelgroep?post=20535"}],"curies":[{"name":"wp","href":"https:\/\/api.w.org\/{rel}","templated":true}]}}

Stadtgärtnerei De Groene Stek

<p>Suchen Sie frische oder getrocknete Kräuter aus der Region? Dann besuchen Sie die De Groene Stek City Nursery. Hier arbeiten Sie buchstäblich inmitten von Pflanzen und Menschen. Diese einzigartige Stadtgärtnerei bietet Menschen, die dem Arbeitsmarkt fernstehen, tagsüber eine sinnvolle Beschäftigung.</p>
<p><strong>Getrocknete Kräuter, auch im Winter</strong></p>
<p>Obwohl die Gärtnerei mit saisonalen Produkten arbeitet, finden Sie dort das ganze Jahr über getrocknete Kräuter. Diese werden direkt vom Feld geerntet und schonend getrocknet. So können Sie auch im Winter regionale Aromen zu Hause genießen.</p>
<p><strong>Wachstum aufgrund der Nachfrage nach Catering und Unternehmern</strong></p>
<p>Im Dezember und Januar können Sie sich als Unternehmer für den Anbau bestimmter Feldfrüchte bewerben. De Groene Stek unterstützt Sie gerne bei der Planung der neuen Saison.</p>
<p><strong>Mehr als nur eine Kindertagesstätte</strong></p>
<p>Neben frischen Produkten steht hier der Mensch im Mittelpunkt. Der Standort bietet einen sicheren Arbeitsplatz im Freien mit professioneller Anleitung und entspannter Atmosphäre. Ein Ort, an dem Wachstum im Vordergrund steht – sowohl auf dem Bauernhof als auch darüber hinaus.</p>
<h3></h3>

<p>Kaufen Sie saisonale Kräuter und unterstützen Sie gleichzeitig eine soziale, lokale Gärtnerei.</p>

<!-- This site is optimized with the Yoast SEO Premium plugin v24.7 (Yoast SEO v27.5) - https://yoast.com/product/yoast-seo-premium-wordpress/ -->
<title>Stadskwekerij De Groene Stek - Den Helder Online</title>
<meta name="robots" content="index, follow, max-snippet:-1, max-image-preview:large, max-video-preview:-1" />
<link rel="canonical" href="https://denhelder.online/de/standort/stadtische-baumschule-der-grune-fleck/" />
<meta property="og:locale" content="de_DE" />
<meta property="og:type" content="article" />
<meta property="og:title" content="Stadskwekerij De Groene Stek" />
<meta property="og:description" content="Koop seizoenskruiden en steun tegelijk een sociale, lokale kwekerij" />
<meta property="og:url" content="https://denhelder.online/de/standort/stadtische-baumschule-der-grune-fleck/" />
<meta property="og:site_name" content="Den Helder Online" />
<meta name="twitter:card" content="summary_large_image" />
<meta name="twitter:label1" content="Geschätzte Lesezeit" />
	<meta name="twitter:data1" content="1 Minute" />
<script type="application/ld+json" class="yoast-schema-graph">{"@context":"https:\/\/schema.org","@graph":[{"@type":"WebPage","@id":"https:\/\/denhelder.online\/locatie\/stadskwekerij-de-groene-stek\/","url":"https:\/\/denhelder.online\/locatie\/stadskwekerij-de-groene-stek\/","name":"Stadskwekerij De Groene Stek - Den Helder Online","isPartOf":{"@id":"https:\/\/denhelder.online\/#website"},"datePublished":"2026-01-28T10:06:23+00:00","breadcrumb":{"@id":"https:\/\/denhelder.online\/locatie\/stadskwekerij-de-groene-stek\/#breadcrumb"},"inLanguage":"de","potentialAction":[{"@type":"ReadAction","target":["https:\/\/denhelder.online\/locatie\/stadskwekerij-de-groene-stek\/"]}]},{"@type":"BreadcrumbList","@id":"https:\/\/denhelder.online\/locatie\/stadskwekerij-de-groene-stek\/#breadcrumb","itemListElement":[{"@type":"ListItem","position":1,"name":"Home","item":"https:\/\/denhelder.online\/"},{"@type":"ListItem","position":2,"name":"Locaties","item":"https:\/\/denhelder.online\/de\/standort\/"},{"@type":"ListItem","position":3,"name":"Stadskwekerij De Groene Stek"}]},{"@type":"WebSite","@id":"https:\/\/denhelder.online\/#website","url":"https:\/\/denhelder.online\/","name":"Den Helder Online","description":"Beleef Den Helder","publisher":{"@id":"https:\/\/denhelder.online\/#organization"},"potentialAction":[{"@type":"SearchAction","target":{"@type":"EntryPoint","urlTemplate":"https:\/\/denhelder.online\/?s={search_term_string}"},"query-input":{"@type":"PropertyValueSpecification","valueRequired":true,"valueName":"search_term_string"}}],"inLanguage":"de"},{"@type":"Organization","@id":"https:\/\/denhelder.online\/#organization","name":"Den Helder Online","url":"https:\/\/denhelder.online\/","logo":{"@type":"ImageObject","inLanguage":"de","@id":"https:\/\/denhelder.online\/#\/schema\/logo\/image\/","url":"https:\/\/denhelder.online\/wp-content\/uploads\/2021\/12\/DitIsDH-Logo-26-tagline.svg","contentUrl":"https:\/\/denhelder.online\/wp-content\/uploads\/2021\/12\/DitIsDH-Logo-26-tagline.svg","width":1717.0999999999999,"height":934.89999999999998,"caption":"Den Helder Online"},"image":{"@id":"https:\/\/denhelder.online\/#\/schema\/logo\/image\/"}}]}</script>
<!-- / Yoast SEO Premium plugin. -->

Städtischer Kindergarten De Groene Stek - Den Helder Online
