{"id":20570,"date":"2026-01-28T11:06:49","date_gmt":"2026-01-28T10:06:49","guid":{"rendered":"https:\/\/denhelder.online\/locatie\/strandpaviljoen-zee-van-tijd\/"},"modified":"2026-01-28T11:06:49","modified_gmt":"2026-01-28T10:06:49","slug":"strandpavillon-meer-der-zeit","status":"publish","type":"locatie","link":"https:\/\/denhelder.online\/de\/locatie\/strandpaviljoen-zee-van-tijd\/","title":{"rendered":"Strandpavillon Meer der Zeit"},"content":{"rendered":"<p>Lust auf ein k\u00f6stliches Essen mit Meerblick? Das Zee van Tijd liegt direkt am Strand von Julianadorp. Hier dreht sich alles um entspannten, genussvollen und achtsamen Genuss.<\/p>\n<p><strong>Regional, frisch und nachhaltig<\/strong><\/p>\n<p>Die Speisekarte bietet Gerichte aus regionalen Zutaten. Vom Mittag- bis zum Abendessen wird alles frisch zubereitet \u2013 mit R\u00fccksicht auf Mensch und Umwelt.<\/p>\n<p><strong>Cocktails bei Sonnenuntergang<\/strong><\/p>\n<p>Lassen Sie den Tag entspannt bei einem Cocktail auf der Terrasse ausklingen. Der Panoramablick aufs Meer und der Sonnenuntergang runden das Erlebnis perfekt ab.<\/p>\n<p><strong>T\u00e4glich ge\u00f6ffnet, zu jeder Jahreszeit willkommen<\/strong><\/p>\n<p>Ob Sie nach einem Strandspaziergang vorbeischauen oder ein ausgiebiges Essen genie\u00dfen m\u00f6chten: Zee van Tijd ist jeden Tag von morgens bis abends f\u00fcr Sie da.<\/p>","protected":false},"excerpt":{"rendered":"<p>Nachhaltiger Strandpavillon mit regionaler K\u00fcche und Meerblick<\/p>","protected":false},"featured_media":0,"template":"","meta":{"footnotes":""},"categories":[6437],"tags":[1108,1376],"doelgroep":[],"class_list":["post-20570","locatie","type-locatie","status-publish","hentry","category-restaurants","tag-julianadorp","tag-strandpaviljoen","marker-toonopdenhelder"],"yoast_head":"<!-- This site is optimized with the Yoast SEO Premium plugin v24.7 (Yoast SEO v27.5) - https:\/\/yoast.com\/product\/yoast-seo-premium-wordpress\/ -->\n<title>Strandpaviljoen Zee van Tijd - Den Helder Online<\/title>\n<meta name=\"robots\" content=\"index, follow, max-snippet:-1, max-image-preview:large, max-video-preview:-1\" \/>\n<link rel=\"canonical\" href=\"https:\/\/denhelder.online\/de\/standort\/strandpavillon-meer-der-zeit\/\" \/>\n<meta property=\"og:locale\" content=\"de_DE\" \/>\n<meta property=\"og:type\" content=\"article\" \/>\n<meta property=\"og:title\" content=\"Strandpaviljoen Zee van Tijd\" \/>\n<meta property=\"og:description\" content=\"Duurzaam strandpaviljoen met lokaal menu en uitzicht op zee\" \/>\n<meta property=\"og:url\" content=\"https:\/\/denhelder.online\/de\/standort\/strandpavillon-meer-der-zeit\/\" \/>\n<meta property=\"og:site_name\" content=\"Den Helder Online\" \/>\n<meta name=\"twitter:card\" content=\"summary_large_image\" \/>\n<meta name=\"twitter:label1\" content=\"Gesch\u00e4tzte Lesezeit\" \/>\n\t<meta name=\"twitter:data1\" content=\"1\u00a0Minute\" \/>\n<script type=\"application\/ld+json\" class=\"yoast-schema-graph\">{\"@context\":\"https:\\\/\\\/schema.org\",\"@graph\":[{\"@type\":\"WebPage\",\"@id\":\"https:\\\/\\\/denhelder.online\\\/en\\\/location\\\/beach-pavilion-sea-of-time\\\/\",\"url\":\"https:\\\/\\\/denhelder.online\\\/en\\\/location\\\/beach-pavilion-sea-of-time\\\/\",\"name\":\"Strandpaviljoen Zee van Tijd - Den Helder Online\",\"isPartOf\":{\"@id\":\"https:\\\/\\\/denhelder.online\\\/#website\"},\"datePublished\":\"2026-01-28T10:06:49+00:00\",\"breadcrumb\":{\"@id\":\"https:\\\/\\\/denhelder.online\\\/en\\\/location\\\/beach-pavilion-sea-of-time\\\/#breadcrumb\"},\"inLanguage\":\"de\",\"potentialAction\":[{\"@type\":\"ReadAction\",\"target\":[\"https:\\\/\\\/denhelder.online\\\/en\\\/location\\\/beach-pavilion-sea-of-time\\\/\"]}]},{\"@type\":\"BreadcrumbList\",\"@id\":\"https:\\\/\\\/denhelder.online\\\/en\\\/location\\\/beach-pavilion-sea-of-time\\\/#breadcrumb\",\"itemListElement\":[{\"@type\":\"ListItem\",\"position\":1,\"name\":\"Home\",\"item\":\"https:\\\/\\\/denhelder.online\\\/\"},{\"@type\":\"ListItem\",\"position\":2,\"name\":\"Locaties\",\"item\":\"https:\\\/\\\/denhelder.online\\\/de\\\/standort\\\/\"},{\"@type\":\"ListItem\",\"position\":3,\"name\":\"Strandpaviljoen Zee van Tijd\"}]},{\"@type\":\"WebSite\",\"@id\":\"https:\\\/\\\/denhelder.online\\\/#website\",\"url\":\"https:\\\/\\\/denhelder.online\\\/\",\"name\":\"Den Helder Online\",\"description\":\"Beleef Den Helder\",\"publisher\":{\"@id\":\"https:\\\/\\\/denhelder.online\\\/#organization\"},\"potentialAction\":[{\"@type\":\"SearchAction\",\"target\":{\"@type\":\"EntryPoint\",\"urlTemplate\":\"https:\\\/\\\/denhelder.online\\\/?s={search_term_string}\"},\"query-input\":{\"@type\":\"PropertyValueSpecification\",\"valueRequired\":true,\"valueName\":\"search_term_string\"}}],\"inLanguage\":\"de\"},{\"@type\":\"Organization\",\"@id\":\"https:\\\/\\\/denhelder.online\\\/#organization\",\"name\":\"Den Helder Online\",\"url\":\"https:\\\/\\\/denhelder.online\\\/\",\"logo\":{\"@type\":\"ImageObject\",\"inLanguage\":\"de\",\"@id\":\"https:\\\/\\\/denhelder.online\\\/#\\\/schema\\\/logo\\\/image\\\/\",\"url\":\"https:\\\/\\\/denhelder.online\\\/wp-content\\\/uploads\\\/2021\\\/12\\\/DitIsDH-Logo-26-tagline.svg\",\"contentUrl\":\"https:\\\/\\\/denhelder.online\\\/wp-content\\\/uploads\\\/2021\\\/12\\\/DitIsDH-Logo-26-tagline.svg\",\"width\":1717.0999999999999,\"height\":934.89999999999998,\"caption\":\"Den Helder Online\"},\"image\":{\"@id\":\"https:\\\/\\\/denhelder.online\\\/#\\\/schema\\\/logo\\\/image\\\/\"}}]}<\/script>\n<!-- \/ Yoast SEO Premium plugin. -->","yoast_head_json":{"title":"Strandpavillon Meer der Zeit - Den Helder Online","robots":{"index":"index","follow":"follow","max-snippet":"max-snippet:-1","max-image-preview":"max-image-preview:large","max-video-preview":"max-video-preview:-1"},"canonical":"https:\/\/denhelder.online\/de\/standort\/strandpavillon-meer-der-zeit\/","og_locale":"de_DE","og_type":"article","og_title":"Strandpaviljoen Zee van Tijd","og_description":"Duurzaam strandpaviljoen met lokaal menu en uitzicht op zee","og_url":"https:\/\/denhelder.online\/de\/standort\/strandpavillon-meer-der-zeit\/","og_site_name":"Den Helder Online","twitter_card":"summary_large_image","twitter_misc":{"Gesch\u00e4tzte Lesezeit":"1\u00a0Minute"},"schema":{"@context":"https:\/\/schema.org","@graph":[{"@type":"WebPage","@id":"https:\/\/denhelder.online\/en\/location\/beach-pavilion-sea-of-time\/","url":"https:\/\/denhelder.online\/en\/location\/beach-pavilion-sea-of-time\/","name":"Strandpavillon Meer der Zeit - Den Helder Online","isPartOf":{"@id":"https:\/\/denhelder.online\/#website"},"datePublished":"2026-01-28T10:06:49+00:00","breadcrumb":{"@id":"https:\/\/denhelder.online\/en\/location\/beach-pavilion-sea-of-time\/#breadcrumb"},"inLanguage":"de","potentialAction":[{"@type":"ReadAction","target":["https:\/\/denhelder.online\/en\/location\/beach-pavilion-sea-of-time\/"]}]},{"@type":"BreadcrumbList","@id":"https:\/\/denhelder.online\/en\/location\/beach-pavilion-sea-of-time\/#breadcrumb","itemListElement":[{"@type":"ListItem","position":1,"name":"Home","item":"https:\/\/denhelder.online\/"},{"@type":"ListItem","position":2,"name":"Locaties","item":"https:\/\/denhelder.online\/de\/standort\/"},{"@type":"ListItem","position":3,"name":"Strandpaviljoen Zee van Tijd"}]},{"@type":"WebSite","@id":"https:\/\/denhelder.online\/#website","url":"https:\/\/denhelder.online\/","name":"Den Helder Online","description":"Erleben Sie Den Helder","publisher":{"@id":"https:\/\/denhelder.online\/#organization"},"potentialAction":[{"@type":"SearchAction","target":{"@type":"EntryPoint","urlTemplate":"https:\/\/denhelder.online\/?s={search_term_string}"},"query-input":{"@type":"PropertyValueSpecification","valueRequired":true,"valueName":"search_term_string"}}],"inLanguage":"de"},{"@type":"Organization","@id":"https:\/\/denhelder.online\/#organization","name":"Den Helder Online","url":"https:\/\/denhelder.online\/","logo":{"@type":"ImageObject","inLanguage":"de","@id":"https:\/\/denhelder.online\/#\/schema\/logo\/image\/","url":"https:\/\/denhelder.online\/wp-content\/uploads\/2021\/12\/DitIsDH-Logo-26-tagline.svg","contentUrl":"https:\/\/denhelder.online\/wp-content\/uploads\/2021\/12\/DitIsDH-Logo-26-tagline.svg","width":1717.0999999999999,"height":934.89999999999998,"caption":"Den Helder Online"},"image":{"@id":"https:\/\/denhelder.online\/#\/schema\/logo\/image\/"}}]}},"_links":{"self":[{"href":"https:\/\/denhelder.online\/de\/wp-json\/wp\/v2\/locations\/20570","targetHints":{"allow":["GET"]}}],"collection":[{"href":"https:\/\/denhelder.online\/de\/wp-json\/wp\/v2\/locations"}],"about":[{"href":"https:\/\/denhelder.online\/de\/wp-json\/wp\/v2\/types\/locatie"}],"version-history":[{"count":0,"href":"https:\/\/denhelder.online\/de\/wp-json\/wp\/v2\/locations\/20570\/revisions"}],"wp:attachment":[{"href":"https:\/\/denhelder.online\/de\/wp-json\/wp\/v2\/media?parent=20570"}],"wp:term":[{"taxonomy":"category","embeddable":true,"href":"https:\/\/denhelder.online\/de\/wp-json\/wp\/v2\/categories?post=20570"},{"taxonomy":"post_tag","embeddable":true,"href":"https:\/\/denhelder.online\/de\/wp-json\/wp\/v2\/tags?post=20570"},{"taxonomy":"doelgroep","embeddable":true,"href":"https:\/\/denhelder.online\/de\/wp-json\/wp\/v2\/doelgroep?post=20570"}],"curies":[{"name":"wp","href":"https:\/\/api.w.org\/{rel}","templated":true}]}}

<p>Lust auf ein köstliches Essen mit Meerblick? Das Zee van Tijd liegt direkt am Strand von Julianadorp. Hier dreht sich alles um entspannten, genussvollen und achtsamen Genuss.</p>
<p><strong>Regional, frisch und nachhaltig</strong></p>
<p>Die Speisekarte bietet Gerichte aus regionalen Zutaten. Vom Mittag- bis zum Abendessen wird alles frisch zubereitet – mit Rücksicht auf Mensch und Umwelt.</p>
<p><strong>Cocktails bei Sonnenuntergang</strong></p>
<p>Lassen Sie den Tag entspannt bei einem Cocktail auf der Terrasse ausklingen. Der Panoramablick aufs Meer und der Sonnenuntergang runden das Erlebnis perfekt ab.</p>
<p><strong>Täglich geöffnet, zu jeder Jahreszeit willkommen</strong></p>
<p>Ob Sie nach einem Strandspaziergang vorbeischauen oder ein ausgiebiges Essen genießen möchten: Zee van Tijd ist jeden Tag von morgens bis abends für Sie da.</p>

<p>Nachhaltiger Strandpavillon mit regionaler Küche und Meerblick</p>

<!-- This site is optimized with the Yoast SEO Premium plugin v24.7 (Yoast SEO v27.5) - https://yoast.com/product/yoast-seo-premium-wordpress/ -->
<title>Strandpaviljoen Zee van Tijd - Den Helder Online</title>
<meta name="robots" content="index, follow, max-snippet:-1, max-image-preview:large, max-video-preview:-1" />
<link rel="canonical" href="https://denhelder.online/de/standort/strandpavillon-meer-der-zeit/" />
<meta property="og:locale" content="de_DE" />
<meta property="og:type" content="article" />
<meta property="og:title" content="Strandpaviljoen Zee van Tijd" />
<meta property="og:description" content="Duurzaam strandpaviljoen met lokaal menu en uitzicht op zee" />
<meta property="og:url" content="https://denhelder.online/de/standort/strandpavillon-meer-der-zeit/" />
<meta property="og:site_name" content="Den Helder Online" />
<meta name="twitter:card" content="summary_large_image" />
<meta name="twitter:label1" content="Geschätzte Lesezeit" />
	<meta name="twitter:data1" content="1 Minute" />
<script type="application/ld+json" class="yoast-schema-graph">{"@context":"https:\/\/schema.org","@graph":[{"@type":"WebPage","@id":"https:\/\/denhelder.online\/en\/location\/beach-pavilion-sea-of-time\/","url":"https:\/\/denhelder.online\/en\/location\/beach-pavilion-sea-of-time\/","name":"Strandpaviljoen Zee van Tijd - Den Helder Online","isPartOf":{"@id":"https:\/\/denhelder.online\/#website"},"datePublished":"2026-01-28T10:06:49+00:00","breadcrumb":{"@id":"https:\/\/denhelder.online\/en\/location\/beach-pavilion-sea-of-time\/#breadcrumb"},"inLanguage":"de","potentialAction":[{"@type":"ReadAction","target":["https:\/\/denhelder.online\/en\/location\/beach-pavilion-sea-of-time\/"]}]},{"@type":"BreadcrumbList","@id":"https:\/\/denhelder.online\/en\/location\/beach-pavilion-sea-of-time\/#breadcrumb","itemListElement":[{"@type":"ListItem","position":1,"name":"Home","item":"https:\/\/denhelder.online\/"},{"@type":"ListItem","position":2,"name":"Locaties","item":"https:\/\/denhelder.online\/de\/standort\/"},{"@type":"ListItem","position":3,"name":"Strandpaviljoen Zee van Tijd"}]},{"@type":"WebSite","@id":"https:\/\/denhelder.online\/#website","url":"https:\/\/denhelder.online\/","name":"Den Helder Online","description":"Beleef Den Helder","publisher":{"@id":"https:\/\/denhelder.online\/#organization"},"potentialAction":[{"@type":"SearchAction","target":{"@type":"EntryPoint","urlTemplate":"https:\/\/denhelder.online\/?s={search_term_string}"},"query-input":{"@type":"PropertyValueSpecification","valueRequired":true,"valueName":"search_term_string"}}],"inLanguage":"de"},{"@type":"Organization","@id":"https:\/\/denhelder.online\/#organization","name":"Den Helder Online","url":"https:\/\/denhelder.online\/","logo":{"@type":"ImageObject","inLanguage":"de","@id":"https:\/\/denhelder.online\/#\/schema\/logo\/image\/","url":"https:\/\/denhelder.online\/wp-content\/uploads\/2021\/12\/DitIsDH-Logo-26-tagline.svg","contentUrl":"https:\/\/denhelder.online\/wp-content\/uploads\/2021\/12\/DitIsDH-Logo-26-tagline.svg","width":1717.0999999999999,"height":934.89999999999998,"caption":"Den Helder Online"},"image":{"@id":"https:\/\/denhelder.online\/#\/schema\/logo\/image\/"}}]}</script>
<!-- / Yoast SEO Premium plugin. -->
