{"id":20867,"date":"2026-02-03T09:18:06","date_gmt":"2026-02-03T08:18:06","guid":{"rendered":"https:\/\/denhelder.online\/locatie\/reakt-den-helder\/"},"modified":"2026-02-03T09:18:06","modified_gmt":"2026-02-03T08:18:06","slug":"reagiert-hell","status":"publish","type":"locatie","link":"https:\/\/denhelder.online\/de\/locatie\/reakt-den-helder\/","title":{"rendered":"Reakt Den Helder"},"content":{"rendered":"<p>Reakt im Ravelijncenter in Den Helder unterst\u00fctzt Menschen, die wieder die Kontrolle \u00fcber ihren Alltag erlangen m\u00f6chten. Sie k\u00f6nnen an Aktivit\u00e4ten teilnehmen, an pers\u00f6nlichen Zielen arbeiten und tags\u00fcber Angebote nutzen.<\/p>\n<p><strong>Finde Struktur und Rhythmus<\/strong><\/p>\n<p>Bei Reakt kannst du tags\u00fcber an berufsbezogenen Aktivit\u00e4ten, kreativen Angeboten, Holz- und Fahrradworkshops und vielem mehr teilnehmen. Gemeinsam mit Betreuern arbeitest du an den t\u00e4glichen Abl\u00e4ufen und eignest dir neue F\u00e4higkeiten an.<\/p>\n<p><strong>Gemeinsam lernen und sich treffen<\/strong><\/p>\n<p>Der Standort bietet nicht nur Aktivit\u00e4ten, sondern auch Beratung zu Finanzen, Wohnen, Arbeit und sozialen Kontakten. Sie lernen andere Teilnehmer kennen und gewinnen in einer gesch\u00fctzten Umgebung an Selbstvertrauen.<\/p>\n<p><strong>Hilfe in Ihrem Tempo<\/strong><\/p>\n<p>Ob Sie soziale Aktivit\u00e4ten, individuelles Coaching oder Unterst\u00fctzung bei praktischen Angelegenheiten ben\u00f6tigen, das Team wird mit Ihnen zusammenarbeiten, um herauszufinden, was am besten zu Ihrer Situation passt.<\/p>","protected":false},"excerpt":{"rendered":"<p>Tagesbetreuung und Anleitung f\u00fcr Struktur, Genesung und soziale Teilhabe<\/p>","protected":false},"featured_media":0,"template":"","meta":{"footnotes":""},"categories":[6411,6471,6467],"tags":[6359],"doelgroep":[],"class_list":["post-20867","locatie","type-locatie","status-publish","hentry","category-culturele-organisaties","category-hobby-vrije-tijd","category-winkels","tag-ravelijncenter","marker-toonopdenhelder"],"yoast_head":"<!-- This site is optimized with the Yoast SEO Premium plugin v24.7 (Yoast SEO v27.5) - https:\/\/yoast.com\/product\/yoast-seo-premium-wordpress\/ -->\n<title>Reakt Den Helder - Den Helder Online<\/title>\n<meta name=\"robots\" content=\"index, follow, max-snippet:-1, max-image-preview:large, max-video-preview:-1\" \/>\n<link rel=\"canonical\" href=\"https:\/\/denhelder.online\/de\/standort\/reagiert-hell\/\" \/>\n<meta property=\"og:locale\" content=\"de_DE\" \/>\n<meta property=\"og:type\" content=\"article\" \/>\n<meta property=\"og:title\" content=\"Reakt Den Helder\" \/>\n<meta property=\"og:description\" content=\"Dagbesteding en begeleiding voor structuur, herstel en sociale deelname\" \/>\n<meta property=\"og:url\" content=\"https:\/\/denhelder.online\/de\/standort\/reagiert-hell\/\" \/>\n<meta property=\"og:site_name\" content=\"Den Helder Online\" \/>\n<meta name=\"twitter:card\" content=\"summary_large_image\" \/>\n<meta name=\"twitter:label1\" content=\"Gesch\u00e4tzte Lesezeit\" \/>\n\t<meta name=\"twitter:data1\" content=\"1\u00a0Minute\" \/>\n<script type=\"application\/ld+json\" class=\"yoast-schema-graph\">{\"@context\":\"https:\\\/\\\/schema.org\",\"@graph\":[{\"@type\":\"WebPage\",\"@id\":\"https:\\\/\\\/denhelder.online\\\/locatie\\\/reakt-den-helder\\\/\",\"url\":\"https:\\\/\\\/denhelder.online\\\/locatie\\\/reakt-den-helder\\\/\",\"name\":\"Reakt Den Helder - Den Helder Online\",\"isPartOf\":{\"@id\":\"https:\\\/\\\/denhelder.online\\\/#website\"},\"datePublished\":\"2026-02-03T08:18:06+00:00\",\"breadcrumb\":{\"@id\":\"https:\\\/\\\/denhelder.online\\\/locatie\\\/reakt-den-helder\\\/#breadcrumb\"},\"inLanguage\":\"de\",\"potentialAction\":[{\"@type\":\"ReadAction\",\"target\":[\"https:\\\/\\\/denhelder.online\\\/locatie\\\/reakt-den-helder\\\/\"]}]},{\"@type\":\"BreadcrumbList\",\"@id\":\"https:\\\/\\\/denhelder.online\\\/locatie\\\/reakt-den-helder\\\/#breadcrumb\",\"itemListElement\":[{\"@type\":\"ListItem\",\"position\":1,\"name\":\"Home\",\"item\":\"https:\\\/\\\/denhelder.online\\\/\"},{\"@type\":\"ListItem\",\"position\":2,\"name\":\"Locaties\",\"item\":\"https:\\\/\\\/denhelder.online\\\/de\\\/standort\\\/\"},{\"@type\":\"ListItem\",\"position\":3,\"name\":\"Reakt Den Helder\"}]},{\"@type\":\"WebSite\",\"@id\":\"https:\\\/\\\/denhelder.online\\\/#website\",\"url\":\"https:\\\/\\\/denhelder.online\\\/\",\"name\":\"Den Helder Online\",\"description\":\"Beleef Den Helder\",\"publisher\":{\"@id\":\"https:\\\/\\\/denhelder.online\\\/#organization\"},\"potentialAction\":[{\"@type\":\"SearchAction\",\"target\":{\"@type\":\"EntryPoint\",\"urlTemplate\":\"https:\\\/\\\/denhelder.online\\\/?s={search_term_string}\"},\"query-input\":{\"@type\":\"PropertyValueSpecification\",\"valueRequired\":true,\"valueName\":\"search_term_string\"}}],\"inLanguage\":\"de\"},{\"@type\":\"Organization\",\"@id\":\"https:\\\/\\\/denhelder.online\\\/#organization\",\"name\":\"Den Helder Online\",\"url\":\"https:\\\/\\\/denhelder.online\\\/\",\"logo\":{\"@type\":\"ImageObject\",\"inLanguage\":\"de\",\"@id\":\"https:\\\/\\\/denhelder.online\\\/#\\\/schema\\\/logo\\\/image\\\/\",\"url\":\"https:\\\/\\\/denhelder.online\\\/wp-content\\\/uploads\\\/2021\\\/12\\\/DitIsDH-Logo-26-tagline.svg\",\"contentUrl\":\"https:\\\/\\\/denhelder.online\\\/wp-content\\\/uploads\\\/2021\\\/12\\\/DitIsDH-Logo-26-tagline.svg\",\"width\":1717.0999999999999,\"height\":934.89999999999998,\"caption\":\"Den Helder Online\"},\"image\":{\"@id\":\"https:\\\/\\\/denhelder.online\\\/#\\\/schema\\\/logo\\\/image\\\/\"}}]}<\/script>\n<!-- \/ Yoast SEO Premium plugin. -->","yoast_head_json":{"title":"Reakt Den Helder - Den Helder Online","robots":{"index":"index","follow":"follow","max-snippet":"max-snippet:-1","max-image-preview":"max-image-preview:large","max-video-preview":"max-video-preview:-1"},"canonical":"https:\/\/denhelder.online\/de\/standort\/reagiert-hell\/","og_locale":"de_DE","og_type":"article","og_title":"Reakt Den Helder","og_description":"Dagbesteding en begeleiding voor structuur, herstel en sociale deelname","og_url":"https:\/\/denhelder.online\/de\/standort\/reagiert-hell\/","og_site_name":"Den Helder Online","twitter_card":"summary_large_image","twitter_misc":{"Gesch\u00e4tzte Lesezeit":"1\u00a0Minute"},"schema":{"@context":"https:\/\/schema.org","@graph":[{"@type":"WebPage","@id":"https:\/\/denhelder.online\/locatie\/reakt-den-helder\/","url":"https:\/\/denhelder.online\/locatie\/reakt-den-helder\/","name":"Reakt Den Helder - Den Helder Online","isPartOf":{"@id":"https:\/\/denhelder.online\/#website"},"datePublished":"2026-02-03T08:18:06+00:00","breadcrumb":{"@id":"https:\/\/denhelder.online\/locatie\/reakt-den-helder\/#breadcrumb"},"inLanguage":"de","potentialAction":[{"@type":"ReadAction","target":["https:\/\/denhelder.online\/locatie\/reakt-den-helder\/"]}]},{"@type":"BreadcrumbList","@id":"https:\/\/denhelder.online\/locatie\/reakt-den-helder\/#breadcrumb","itemListElement":[{"@type":"ListItem","position":1,"name":"Home","item":"https:\/\/denhelder.online\/"},{"@type":"ListItem","position":2,"name":"Locaties","item":"https:\/\/denhelder.online\/de\/standort\/"},{"@type":"ListItem","position":3,"name":"Reakt Den Helder"}]},{"@type":"WebSite","@id":"https:\/\/denhelder.online\/#website","url":"https:\/\/denhelder.online\/","name":"Den Helder Online","description":"Erleben Sie Den Helder","publisher":{"@id":"https:\/\/denhelder.online\/#organization"},"potentialAction":[{"@type":"SearchAction","target":{"@type":"EntryPoint","urlTemplate":"https:\/\/denhelder.online\/?s={search_term_string}"},"query-input":{"@type":"PropertyValueSpecification","valueRequired":true,"valueName":"search_term_string"}}],"inLanguage":"de"},{"@type":"Organization","@id":"https:\/\/denhelder.online\/#organization","name":"Den Helder Online","url":"https:\/\/denhelder.online\/","logo":{"@type":"ImageObject","inLanguage":"de","@id":"https:\/\/denhelder.online\/#\/schema\/logo\/image\/","url":"https:\/\/denhelder.online\/wp-content\/uploads\/2021\/12\/DitIsDH-Logo-26-tagline.svg","contentUrl":"https:\/\/denhelder.online\/wp-content\/uploads\/2021\/12\/DitIsDH-Logo-26-tagline.svg","width":1717.0999999999999,"height":934.89999999999998,"caption":"Den Helder Online"},"image":{"@id":"https:\/\/denhelder.online\/#\/schema\/logo\/image\/"}}]}},"_links":{"self":[{"href":"https:\/\/denhelder.online\/de\/wp-json\/wp\/v2\/locations\/20867","targetHints":{"allow":["GET"]}}],"collection":[{"href":"https:\/\/denhelder.online\/de\/wp-json\/wp\/v2\/locations"}],"about":[{"href":"https:\/\/denhelder.online\/de\/wp-json\/wp\/v2\/types\/locatie"}],"version-history":[{"count":0,"href":"https:\/\/denhelder.online\/de\/wp-json\/wp\/v2\/locations\/20867\/revisions"}],"wp:attachment":[{"href":"https:\/\/denhelder.online\/de\/wp-json\/wp\/v2\/media?parent=20867"}],"wp:term":[{"taxonomy":"category","embeddable":true,"href":"https:\/\/denhelder.online\/de\/wp-json\/wp\/v2\/categories?post=20867"},{"taxonomy":"post_tag","embeddable":true,"href":"https:\/\/denhelder.online\/de\/wp-json\/wp\/v2\/tags?post=20867"},{"taxonomy":"doelgroep","embeddable":true,"href":"https:\/\/denhelder.online\/de\/wp-json\/wp\/v2\/doelgroep?post=20867"}],"curies":[{"name":"wp","href":"https:\/\/api.w.org\/{rel}","templated":true}]}}

<p>Reakt im Ravelijncenter in Den Helder unterstützt Menschen, die wieder die Kontrolle über ihren Alltag erlangen möchten. Sie können an Aktivitäten teilnehmen, an persönlichen Zielen arbeiten und tagsüber Angebote nutzen.</p>
<p><strong>Finde Struktur und Rhythmus</strong></p>
<p>Bei Reakt kannst du tagsüber an berufsbezogenen Aktivitäten, kreativen Angeboten, Holz- und Fahrradworkshops und vielem mehr teilnehmen. Gemeinsam mit Betreuern arbeitest du an den täglichen Abläufen und eignest dir neue Fähigkeiten an.</p>
<p><strong>Gemeinsam lernen und sich treffen</strong></p>
<p>Der Standort bietet nicht nur Aktivitäten, sondern auch Beratung zu Finanzen, Wohnen, Arbeit und sozialen Kontakten. Sie lernen andere Teilnehmer kennen und gewinnen in einer geschützten Umgebung an Selbstvertrauen.</p>
<p><strong>Hilfe in Ihrem Tempo</strong></p>
<p>Ob Sie soziale Aktivitäten, individuelles Coaching oder Unterstützung bei praktischen Angelegenheiten benötigen, das Team wird mit Ihnen zusammenarbeiten, um herauszufinden, was am besten zu Ihrer Situation passt.</p>

<p>Tagesbetreuung und Anleitung für Struktur, Genesung und soziale Teilhabe</p>

<!-- This site is optimized with the Yoast SEO Premium plugin v24.7 (Yoast SEO v27.5) - https://yoast.com/product/yoast-seo-premium-wordpress/ -->
<title>Reakt Den Helder - Den Helder Online</title>
<meta name="robots" content="index, follow, max-snippet:-1, max-image-preview:large, max-video-preview:-1" />
<link rel="canonical" href="https://denhelder.online/de/standort/reagiert-hell/" />
<meta property="og:locale" content="de_DE" />
<meta property="og:type" content="article" />
<meta property="og:title" content="Reakt Den Helder" />
<meta property="og:description" content="Dagbesteding en begeleiding voor structuur, herstel en sociale deelname" />
<meta property="og:url" content="https://denhelder.online/de/standort/reagiert-hell/" />
<meta property="og:site_name" content="Den Helder Online" />
<meta name="twitter:card" content="summary_large_image" />
<meta name="twitter:label1" content="Geschätzte Lesezeit" />
	<meta name="twitter:data1" content="1 Minute" />
<script type="application/ld+json" class="yoast-schema-graph">{"@context":"https:\/\/schema.org","@graph":[{"@type":"WebPage","@id":"https:\/\/denhelder.online\/locatie\/reakt-den-helder\/","url":"https:\/\/denhelder.online\/locatie\/reakt-den-helder\/","name":"Reakt Den Helder - Den Helder Online","isPartOf":{"@id":"https:\/\/denhelder.online\/#website"},"datePublished":"2026-02-03T08:18:06+00:00","breadcrumb":{"@id":"https:\/\/denhelder.online\/locatie\/reakt-den-helder\/#breadcrumb"},"inLanguage":"de","potentialAction":[{"@type":"ReadAction","target":["https:\/\/denhelder.online\/locatie\/reakt-den-helder\/"]}]},{"@type":"BreadcrumbList","@id":"https:\/\/denhelder.online\/locatie\/reakt-den-helder\/#breadcrumb","itemListElement":[{"@type":"ListItem","position":1,"name":"Home","item":"https:\/\/denhelder.online\/"},{"@type":"ListItem","position":2,"name":"Locaties","item":"https:\/\/denhelder.online\/de\/standort\/"},{"@type":"ListItem","position":3,"name":"Reakt Den Helder"}]},{"@type":"WebSite","@id":"https:\/\/denhelder.online\/#website","url":"https:\/\/denhelder.online\/","name":"Den Helder Online","description":"Beleef Den Helder","publisher":{"@id":"https:\/\/denhelder.online\/#organization"},"potentialAction":[{"@type":"SearchAction","target":{"@type":"EntryPoint","urlTemplate":"https:\/\/denhelder.online\/?s={search_term_string}"},"query-input":{"@type":"PropertyValueSpecification","valueRequired":true,"valueName":"search_term_string"}}],"inLanguage":"de"},{"@type":"Organization","@id":"https:\/\/denhelder.online\/#organization","name":"Den Helder Online","url":"https:\/\/denhelder.online\/","logo":{"@type":"ImageObject","inLanguage":"de","@id":"https:\/\/denhelder.online\/#\/schema\/logo\/image\/","url":"https:\/\/denhelder.online\/wp-content\/uploads\/2021\/12\/DitIsDH-Logo-26-tagline.svg","contentUrl":"https:\/\/denhelder.online\/wp-content\/uploads\/2021\/12\/DitIsDH-Logo-26-tagline.svg","width":1717.0999999999999,"height":934.89999999999998,"caption":"Den Helder Online"},"image":{"@id":"https:\/\/denhelder.online\/#\/schema\/logo\/image\/"}}]}</script>
<!-- / Yoast SEO Premium plugin. -->
