{"id":22765,"date":"2024-01-04T15:27:36","date_gmt":"2024-01-04T14:27:36","guid":{"rendered":"https:\/\/denhelder.online\/projecten\/stadhuis-willemsoord\/"},"modified":"2024-01-04T15:27:36","modified_gmt":"2024-01-04T14:27:36","slug":"rathaus-von-willemsoord","status":"publish","type":"projecten","link":"https:\/\/denhelder.online\/de\/projecten\/stadhuis-willemsoord\/","title":{"rendered":"Rathaus von Willemsoord"},"excerpt":{"rendered":"<p>Mit dem neuen Rathaus ist Den Helder noch sch\u00f6ner geworden! Zeestad hat das neue Rathaus in Willemsoord f\u00fcr die Gemeinde errichtet. Alle \u00f6ffentlichen Einrichtungen sind im ehemaligen Mastenloods (66) untergebracht. Die st\u00e4dtischen Angestellten haben ihre Arbeitspl\u00e4tze im Stadtb\u00fcro (72).<\/p>","protected":false},"featured_media":22766,"template":"","class_list":["post-22765","projecten","type-projecten","status-publish","has-post-thumbnail","hentry"],"yoast_head":"<!-- This site is optimized with the Yoast SEO Premium plugin v24.7 (Yoast SEO v27.4) - https:\/\/yoast.com\/product\/yoast-seo-premium-wordpress\/ -->\n<title>Project Stadhuis Willemsoord - Stad aan Zee<\/title>\n<meta name=\"description\" content=\"Zeestad heeft voor de gemeente het nieuwe stadhuis op Willemsoord ontwikkeld. Alle publieksfuncties zijn in de vm. Mastenloods onder gebracht.\" \/>\n<meta name=\"robots\" content=\"index, follow, max-snippet:-1, max-image-preview:large, max-video-preview:-1\" \/>\n<link rel=\"canonical\" href=\"https:\/\/denhelder.online\/de\/projekte\/rathaus-von-willemsoord\/\" \/>\n<meta property=\"og:locale\" content=\"de_DE\" \/>\n<meta property=\"og:type\" content=\"article\" \/>\n<meta property=\"og:title\" content=\"Stadhuis Willemsoord\" \/>\n<meta property=\"og:description\" content=\"Zeestad heeft voor de gemeente het nieuwe stadhuis op Willemsoord ontwikkeld. Alle publieksfuncties zijn in de vm. Mastenloods onder gebracht.\" \/>\n<meta property=\"og:url\" content=\"https:\/\/denhelder.online\/de\/projekte\/rathaus-von-willemsoord\/\" \/>\n<meta property=\"og:site_name\" content=\"Den Helder Online\" \/>\n<meta property=\"og:image\" content=\"https:\/\/denhelder.online\/wp-content\/uploads\/2026\/04\/Stadhuis1-jpeg.webp\" \/>\n\t<meta property=\"og:image:width\" content=\"2000\" \/>\n\t<meta property=\"og:image:height\" content=\"1276\" \/>\n\t<meta property=\"og:image:type\" content=\"image\/webp\" \/>\n<meta name=\"twitter:card\" content=\"summary_large_image\" \/>\n<meta name=\"twitter:label1\" content=\"Gesch\u00e4tzte Lesezeit\" \/>\n\t<meta name=\"twitter:data1\" content=\"1\u00a0Minute\" \/>\n<script type=\"application\/ld+json\" class=\"yoast-schema-graph\">{\"@context\":\"https:\\\/\\\/schema.org\",\"@graph\":[{\"@type\":\"WebPage\",\"@id\":\"https:\\\/\\\/denhelder.online\\\/de\\\/projecten\\\/stadhuis-willemsoord\\\/\",\"url\":\"https:\\\/\\\/denhelder.online\\\/de\\\/projecten\\\/stadhuis-willemsoord\\\/\",\"name\":\"Project Stadhuis Willemsoord - Stad aan Zee\",\"isPartOf\":{\"@id\":\"https:\\\/\\\/denhelder.online\\\/#website\"},\"primaryImageOfPage\":{\"@id\":\"https:\\\/\\\/denhelder.online\\\/de\\\/projecten\\\/stadhuis-willemsoord\\\/#primaryimage\"},\"image\":{\"@id\":\"https:\\\/\\\/denhelder.online\\\/de\\\/projecten\\\/stadhuis-willemsoord\\\/#primaryimage\"},\"thumbnailUrl\":\"https:\\\/\\\/denhelder.online\\\/wp-content\\\/uploads\\\/2026\\\/04\\\/Stadhuis1-jpeg.webp\",\"datePublished\":\"2024-01-04T14:27:36+00:00\",\"description\":\"Zeestad heeft voor de gemeente het nieuwe stadhuis op Willemsoord ontwikkeld. Alle publieksfuncties zijn in de vm. Mastenloods onder gebracht.\",\"breadcrumb\":{\"@id\":\"https:\\\/\\\/denhelder.online\\\/de\\\/projecten\\\/stadhuis-willemsoord\\\/#breadcrumb\"},\"inLanguage\":\"de\",\"potentialAction\":[{\"@type\":\"ReadAction\",\"target\":[\"https:\\\/\\\/denhelder.online\\\/de\\\/projecten\\\/stadhuis-willemsoord\\\/\"]}]},{\"@type\":\"ImageObject\",\"inLanguage\":\"de\",\"@id\":\"https:\\\/\\\/denhelder.online\\\/de\\\/projecten\\\/stadhuis-willemsoord\\\/#primaryimage\",\"url\":\"https:\\\/\\\/denhelder.online\\\/wp-content\\\/uploads\\\/2026\\\/04\\\/Stadhuis1-jpeg.webp\",\"contentUrl\":\"https:\\\/\\\/denhelder.online\\\/wp-content\\\/uploads\\\/2026\\\/04\\\/Stadhuis1-jpeg.webp\",\"width\":2000,\"height\":1276},{\"@type\":\"BreadcrumbList\",\"@id\":\"https:\\\/\\\/denhelder.online\\\/de\\\/projecten\\\/stadhuis-willemsoord\\\/#breadcrumb\",\"itemListElement\":[{\"@type\":\"ListItem\",\"position\":1,\"name\":\"Home\",\"item\":\"https:\\\/\\\/denhelder.online\\\/\"},{\"@type\":\"ListItem\",\"position\":2,\"name\":\"Projecten\",\"item\":\"https:\\\/\\\/denhelder.online\\\/projecten\\\/\"},{\"@type\":\"ListItem\",\"position\":3,\"name\":\"Stadhuis Willemsoord\"}]},{\"@type\":\"WebSite\",\"@id\":\"https:\\\/\\\/denhelder.online\\\/#website\",\"url\":\"https:\\\/\\\/denhelder.online\\\/\",\"name\":\"Den Helder Online\",\"description\":\"Beleef Den Helder\",\"publisher\":{\"@id\":\"https:\\\/\\\/denhelder.online\\\/#organization\"},\"potentialAction\":[{\"@type\":\"SearchAction\",\"target\":{\"@type\":\"EntryPoint\",\"urlTemplate\":\"https:\\\/\\\/denhelder.online\\\/?s={search_term_string}\"},\"query-input\":{\"@type\":\"PropertyValueSpecification\",\"valueRequired\":true,\"valueName\":\"search_term_string\"}}],\"inLanguage\":\"de\"},{\"@type\":\"Organization\",\"@id\":\"https:\\\/\\\/denhelder.online\\\/#organization\",\"name\":\"Den Helder Online\",\"url\":\"https:\\\/\\\/denhelder.online\\\/\",\"logo\":{\"@type\":\"ImageObject\",\"inLanguage\":\"de\",\"@id\":\"https:\\\/\\\/denhelder.online\\\/#\\\/schema\\\/logo\\\/image\\\/\",\"url\":\"https:\\\/\\\/denhelder.online\\\/wp-content\\\/uploads\\\/2021\\\/12\\\/DitIsDH-Logo-26-tagline.svg\",\"contentUrl\":\"https:\\\/\\\/denhelder.online\\\/wp-content\\\/uploads\\\/2021\\\/12\\\/DitIsDH-Logo-26-tagline.svg\",\"width\":1717.0999999999999,\"height\":934.89999999999998,\"caption\":\"Den Helder Online\"},\"image\":{\"@id\":\"https:\\\/\\\/denhelder.online\\\/#\\\/schema\\\/logo\\\/image\\\/\"}}]}<\/script>\n<!-- \/ Yoast SEO Premium plugin. -->","yoast_head_json":{"title":"Rathausprojekt Willemsoord \u2013 Stadt am Meer","description":"Zeestad errichtete das neue Rathaus in Willemsoord f\u00fcr die Gemeinde. Alle \u00f6ffentlichen Funktionen sind im ehemaligen Mastenloods untergebracht.","robots":{"index":"index","follow":"follow","max-snippet":"max-snippet:-1","max-image-preview":"max-image-preview:large","max-video-preview":"max-video-preview:-1"},"canonical":"https:\/\/denhelder.online\/de\/projekte\/rathaus-von-willemsoord\/","og_locale":"de_DE","og_type":"article","og_title":"Stadhuis Willemsoord","og_description":"Zeestad heeft voor de gemeente het nieuwe stadhuis op Willemsoord ontwikkeld. Alle publieksfuncties zijn in de vm. Mastenloods onder gebracht.","og_url":"https:\/\/denhelder.online\/de\/projekte\/rathaus-von-willemsoord\/","og_site_name":"Den Helder Online","og_image":[{"width":2000,"height":1276,"url":"https:\/\/denhelder.online\/wp-content\/uploads\/2026\/04\/Stadhuis1-jpeg.webp","type":"image\/webp"}],"twitter_card":"summary_large_image","twitter_misc":{"Gesch\u00e4tzte Lesezeit":"1\u00a0Minute"},"schema":{"@context":"https:\/\/schema.org","@graph":[{"@type":"WebPage","@id":"https:\/\/denhelder.online\/de\/projecten\/stadhuis-willemsoord\/","url":"https:\/\/denhelder.online\/de\/projecten\/stadhuis-willemsoord\/","name":"Rathausprojekt Willemsoord \u2013 Stadt am Meer","isPartOf":{"@id":"https:\/\/denhelder.online\/#website"},"primaryImageOfPage":{"@id":"https:\/\/denhelder.online\/de\/projecten\/stadhuis-willemsoord\/#primaryimage"},"image":{"@id":"https:\/\/denhelder.online\/de\/projecten\/stadhuis-willemsoord\/#primaryimage"},"thumbnailUrl":"https:\/\/denhelder.online\/wp-content\/uploads\/2026\/04\/Stadhuis1-jpeg.webp","datePublished":"2024-01-04T14:27:36+00:00","description":"Zeestad errichtete das neue Rathaus in Willemsoord f\u00fcr die Gemeinde. Alle \u00f6ffentlichen Funktionen sind im ehemaligen Mastenloods untergebracht.","breadcrumb":{"@id":"https:\/\/denhelder.online\/de\/projecten\/stadhuis-willemsoord\/#breadcrumb"},"inLanguage":"de","potentialAction":[{"@type":"ReadAction","target":["https:\/\/denhelder.online\/de\/projecten\/stadhuis-willemsoord\/"]}]},{"@type":"ImageObject","inLanguage":"de","@id":"https:\/\/denhelder.online\/de\/projecten\/stadhuis-willemsoord\/#primaryimage","url":"https:\/\/denhelder.online\/wp-content\/uploads\/2026\/04\/Stadhuis1-jpeg.webp","contentUrl":"https:\/\/denhelder.online\/wp-content\/uploads\/2026\/04\/Stadhuis1-jpeg.webp","width":2000,"height":1276},{"@type":"BreadcrumbList","@id":"https:\/\/denhelder.online\/de\/projecten\/stadhuis-willemsoord\/#breadcrumb","itemListElement":[{"@type":"ListItem","position":1,"name":"Home","item":"https:\/\/denhelder.online\/"},{"@type":"ListItem","position":2,"name":"Projecten","item":"https:\/\/denhelder.online\/projecten\/"},{"@type":"ListItem","position":3,"name":"Stadhuis Willemsoord"}]},{"@type":"WebSite","@id":"https:\/\/denhelder.online\/#website","url":"https:\/\/denhelder.online\/","name":"Den Helder Online","description":"Erleben Sie Den Helder","publisher":{"@id":"https:\/\/denhelder.online\/#organization"},"potentialAction":[{"@type":"SearchAction","target":{"@type":"EntryPoint","urlTemplate":"https:\/\/denhelder.online\/?s={search_term_string}"},"query-input":{"@type":"PropertyValueSpecification","valueRequired":true,"valueName":"search_term_string"}}],"inLanguage":"de"},{"@type":"Organization","@id":"https:\/\/denhelder.online\/#organization","name":"Den Helder Online","url":"https:\/\/denhelder.online\/","logo":{"@type":"ImageObject","inLanguage":"de","@id":"https:\/\/denhelder.online\/#\/schema\/logo\/image\/","url":"https:\/\/denhelder.online\/wp-content\/uploads\/2021\/12\/DitIsDH-Logo-26-tagline.svg","contentUrl":"https:\/\/denhelder.online\/wp-content\/uploads\/2021\/12\/DitIsDH-Logo-26-tagline.svg","width":1717.0999999999999,"height":934.89999999999998,"caption":"Den Helder Online"},"image":{"@id":"https:\/\/denhelder.online\/#\/schema\/logo\/image\/"}}]}},"_links":{"self":[{"href":"https:\/\/denhelder.online\/de\/wp-json\/wp\/v2\/projecten\/22765","targetHints":{"allow":["GET"]}}],"collection":[{"href":"https:\/\/denhelder.online\/de\/wp-json\/wp\/v2\/projecten"}],"about":[{"href":"https:\/\/denhelder.online\/de\/wp-json\/wp\/v2\/types\/projecten"}],"wp:featuredmedia":[{"embeddable":true,"href":"https:\/\/denhelder.online\/de\/wp-json\/wp\/v2\/media\/22766"}],"wp:attachment":[{"href":"https:\/\/denhelder.online\/de\/wp-json\/wp\/v2\/media?parent=22765"}],"curies":[{"name":"wp","href":"https:\/\/api.w.org\/{rel}","templated":true}]}}

<p>Mit dem neuen Rathaus ist Den Helder noch schöner geworden! Zeestad hat das neue Rathaus in Willemsoord für die Gemeinde errichtet. Alle öffentlichen Einrichtungen sind im ehemaligen Mastenloods (66) untergebracht. Die städtischen Angestellten haben ihre Arbeitsplätze im Stadtbüro (72).</p>

<!-- This site is optimized with the Yoast SEO Premium plugin v24.7 (Yoast SEO v27.4) - https://yoast.com/product/yoast-seo-premium-wordpress/ -->
<title>Project Stadhuis Willemsoord - Stad aan Zee</title>
<meta name="description" content="Zeestad heeft voor de gemeente het nieuwe stadhuis op Willemsoord ontwikkeld. Alle publieksfuncties zijn in de vm. Mastenloods onder gebracht." />
<meta name="robots" content="index, follow, max-snippet:-1, max-image-preview:large, max-video-preview:-1" />
<link rel="canonical" href="https://denhelder.online/de/projekte/rathaus-von-willemsoord/" />
<meta property="og:locale" content="de_DE" />
<meta property="og:type" content="article" />
<meta property="og:title" content="Stadhuis Willemsoord" />
<meta property="og:description" content="Zeestad heeft voor de gemeente het nieuwe stadhuis op Willemsoord ontwikkeld. Alle publieksfuncties zijn in de vm. Mastenloods onder gebracht." />
<meta property="og:url" content="https://denhelder.online/de/projekte/rathaus-von-willemsoord/" />
<meta property="og:site_name" content="Den Helder Online" />
<meta property="og:image" content="https://denhelder.online/wp-content/uploads/2026/04/Stadhuis1-jpeg.webp" />
	<meta property="og:image:width" content="2000" />
	<meta property="og:image:height" content="1276" />
	<meta property="og:image:type" content="image/webp" />
<meta name="twitter:card" content="summary_large_image" />
<meta name="twitter:label1" content="Geschätzte Lesezeit" />
	<meta name="twitter:data1" content="1 Minute" />
<script type="application/ld+json" class="yoast-schema-graph">{"@context":"https:\/\/schema.org","@graph":[{"@type":"WebPage","@id":"https:\/\/denhelder.online\/de\/projecten\/stadhuis-willemsoord\/","url":"https:\/\/denhelder.online\/de\/projecten\/stadhuis-willemsoord\/","name":"Project Stadhuis Willemsoord - Stad aan Zee","isPartOf":{"@id":"https:\/\/denhelder.online\/#website"},"primaryImageOfPage":{"@id":"https:\/\/denhelder.online\/de\/projecten\/stadhuis-willemsoord\/#primaryimage"},"image":{"@id":"https:\/\/denhelder.online\/de\/projecten\/stadhuis-willemsoord\/#primaryimage"},"thumbnailUrl":"https:\/\/denhelder.online\/wp-content\/uploads\/2026\/04\/Stadhuis1-jpeg.webp","datePublished":"2024-01-04T14:27:36+00:00","description":"Zeestad heeft voor de gemeente het nieuwe stadhuis op Willemsoord ontwikkeld. Alle publieksfuncties zijn in de vm. Mastenloods onder gebracht.","breadcrumb":{"@id":"https:\/\/denhelder.online\/de\/projecten\/stadhuis-willemsoord\/#breadcrumb"},"inLanguage":"de","potentialAction":[{"@type":"ReadAction","target":["https:\/\/denhelder.online\/de\/projecten\/stadhuis-willemsoord\/"]}]},{"@type":"ImageObject","inLanguage":"de","@id":"https:\/\/denhelder.online\/de\/projecten\/stadhuis-willemsoord\/#primaryimage","url":"https:\/\/denhelder.online\/wp-content\/uploads\/2026\/04\/Stadhuis1-jpeg.webp","contentUrl":"https:\/\/denhelder.online\/wp-content\/uploads\/2026\/04\/Stadhuis1-jpeg.webp","width":2000,"height":1276},{"@type":"BreadcrumbList","@id":"https:\/\/denhelder.online\/de\/projecten\/stadhuis-willemsoord\/#breadcrumb","itemListElement":[{"@type":"ListItem","position":1,"name":"Home","item":"https:\/\/denhelder.online\/"},{"@type":"ListItem","position":2,"name":"Projecten","item":"https:\/\/denhelder.online\/projecten\/"},{"@type":"ListItem","position":3,"name":"Stadhuis Willemsoord"}]},{"@type":"WebSite","@id":"https:\/\/denhelder.online\/#website","url":"https:\/\/denhelder.online\/","name":"Den Helder Online","description":"Beleef Den Helder","publisher":{"@id":"https:\/\/denhelder.online\/#organization"},"potentialAction":[{"@type":"SearchAction","target":{"@type":"EntryPoint","urlTemplate":"https:\/\/denhelder.online\/?s={search_term_string}"},"query-input":{"@type":"PropertyValueSpecification","valueRequired":true,"valueName":"search_term_string"}}],"inLanguage":"de"},{"@type":"Organization","@id":"https:\/\/denhelder.online\/#organization","name":"Den Helder Online","url":"https:\/\/denhelder.online\/","logo":{"@type":"ImageObject","inLanguage":"de","@id":"https:\/\/denhelder.online\/#\/schema\/logo\/image\/","url":"https:\/\/denhelder.online\/wp-content\/uploads\/2021\/12\/DitIsDH-Logo-26-tagline.svg","contentUrl":"https:\/\/denhelder.online\/wp-content\/uploads\/2021\/12\/DitIsDH-Logo-26-tagline.svg","width":1717.0999999999999,"height":934.89999999999998,"caption":"Den Helder Online"},"image":{"@id":"https:\/\/denhelder.online\/#\/schema\/logo\/image\/"}}]}</script>
<!-- / Yoast SEO Premium plugin. -->

Zeestad errichtete das neue Rathaus in Willemsoord für die Gemeinde. Alle öffentlichen Funktionen sind im ehemaligen Mastenloods untergebracht.
