{"id":22730,"date":"2024-01-04T14:37:32","date_gmt":"2024-01-04T13:37:32","guid":{"rendered":"https:\/\/denhelder.online\/woningbouw\/dijkkwartier\/"},"modified":"2024-01-04T14:37:32","modified_gmt":"2024-01-04T13:37:32","slug":"deichviertel","status":"publish","type":"woningbouw","link":"https:\/\/denhelder.online\/de\/woningbouw\/dijkkwartier\/","title":{"rendered":"Deichviertel"},"excerpt":{"rendered":"<p>Im Auftrag der Gemeinde Den Helder, der Wohnungsbaustiftung Den Helder und des Wasserverbands Hollands Noorderkwartier pr\u00fcft das Bauunternehmen Zeestad, ob in der ersten Bauphase mehr als 200 Wohneinheiten realisiert werden k\u00f6nnen. Parallel dazu untersucht der Wasserverband Hollands Noorderkwartier, ob der Deich bereits jetzt verst\u00e4rkt, verbreitert und erh\u00f6ht werden kann, um das neue Wohngebiet zu erm\u00f6glichen.<\/p>","protected":false},"featured_media":22731,"template":"","aanbod-type":[6509,6510],"status-bouw":[6508],"status--erkoop":[6504],"status-verhuur":[6502],"class_list":["post-22730","woningbouw","type-woningbouw","status-publish","has-post-thumbnail","hentry","aanbod-type-huur","aanbod-type-koop","status-bouw-moet-nog-starten","status--erkoop-nog-niet-in-de-verkoop","status-verhuur-moet-nog-online-komen"],"yoast_head":"<!-- This site is optimized with the Yoast SEO Premium plugin v24.7 (Yoast SEO v27.5) - https:\/\/yoast.com\/product\/yoast-seo-premium-wordpress\/ -->\n<title>Dijkkwartier - Stad aan Zee<\/title>\n<meta name=\"description\" content=\"De dijk aan de stadskant iets verhoogd en verbreed, om Den Helder de komende eeuwen te blijven beschermen. Die robuuste dijk dient tegelijk als unieke ondergrond voor een woonwijk met huur- en koopwoningen.\" \/>\n<meta name=\"robots\" content=\"index, follow, max-snippet:-1, max-image-preview:large, max-video-preview:-1\" \/>\n<link rel=\"canonical\" href=\"https:\/\/denhelder.online\/de\/wohnungsbau\/deichviertel\/\" \/>\n<meta property=\"og:locale\" content=\"de_DE\" \/>\n<meta property=\"og:type\" content=\"article\" \/>\n<meta property=\"og:title\" content=\"Dijkkwartier\" \/>\n<meta property=\"og:description\" content=\"De dijk aan de stadskant iets verhoogd en verbreed, om Den Helder de komende eeuwen te blijven beschermen. Die robuuste dijk dient tegelijk als unieke ondergrond voor een woonwijk met huur- en koopwoningen.\" \/>\n<meta property=\"og:url\" content=\"https:\/\/denhelder.online\/de\/wohnungsbau\/deichviertel\/\" \/>\n<meta property=\"og:site_name\" content=\"Den Helder Online\" \/>\n<meta property=\"og:image\" content=\"https:\/\/denhelder.online\/wp-content\/uploads\/2026\/04\/G_28-Photo.jpg\" \/>\n\t<meta property=\"og:image:width\" content=\"1920\" \/>\n\t<meta property=\"og:image:height\" content=\"1080\" \/>\n\t<meta property=\"og:image:type\" content=\"image\/jpeg\" \/>\n<meta name=\"twitter:card\" content=\"summary_large_image\" \/>\n<meta name=\"twitter:label1\" content=\"Gesch\u00e4tzte Lesezeit\" \/>\n\t<meta name=\"twitter:data1\" content=\"1\u00a0Minute\" \/>\n<script type=\"application\/ld+json\" class=\"yoast-schema-graph\">{\"@context\":\"https:\\\/\\\/schema.org\",\"@graph\":[{\"@type\":\"WebPage\",\"@id\":\"https:\\\/\\\/denhelder.online\\\/woningbouw\\\/dijkkwartier\\\/\",\"url\":\"https:\\\/\\\/denhelder.online\\\/woningbouw\\\/dijkkwartier\\\/\",\"name\":\"Dijkkwartier - Stad aan Zee\",\"isPartOf\":{\"@id\":\"https:\\\/\\\/denhelder.online\\\/#website\"},\"primaryImageOfPage\":{\"@id\":\"https:\\\/\\\/denhelder.online\\\/woningbouw\\\/dijkkwartier\\\/#primaryimage\"},\"image\":{\"@id\":\"https:\\\/\\\/denhelder.online\\\/woningbouw\\\/dijkkwartier\\\/#primaryimage\"},\"thumbnailUrl\":\"https:\\\/\\\/denhelder.online\\\/wp-content\\\/uploads\\\/2026\\\/04\\\/G_28-Photo.jpg\",\"datePublished\":\"2024-01-04T13:37:32+00:00\",\"description\":\"De dijk aan de stadskant iets verhoogd en verbreed, om Den Helder de komende eeuwen te blijven beschermen. Die robuuste dijk dient tegelijk als unieke ondergrond voor een woonwijk met huur- en koopwoningen.\",\"breadcrumb\":{\"@id\":\"https:\\\/\\\/denhelder.online\\\/woningbouw\\\/dijkkwartier\\\/#breadcrumb\"},\"inLanguage\":\"de\",\"potentialAction\":[{\"@type\":\"ReadAction\",\"target\":[\"https:\\\/\\\/denhelder.online\\\/woningbouw\\\/dijkkwartier\\\/\"]}]},{\"@type\":\"ImageObject\",\"inLanguage\":\"de\",\"@id\":\"https:\\\/\\\/denhelder.online\\\/woningbouw\\\/dijkkwartier\\\/#primaryimage\",\"url\":\"https:\\\/\\\/denhelder.online\\\/wp-content\\\/uploads\\\/2026\\\/04\\\/G_28-Photo.jpg\",\"contentUrl\":\"https:\\\/\\\/denhelder.online\\\/wp-content\\\/uploads\\\/2026\\\/04\\\/G_28-Photo.jpg\",\"width\":1920,\"height\":1080},{\"@type\":\"BreadcrumbList\",\"@id\":\"https:\\\/\\\/denhelder.online\\\/woningbouw\\\/dijkkwartier\\\/#breadcrumb\",\"itemListElement\":[{\"@type\":\"ListItem\",\"position\":1,\"name\":\"Home\",\"item\":\"https:\\\/\\\/denhelder.online\\\/\"},{\"@type\":\"ListItem\",\"position\":2,\"name\":\"Woningbouw\",\"item\":\"https:\\\/\\\/denhelder.online\\\/woningbouw\\\/\"},{\"@type\":\"ListItem\",\"position\":3,\"name\":\"Dijkkwartier\"}]},{\"@type\":\"WebSite\",\"@id\":\"https:\\\/\\\/denhelder.online\\\/#website\",\"url\":\"https:\\\/\\\/denhelder.online\\\/\",\"name\":\"Den Helder Online\",\"description\":\"Beleef Den Helder\",\"publisher\":{\"@id\":\"https:\\\/\\\/denhelder.online\\\/#organization\"},\"potentialAction\":[{\"@type\":\"SearchAction\",\"target\":{\"@type\":\"EntryPoint\",\"urlTemplate\":\"https:\\\/\\\/denhelder.online\\\/?s={search_term_string}\"},\"query-input\":{\"@type\":\"PropertyValueSpecification\",\"valueRequired\":true,\"valueName\":\"search_term_string\"}}],\"inLanguage\":\"de\"},{\"@type\":\"Organization\",\"@id\":\"https:\\\/\\\/denhelder.online\\\/#organization\",\"name\":\"Den Helder Online\",\"url\":\"https:\\\/\\\/denhelder.online\\\/\",\"logo\":{\"@type\":\"ImageObject\",\"inLanguage\":\"de\",\"@id\":\"https:\\\/\\\/denhelder.online\\\/#\\\/schema\\\/logo\\\/image\\\/\",\"url\":\"https:\\\/\\\/denhelder.online\\\/wp-content\\\/uploads\\\/2021\\\/12\\\/DitIsDH-Logo-26-tagline.svg\",\"contentUrl\":\"https:\\\/\\\/denhelder.online\\\/wp-content\\\/uploads\\\/2021\\\/12\\\/DitIsDH-Logo-26-tagline.svg\",\"width\":1717.0999999999999,\"height\":934.89999999999998,\"caption\":\"Den Helder Online\"},\"image\":{\"@id\":\"https:\\\/\\\/denhelder.online\\\/#\\\/schema\\\/logo\\\/image\\\/\"}}]}<\/script>\n<!-- \/ Yoast SEO Premium plugin. -->","yoast_head_json":{"title":"Dike Quarter \u2013 Stadt am Meer","description":"Der Deich auf der Stadtseite wurde leicht erh\u00f6ht und verbreitert, um den Den Helder auch in den kommenden Jahrhunderten zu sch\u00fctzen. Dieser robuste Deich dient gleichzeitig als einzigartiges Fundament f\u00fcr ein Wohngebiet mit Miet- und Eigentumswohnungen.","robots":{"index":"index","follow":"follow","max-snippet":"max-snippet:-1","max-image-preview":"max-image-preview:large","max-video-preview":"max-video-preview:-1"},"canonical":"https:\/\/denhelder.online\/de\/wohnungsbau\/deichviertel\/","og_locale":"de_DE","og_type":"article","og_title":"Dijkkwartier","og_description":"De dijk aan de stadskant iets verhoogd en verbreed, om Den Helder de komende eeuwen te blijven beschermen. Die robuuste dijk dient tegelijk als unieke ondergrond voor een woonwijk met huur- en koopwoningen.","og_url":"https:\/\/denhelder.online\/de\/wohnungsbau\/deichviertel\/","og_site_name":"Den Helder Online","og_image":[{"width":1920,"height":1080,"url":"https:\/\/denhelder.online\/wp-content\/uploads\/2026\/04\/G_28-Photo.jpg","type":"image\/jpeg"}],"twitter_card":"summary_large_image","twitter_misc":{"Gesch\u00e4tzte Lesezeit":"1\u00a0Minute"},"schema":{"@context":"https:\/\/schema.org","@graph":[{"@type":"WebPage","@id":"https:\/\/denhelder.online\/woningbouw\/dijkkwartier\/","url":"https:\/\/denhelder.online\/woningbouw\/dijkkwartier\/","name":"Dike Quarter \u2013 Stadt am Meer","isPartOf":{"@id":"https:\/\/denhelder.online\/#website"},"primaryImageOfPage":{"@id":"https:\/\/denhelder.online\/woningbouw\/dijkkwartier\/#primaryimage"},"image":{"@id":"https:\/\/denhelder.online\/woningbouw\/dijkkwartier\/#primaryimage"},"thumbnailUrl":"https:\/\/denhelder.online\/wp-content\/uploads\/2026\/04\/G_28-Photo.jpg","datePublished":"2024-01-04T13:37:32+00:00","description":"Der Deich auf der Stadtseite wurde leicht erh\u00f6ht und verbreitert, um den Den Helder auch in den kommenden Jahrhunderten zu sch\u00fctzen. Dieser robuste Deich dient gleichzeitig als einzigartiges Fundament f\u00fcr ein Wohngebiet mit Miet- und Eigentumswohnungen.","breadcrumb":{"@id":"https:\/\/denhelder.online\/woningbouw\/dijkkwartier\/#breadcrumb"},"inLanguage":"de","potentialAction":[{"@type":"ReadAction","target":["https:\/\/denhelder.online\/woningbouw\/dijkkwartier\/"]}]},{"@type":"ImageObject","inLanguage":"de","@id":"https:\/\/denhelder.online\/woningbouw\/dijkkwartier\/#primaryimage","url":"https:\/\/denhelder.online\/wp-content\/uploads\/2026\/04\/G_28-Photo.jpg","contentUrl":"https:\/\/denhelder.online\/wp-content\/uploads\/2026\/04\/G_28-Photo.jpg","width":1920,"height":1080},{"@type":"BreadcrumbList","@id":"https:\/\/denhelder.online\/woningbouw\/dijkkwartier\/#breadcrumb","itemListElement":[{"@type":"ListItem","position":1,"name":"Home","item":"https:\/\/denhelder.online\/"},{"@type":"ListItem","position":2,"name":"Woningbouw","item":"https:\/\/denhelder.online\/woningbouw\/"},{"@type":"ListItem","position":3,"name":"Dijkkwartier"}]},{"@type":"WebSite","@id":"https:\/\/denhelder.online\/#website","url":"https:\/\/denhelder.online\/","name":"Den Helder Online","description":"Erleben Sie Den Helder","publisher":{"@id":"https:\/\/denhelder.online\/#organization"},"potentialAction":[{"@type":"SearchAction","target":{"@type":"EntryPoint","urlTemplate":"https:\/\/denhelder.online\/?s={search_term_string}"},"query-input":{"@type":"PropertyValueSpecification","valueRequired":true,"valueName":"search_term_string"}}],"inLanguage":"de"},{"@type":"Organization","@id":"https:\/\/denhelder.online\/#organization","name":"Den Helder Online","url":"https:\/\/denhelder.online\/","logo":{"@type":"ImageObject","inLanguage":"de","@id":"https:\/\/denhelder.online\/#\/schema\/logo\/image\/","url":"https:\/\/denhelder.online\/wp-content\/uploads\/2021\/12\/DitIsDH-Logo-26-tagline.svg","contentUrl":"https:\/\/denhelder.online\/wp-content\/uploads\/2021\/12\/DitIsDH-Logo-26-tagline.svg","width":1717.0999999999999,"height":934.89999999999998,"caption":"Den Helder Online"},"image":{"@id":"https:\/\/denhelder.online\/#\/schema\/logo\/image\/"}}]}},"_links":{"self":[{"href":"https:\/\/denhelder.online\/de\/wp-json\/wp\/v2\/woningbouw\/22730","targetHints":{"allow":["GET"]}}],"collection":[{"href":"https:\/\/denhelder.online\/de\/wp-json\/wp\/v2\/woningbouw"}],"about":[{"href":"https:\/\/denhelder.online\/de\/wp-json\/wp\/v2\/types\/woningbouw"}],"wp:featuredmedia":[{"embeddable":true,"href":"https:\/\/denhelder.online\/de\/wp-json\/wp\/v2\/media\/22731"}],"wp:attachment":[{"href":"https:\/\/denhelder.online\/de\/wp-json\/wp\/v2\/media?parent=22730"}],"wp:term":[{"taxonomy":"aanbod-type","embeddable":true,"href":"https:\/\/denhelder.online\/de\/wp-json\/wp\/v2\/aanbod-type?post=22730"},{"taxonomy":"status-bouw","embeddable":true,"href":"https:\/\/denhelder.online\/de\/wp-json\/wp\/v2\/status-bouw?post=22730"},{"taxonomy":"status--erkoop","embeddable":true,"href":"https:\/\/denhelder.online\/de\/wp-json\/wp\/v2\/status--erkoop?post=22730"},{"taxonomy":"status-verhuur","embeddable":true,"href":"https:\/\/denhelder.online\/de\/wp-json\/wp\/v2\/status-verhuur?post=22730"}],"curies":[{"name":"wp","href":"https:\/\/api.w.org\/{rel}","templated":true}]}}

<p>Im Auftrag der Gemeinde Den Helder, der Wohnungsbaustiftung Den Helder und des Wasserverbands Hollands Noorderkwartier prüft das Bauunternehmen Zeestad, ob in der ersten Bauphase mehr als 200 Wohneinheiten realisiert werden können. Parallel dazu untersucht der Wasserverband Hollands Noorderkwartier, ob der Deich bereits jetzt verstärkt, verbreitert und erhöht werden kann, um das neue Wohngebiet zu ermöglichen.</p>

<!-- This site is optimized with the Yoast SEO Premium plugin v24.7 (Yoast SEO v27.5) - https://yoast.com/product/yoast-seo-premium-wordpress/ -->
<title>Dijkkwartier - Stad aan Zee</title>
<meta name="description" content="De dijk aan de stadskant iets verhoogd en verbreed, om Den Helder de komende eeuwen te blijven beschermen. Die robuuste dijk dient tegelijk als unieke ondergrond voor een woonwijk met huur- en koopwoningen." />
<meta name="robots" content="index, follow, max-snippet:-1, max-image-preview:large, max-video-preview:-1" />
<link rel="canonical" href="https://denhelder.online/de/wohnungsbau/deichviertel/" />
<meta property="og:locale" content="de_DE" />
<meta property="og:type" content="article" />
<meta property="og:title" content="Dijkkwartier" />
<meta property="og:description" content="De dijk aan de stadskant iets verhoogd en verbreed, om Den Helder de komende eeuwen te blijven beschermen. Die robuuste dijk dient tegelijk als unieke ondergrond voor een woonwijk met huur- en koopwoningen." />
<meta property="og:url" content="https://denhelder.online/de/wohnungsbau/deichviertel/" />
<meta property="og:site_name" content="Den Helder Online" />
<meta property="og:image" content="https://denhelder.online/wp-content/uploads/2026/04/G_28-Photo.jpg" />
	<meta property="og:image:width" content="1920" />
	<meta property="og:image:height" content="1080" />
	<meta property="og:image:type" content="image/jpeg" />
<meta name="twitter:card" content="summary_large_image" />
<meta name="twitter:label1" content="Geschätzte Lesezeit" />
	<meta name="twitter:data1" content="1 Minute" />
<script type="application/ld+json" class="yoast-schema-graph">{"@context":"https:\/\/schema.org","@graph":[{"@type":"WebPage","@id":"https:\/\/denhelder.online\/woningbouw\/dijkkwartier\/","url":"https:\/\/denhelder.online\/woningbouw\/dijkkwartier\/","name":"Dijkkwartier - Stad aan Zee","isPartOf":{"@id":"https:\/\/denhelder.online\/#website"},"primaryImageOfPage":{"@id":"https:\/\/denhelder.online\/woningbouw\/dijkkwartier\/#primaryimage"},"image":{"@id":"https:\/\/denhelder.online\/woningbouw\/dijkkwartier\/#primaryimage"},"thumbnailUrl":"https:\/\/denhelder.online\/wp-content\/uploads\/2026\/04\/G_28-Photo.jpg","datePublished":"2024-01-04T13:37:32+00:00","description":"De dijk aan de stadskant iets verhoogd en verbreed, om Den Helder de komende eeuwen te blijven beschermen. Die robuuste dijk dient tegelijk als unieke ondergrond voor een woonwijk met huur- en koopwoningen.","breadcrumb":{"@id":"https:\/\/denhelder.online\/woningbouw\/dijkkwartier\/#breadcrumb"},"inLanguage":"de","potentialAction":[{"@type":"ReadAction","target":["https:\/\/denhelder.online\/woningbouw\/dijkkwartier\/"]}]},{"@type":"ImageObject","inLanguage":"de","@id":"https:\/\/denhelder.online\/woningbouw\/dijkkwartier\/#primaryimage","url":"https:\/\/denhelder.online\/wp-content\/uploads\/2026\/04\/G_28-Photo.jpg","contentUrl":"https:\/\/denhelder.online\/wp-content\/uploads\/2026\/04\/G_28-Photo.jpg","width":1920,"height":1080},{"@type":"BreadcrumbList","@id":"https:\/\/denhelder.online\/woningbouw\/dijkkwartier\/#breadcrumb","itemListElement":[{"@type":"ListItem","position":1,"name":"Home","item":"https:\/\/denhelder.online\/"},{"@type":"ListItem","position":2,"name":"Woningbouw","item":"https:\/\/denhelder.online\/woningbouw\/"},{"@type":"ListItem","position":3,"name":"Dijkkwartier"}]},{"@type":"WebSite","@id":"https:\/\/denhelder.online\/#website","url":"https:\/\/denhelder.online\/","name":"Den Helder Online","description":"Beleef Den Helder","publisher":{"@id":"https:\/\/denhelder.online\/#organization"},"potentialAction":[{"@type":"SearchAction","target":{"@type":"EntryPoint","urlTemplate":"https:\/\/denhelder.online\/?s={search_term_string}"},"query-input":{"@type":"PropertyValueSpecification","valueRequired":true,"valueName":"search_term_string"}}],"inLanguage":"de"},{"@type":"Organization","@id":"https:\/\/denhelder.online\/#organization","name":"Den Helder Online","url":"https:\/\/denhelder.online\/","logo":{"@type":"ImageObject","inLanguage":"de","@id":"https:\/\/denhelder.online\/#\/schema\/logo\/image\/","url":"https:\/\/denhelder.online\/wp-content\/uploads\/2021\/12\/DitIsDH-Logo-26-tagline.svg","contentUrl":"https:\/\/denhelder.online\/wp-content\/uploads\/2021\/12\/DitIsDH-Logo-26-tagline.svg","width":1717.0999999999999,"height":934.89999999999998,"caption":"Den Helder Online"},"image":{"@id":"https:\/\/denhelder.online\/#\/schema\/logo\/image\/"}}]}</script>
<!-- / Yoast SEO Premium plugin. -->

Der Deich auf der Stadtseite wurde leicht erhöht und verbreitert, um den Den Helder auch in den kommenden Jahrhunderten zu schützen. Dieser robuste Deich dient gleichzeitig als einzigartiges Fundament für ein Wohngebiet mit Miet- und Eigentumswohnungen.
